{"id":58546,"date":"2022-07-04T11:14:08","date_gmt":"2022-07-04T09:14:08","guid":{"rendered":"https:\/\/olimpijski.pl\/?post_type=olympics_eyof&#038;p=58546"},"modified":"2024-10-31T14:08:01","modified_gmt":"2024-10-31T13:08:01","slug":"xv-zimowy-eyof-vuokatti-2022","status":"publish","type":"olympics_eyof","link":"https:\/\/olimpijski.pl\/en\/olympics_eyof\/xv-zimowy-eyof-vuokatti-2022\/","title":{"rendered":"XV Zimowy EYOF &#8211; Vuokatti 2022"},"content":{"rendered":"\n<h1 class=\"wp-block-heading main-title\"><strong>XV Zimowy EYOF<\/strong><br>Vuokatti 2022<\/h1>\n\n\n\n<p><br><\/p>\n\n\n\n<figure class=\"wp-block-image size-full is-resized\"><img loading=\"lazy\" decoding=\"async\" width=\"410\" height=\"410\" src=\"https:\/\/olimpijski.pl\/wp-content\/uploads\/2022\/07\/176896572_490230922410546_6178867858123415751_n.jpg\" alt=\"\" class=\"wp-image-58547\" style=\"width:145px;height:145px\" srcset=\"https:\/\/olimpijski.pl\/wp-content\/uploads\/2022\/07\/176896572_490230922410546_6178867858123415751_n.jpg 410w, https:\/\/olimpijski.pl\/wp-content\/uploads\/2022\/07\/176896572_490230922410546_6178867858123415751_n-300x300.jpg 300w, https:\/\/olimpijski.pl\/wp-content\/uploads\/2022\/07\/176896572_490230922410546_6178867858123415751_n-150x150.jpg 150w\" sizes=\"(max-width: 410px) 100vw, 410px\" \/><\/figure>\n\n\n\n<p><strong>VUOKATTI (Finlandia), 20-25 marca 2022<\/strong><\/p>\n\n\n\n<p>XV Zimowy Olimpijski Festiwal M\u0142odzie\u017cy Europy Vuokatti 2022 przeszed\u0142 do historii. Rozgrywana w dw\u00f3ch fi\u0144skich miastach (Vuokatti i Lahti) impreza dla junior\u00f3w zako\u0144czy\u0142a si\u0119 w pi\u0105tek uroczyst\u0105 ceremoni\u0105 zamkni\u0119cia. Polska M\u0142odzie\u017cowa Reprezentacja wywalczy\u0142a tam 5 medali!<\/p>\n\n\n\n<p>W imprezie udzia\u0142 wzi\u0119\u0142o prawie 1600 m\u0142odych sportowc\u00f3w z 44 kraj\u00f3w Starego Kontynentu. To by\u0142 tydzie\u0144 prawdziwej jedno\u015bci, pokoju i sportowej walki. Da\u0142 on \u015bwiatu jasny przekaz, \u017ce Europa mimo swoich wielu r\u00f3\u017cni\u0107 i w ca\u0142ej swojej r\u00f3\u017cnorodno\u015bci jest jedno\u015bci\u0105. Udowodnili to swoimi postawami m\u0142odzi zawodnicy, dla kt\u00f3rych przygoda ze sportem dopiero si\u0119 zaczyna.<\/p>\n\n\n\n<p>EYOF Vuokatti 2022 okaza\u0142 si\u0119 sukcesem nie tylko dla organizator\u00f3w, ale tak\u017ce dla Polskiej M\u0142odzie\u017cowej Reprezentacji, kt\u00f3ra z Finlandii wraca z pi\u0119cioma medalami. To drugi najlepszy Zimowy EYOF dla Polak\u00f3w w historii jego rozgrywania. I cho\u0107 pod wzgl\u0119dem liczby medali Vuokatii 2022 znajduje si\u0119 na prowadzeniu ex aequo z poprzedni\u0105 edycj\u0105 Sarajewo 2019, to impreza rozgrywana w Bo\u015bni i Hercegowinie da\u0142a Polsce kr\u0105\u017cki z cenniejszego kruszcu (2 z\u0142ote, 1 srebrny, 2 br\u0105zowe).<\/p>\n\n\n\n<h2 class=\"wp-block-heading\"><strong>Polska M\u0142odzie\u017cowa Reprezentacja<\/strong><\/h2>\n\n\n<div class=\"wp-block-ub-content-toggle wp-block-ub-content-toggle-block\" id=\"ub-content-toggle-block-7f85d415-6fe6-4050-833b-5df56943646f\" data-mobilecollapse=\"false\" data-desktopcollapse=\"true\" data-preventcollapse=\"false\" data-showonlyone=\"false\">\n<div class=\"wp-block-ub-content-toggle-accordion\" style=\"border-color: #f1f1f1;\" id=\"ub-content-toggle-panel-block-d406f63c-d59c-4ac6-a295-03ff50477270\">\n\t\t\t<div class=\"wp-block-ub-content-toggle-accordion-title-wrap\" style=\"background-color: #f1f1f1;\" aria-controls=\"ub-content-toggle-panel-0-7f85d415-6fe6-4050-833b-5df56943646f\" tabindex=\"0\">\n\t\t\t<p class=\"wp-block-ub-content-toggle-accordion-title ub-content-toggle-title-7f85d415-6fe6-4050-833b-5df56943646f\" style=\"color: #000000; \">Sk\u0142ad<\/p>\n\t\t\t<div class=\"wp-block-ub-content-toggle-accordion-toggle-wrap right\" style=\"color: #000000;\"><span class=\"wp-block-ub-content-toggle-accordion-state-indicator wp-block-ub-chevron-down\"><\/span><\/div>\n\t\t<\/div>\n\t\t\t<div role=\"region\" aria-expanded=\"false\" class=\"wp-block-ub-content-toggle-accordion-content-wrap ub-hide\" id=\"ub-content-toggle-panel-0-7f85d415-6fe6-4050-833b-5df56943646f\">\n\n<p><\/p>\n\n\n\n<h2 class=\"wp-block-heading\"><strong>Biathlon<\/strong><\/h2>\n\n\n\n<p>Konrad BADACZ<br>Hubert MATUSIK<br>Fabian SUCHODOLSKI<br>Kacper BRZ\u00d3SKA<br>Anna N\u0118DZA-KUBINIEC<br>Barbara SKROBISZEWSKA<br>Emilia ZASADNA<br>Dominika LE\u015aNIARA<\/p>\n\n\n\n<p>\u0141ukasz S\u0141ONINA \u2013 Trener<br>Rafa\u0142 LEPEL \u2013 Trener<br>Mariusz WTOREK \u2013 Serwis<br>Przemys\u0142aw BADACZ \u2013 Serwis<\/p>\n\n\n\n<h2 class=\"wp-block-heading\"><strong>Biegi narciarskie<\/strong><\/h2>\n\n\n\n<p>Oliwia BU\u015aKO<br>Zuzanna FUJAK<br>\u0141ukasz GAZUREK<br>Piotr JARECKI<br>Adrian KIE\u0141BASA<br>Emil KOPER<br>Kinga MARECZEK<br>Daria SZKURAT<\/p>\n\n\n\n<p>Jan ANTOLEC \u2013 Trener<br>Dawid BRIL \u2013 Trener<br>Miko\u0142aj MICHA\u0141EK \u2013 Serwis<br>Grzegorz ZAWADA \u2013 Serwis<br>Bart\u0142omiej BIEDRO\u0143 \u2013 Fizjoterapeuta<\/p>\n\n\n\n<h2 class=\"wp-block-heading\"><strong>Kombinacja norweska<\/strong><\/h2>\n\n\n\n<p>Mi\u0142osz KRZEMPEK<br>Bart\u0142omiej KUCHTA<br>Grzegorz MITR\u0118GA<br>Andrzej WALICZEK<br>Natalia S\u0141OWIK \u2013 kombinacja norweska i skoki narciarskie<\/p>\n\n\n\n<p>Wiktor KUBI\u0143SKI \u2013 Serwis<br>Wojciech MARUSARZ \u2013 Trener<br>Piotr \u015aLIWKA \u2013 Serwis<\/p>\n\n\n\n<h2 class=\"wp-block-heading\"><strong>\u0141y\u017cwiarstwo figurowe<\/strong><\/h2>\n\n\n\n<p>Karolina BIA\u0141AS<br>Jakub LOFEK<\/p>\n\n\n\n<p>Ewa LOFEK \u2013 Trener<br>Magdalena DOMAGA\u0141A \u2013 Trener<br>Magdalena RUSIECKA \u2013 S\u0119dzia<\/p>\n\n\n\n<h2 class=\"wp-block-heading\"><strong>Narciarstwo alpejskie<\/strong><\/h2>\n\n\n\n<p>B\u0142a\u017cej BUDZ<br>Patrycja FLOREK<br>Piotr SZEL\u0104G<br>Igor SZYMA\u0143SKI<br>Szymon ZARZYCKI<br>Emilia \u017b\u00d3\u0141TEK<\/p>\n\n\n\n<p>Wojciech MITAN \u2013 Trener<br>Filip SZADKOWSKI \u2013 Trener<br>Wojciech WYSOWSKI \u2013 Trener<\/p>\n\n\n\n<h2 class=\"wp-block-heading\"><strong>Short track<\/strong><\/h2>\n\n\n\n<p>Agnieszka BOGDANOWICZ<br>Oskar KUROWSKI<br>Adam MUCHLADO<br>Karolina PARCZEWSKA<\/p>\n\n\n\n<p>Rafa\u0142 GRYCNER \u2013 Trener<br>Bartosz KONOPKO \u2013 Trener<\/p>\n\n\n\n<h2 class=\"wp-block-heading\"><strong>Skoki narciarskie<\/strong><\/h2>\n\n\n\n<p>Tymoteusz AMILKIEWICZ<br>Jan HABDAS<br>Klemens JONIAK<br>Marcin WR\u00d3BEL<\/p>\n\n\n\n<p>Daniel KWIATKOWSKI \u2013 Trener<br>Grzegorz MI\u0118TUS \u2013 Trener<br>Wojciech TAJNER \u2013 Trener<\/p>\n\n\n\n<h2 class=\"wp-block-heading\"><strong>Snowboard<\/strong><\/h2>\n\n\n\n<p>Franciszek GO\u0141\u0118BIOWSKI<br>Franciszek LUBI\u0143SKI<br>Krzysztof OWCZAREK<\/p>\n\n\n\n<p>Tomasz TYLKA \u2013 Trener<\/p>\n\n\n\n<h2 class=\"wp-block-heading\"><strong>Misja<\/strong><\/h2>\n\n\n\n<p>Luiza Z\u0141OTKOWSKA \u2013 Szef Misji<br>Marcin NOWAK \u2013 Zast\u0119pca Szefa Misji<br>Marcin DORO\u015a \u2013 Zast\u0119pca Szefa Misji<br>Kamila OB\u0141\u0118KOWSKA \u2013 Cz\u0142onek Misji<br>Iwona MARCINKIEWICZ \u2013 Cz\u0142onek Misji<br>Ewa BURAK \u2013 Cz\u0142onek Misji<br>Marcin KUBISA \u2013 Lekarz<br>Aleksandra PIECHUTA \u2013 Lekarz<br>Wiktor SOBOCI\u0143SKI \u2013 Fizjoterapeuta<br>Bart\u0142omiej BIEDRO\u0143 \u2013 Fizjoterapeuta<br>Aleksandra RAKOWSKA \u2013 Fizjoterapeuta<\/p>\n\n<\/div>\n\t\t<\/div>\n<\/div>\n\n\n<h2 class=\"wp-block-heading\"><strong>MEDALE REPREZENTACJI POLSKI<\/strong><\/h2>\n\n\n\n<p><strong>Srebrne medale (3)<\/strong><br>Jan HABDAS \u2013 skoki narciarskie, skocznia normalna<br>Konrad BADACZ \u2013 biathlon, bieg indywidualny<br>Jan HABDAS, Marcin WR\u00d3BEL, Klemens JONIAK, Tymoteusz AMILKIEWICZ \u2013 skoki narciarskie, skocznia normalna, dru\u017cynowo<\/p>\n\n\n\n<p><strong>Br\u0105zowe medale (2)<\/strong><br>Anna N\u0118DZA-KUBINIEC, Barbara SKROBISZEWSKA, Fabian SUCHODOLSKI, Konrad BADACZ  \u2013 biathlon, sztafeta mieszana<br>Agnieszka BOGDANOWICZ, Karolina PARCZEWSKA, Oskar KUROWSKI, Adam MUCHLADO \u2013 short track, sztafeta mieszana 3000 m<\/p>\n\n\n\n<hr class=\"wp-block-separator has-alpha-channel-opacity\"\/>\n\n\n\n<p class=\"has-text-align-center\"><em>Wyjazd M\u0142odzie\u017cowej Reprezentacji Polski na XV Zimowy Olimpijski Festiwal M\u0142odzie\u017cy Europy Vuokatti 2022<\/em><em> dofinansowano ze \u015brodk\u00f3w Ministerstwa Sportu i Turystyki.<\/em><\/p>\n\n\n<div class=\"wp-block-image\">\n<figure class=\"aligncenter size-large is-resized\"><img loading=\"lazy\" decoding=\"async\" width=\"1024\" height=\"299\" src=\"https:\/\/olimpijski.pl\/wp-content\/uploads\/2022\/07\/Logo_MSiT_2001-2022-1024x299.jpg\" alt=\"\" class=\"wp-image-91016\" style=\"width:395px;height:auto\" srcset=\"https:\/\/olimpijski.pl\/wp-content\/uploads\/2022\/07\/Logo_MSiT_2001-2022-1024x299.jpg 1024w, https:\/\/olimpijski.pl\/wp-content\/uploads\/2022\/07\/Logo_MSiT_2001-2022-300x88.jpg 300w, https:\/\/olimpijski.pl\/wp-content\/uploads\/2022\/07\/Logo_MSiT_2001-2022-768x224.jpg 768w, https:\/\/olimpijski.pl\/wp-content\/uploads\/2022\/07\/Logo_MSiT_2001-2022.jpg 1215w\" sizes=\"(max-width: 1024px) 100vw, 1024px\" \/><\/figure><\/div>\n\n\n<hr class=\"wp-block-separator has-alpha-channel-opacity\"\/>\n","protected":false},"excerpt":{"rendered":"<p>XV Zimowy EYOFVuokatti 2022 VUOKATTI (Finlandia), 20-25 marca 2022 XV Zimowy Olimpijski Festiwal M\u0142odzie\u017cy Europy Vuokatti 2022 przeszed\u0142 do historii. Rozgrywana w<\/p>\n","protected":false},"featured_media":0,"parent":0,"menu_order":0,"template":"templates\/olympic_main_subpage.php","meta":{"_acf_changed":false,"ub_ctt_via":"","footnotes":""},"class_list":["post-58546","olympics_eyof","type-olympics_eyof","status-publish","hentry","infinite-scroll-item","no-featured-image-padding"],"acf":{"special_bg_img":false,"hide_breadcrumbs":[],"competitions_olympic":false,"pokaz_ustawienia_ze_starego_systemu":false,"startdate":"20.03.2022 12:00 am","enddate":"25.03.2022 8:00 pm","place":"Vuokatti","year":"2022","logo":"https:\/\/olimpijski.pl\/wp-content\/uploads\/2022\/07\/176896572_490230922410546_6178867858123415751_n.jpg","histroy_tabs":false,"hide_representative_checkbox":false,"no_medals_info":"<p>&#8211;<\/p>\n"},"_links":{"self":[{"href":"https:\/\/olimpijski.pl\/en\/wp-json\/wp\/v2\/olympics_eyof\/58546"}],"collection":[{"href":"https:\/\/olimpijski.pl\/en\/wp-json\/wp\/v2\/olympics_eyof"}],"about":[{"href":"https:\/\/olimpijski.pl\/en\/wp-json\/wp\/v2\/types\/olympics_eyof"}],"version-history":[{"count":2,"href":"https:\/\/olimpijski.pl\/en\/wp-json\/wp\/v2\/olympics_eyof\/58546\/revisions"}],"predecessor-version":[{"id":91018,"href":"https:\/\/olimpijski.pl\/en\/wp-json\/wp\/v2\/olympics_eyof\/58546\/revisions\/91018"}],"wp:attachment":[{"href":"https:\/\/olimpijski.pl\/en\/wp-json\/wp\/v2\/media?parent=58546"}],"curies":[{"name":"wp","href":"https:\/\/api.w.org\/{rel}","templated":true}]}}

<h1 class="wp-block-heading main-title"><strong>XV Zimowy EYOF</strong><br>Vuokatti 2022</h1>



<p><br></p>



<figure class="wp-block-image size-full is-resized"><img loading="lazy" decoding="async" width="410" height="410" src="https://olimpijski.pl/wp-content/uploads/2022/07/176896572_490230922410546_6178867858123415751_n.jpg" alt="" class="wp-image-58547" style="width:145px;height:145px" srcset="https://olimpijski.pl/wp-content/uploads/2022/07/176896572_490230922410546_6178867858123415751_n.jpg 410w, https://olimpijski.pl/wp-content/uploads/2022/07/176896572_490230922410546_6178867858123415751_n-300x300.jpg 300w, https://olimpijski.pl/wp-content/uploads/2022/07/176896572_490230922410546_6178867858123415751_n-150x150.jpg 150w" sizes="(max-width: 410px) 100vw, 410px" /></figure>



<p><strong>VUOKATTI (Finlandia), 20-25 marca 2022</strong></p>



<p>XV Zimowy Olimpijski Festiwal Młodzieży Europy Vuokatti 2022 przeszedł do historii. Rozgrywana w dwóch fińskich miastach (Vuokatti i Lahti) impreza dla juniorów zakończyła się w piątek uroczystą ceremonią zamknięcia. Polska Młodzieżowa Reprezentacja wywalczyła tam 5 medali!</p>



<p>W imprezie udział wzięło prawie 1600 młodych sportowców z 44 krajów Starego Kontynentu. To był tydzień prawdziwej jedności, pokoju i sportowej walki. Dał on światu jasny przekaz, że Europa mimo swoich wielu różnić i w całej swojej różnorodności jest jednością. Udowodnili to swoimi postawami młodzi zawodnicy, dla których przygoda ze sportem dopiero się zaczyna.</p>



<p>EYOF Vuokatti 2022 okazał się sukcesem nie tylko dla organizatorów, ale także dla Polskiej Młodzieżowej Reprezentacji, która z Finlandii wraca z pięcioma medalami. To drugi najlepszy Zimowy EYOF dla Polaków w historii jego rozgrywania. I choć pod względem liczby medali Vuokatii 2022 znajduje się na prowadzeniu ex aequo z poprzednią edycją Sarajewo 2019, to impreza rozgrywana w Bośni i Hercegowinie dała Polsce krążki z cenniejszego kruszcu (2 złote, 1 srebrny, 2 brązowe).</p>



<h2 class="wp-block-heading"><strong>Polska Młodzieżowa Reprezentacja</strong></h2>


<div class="wp-block-ub-content-toggle wp-block-ub-content-toggle-block" id="ub-content-toggle-block-7f85d415-6fe6-4050-833b-5df56943646f" data-mobilecollapse="false" data-desktopcollapse="true" data-preventcollapse="false" data-showonlyone="false">
<div class="wp-block-ub-content-toggle-accordion" style="border-color: #f1f1f1;" id="ub-content-toggle-panel-block-d406f63c-d59c-4ac6-a295-03ff50477270">
			<div class="wp-block-ub-content-toggle-accordion-title-wrap" style="background-color: #f1f1f1;" aria-controls="ub-content-toggle-panel-0-7f85d415-6fe6-4050-833b-5df56943646f" tabindex="0">
			<p class="wp-block-ub-content-toggle-accordion-title ub-content-toggle-title-7f85d415-6fe6-4050-833b-5df56943646f" style="color: #000000; ">Skład</p>
			<div class="wp-block-ub-content-toggle-accordion-toggle-wrap right" style="color: #000000;"><span class="wp-block-ub-content-toggle-accordion-state-indicator wp-block-ub-chevron-down"></span></div>
		</div>
			<div role="region" aria-expanded="false" class="wp-block-ub-content-toggle-accordion-content-wrap ub-hide" id="ub-content-toggle-panel-0-7f85d415-6fe6-4050-833b-5df56943646f">

<p></p>



<h2 class="wp-block-heading"><strong>Biathlon</strong></h2>



<p>Konrad BADACZ<br>Hubert MATUSIK<br>Fabian SUCHODOLSKI<br>Kacper BRZÓSKA<br>Anna NĘDZA-KUBINIEC<br>Barbara SKROBISZEWSKA<br>Emilia ZASADNA<br>Dominika LEŚNIARA</p>



<p>Łukasz SŁONINA – Trener<br>Rafał LEPEL – Trener<br>Mariusz WTOREK – Serwis<br>Przemysław BADACZ – Serwis</p>



<h2 class="wp-block-heading"><strong>Biegi narciarskie</strong></h2>



<p>Oliwia BUŚKO<br>Zuzanna FUJAK<br>Łukasz GAZUREK<br>Piotr JARECKI<br>Adrian KIEŁBASA<br>Emil KOPER<br>Kinga MARECZEK<br>Daria SZKURAT</p>



<p>Jan ANTOLEC – Trener<br>Dawid BRIL – Trener<br>Mikołaj MICHAŁEK – Serwis<br>Grzegorz ZAWADA – Serwis<br>Bartłomiej BIEDROŃ – Fizjoterapeuta</p>



<h2 class="wp-block-heading"><strong>Kombinacja norweska</strong></h2>



<p>Miłosz KRZEMPEK<br>Bartłomiej KUCHTA<br>Grzegorz MITRĘGA<br>Andrzej WALICZEK<br>Natalia SŁOWIK – kombinacja norweska i skoki narciarskie</p>



<p>Wiktor KUBIŃSKI – Serwis<br>Wojciech MARUSARZ – Trener<br>Piotr ŚLIWKA – Serwis</p>



<h2 class="wp-block-heading"><strong>Łyżwiarstwo figurowe</strong></h2>



<p>Karolina BIAŁAS<br>Jakub LOFEK</p>



<p>Ewa LOFEK – Trener<br>Magdalena DOMAGAŁA – Trener<br>Magdalena RUSIECKA – Sędzia</p>



<h2 class="wp-block-heading"><strong>Narciarstwo alpejskie</strong></h2>



<p>Błażej BUDZ<br>Patrycja FLOREK<br>Piotr SZELĄG<br>Igor SZYMAŃSKI<br>Szymon ZARZYCKI<br>Emilia ŻÓŁTEK</p>



<p>Wojciech MITAN – Trener<br>Filip SZADKOWSKI – Trener<br>Wojciech WYSOWSKI – Trener</p>



<h2 class="wp-block-heading"><strong>Short track</strong></h2>



<p>Agnieszka BOGDANOWICZ<br>Oskar KUROWSKI<br>Adam MUCHLADO<br>Karolina PARCZEWSKA</p>



<p>Rafał GRYCNER – Trener<br>Bartosz KONOPKO – Trener</p>



<h2 class="wp-block-heading"><strong>Skoki narciarskie</strong></h2>



<p>Tymoteusz AMILKIEWICZ<br>Jan HABDAS<br>Klemens JONIAK<br>Marcin WRÓBEL</p>



<p>Daniel KWIATKOWSKI – Trener<br>Grzegorz MIĘTUS – Trener<br>Wojciech TAJNER – Trener</p>



<h2 class="wp-block-heading"><strong>Snowboard</strong></h2>



<p>Franciszek GOŁĘBIOWSKI<br>Franciszek LUBIŃSKI<br>Krzysztof OWCZAREK</p>



<p>Tomasz TYLKA – Trener</p>



<h2 class="wp-block-heading"><strong>Misja</strong></h2>



<p>Luiza ZŁOTKOWSKA – Szef Misji<br>Marcin NOWAK – Zastępca Szefa Misji<br>Marcin DOROŚ – Zastępca Szefa Misji<br>Kamila OBŁĘKOWSKA – Członek Misji<br>Iwona MARCINKIEWICZ – Członek Misji<br>Ewa BURAK – Członek Misji<br>Marcin KUBISA – Lekarz<br>Aleksandra PIECHUTA – Lekarz<br>Wiktor SOBOCIŃSKI – Fizjoterapeuta<br>Bartłomiej BIEDROŃ – Fizjoterapeuta<br>Aleksandra RAKOWSKA – Fizjoterapeuta</p>

</div>
		</div>
</div>


<h2 class="wp-block-heading"><strong>MEDALE REPREZENTACJI POLSKI</strong></h2>



<p><strong>Srebrne medale (3)</strong><br>Jan HABDAS – skoki narciarskie, skocznia normalna<br>Konrad BADACZ – biathlon, bieg indywidualny<br>Jan HABDAS, Marcin WRÓBEL, Klemens JONIAK, Tymoteusz AMILKIEWICZ – skoki narciarskie, skocznia normalna, drużynowo</p>



<p><strong>Brązowe medale (2)</strong><br>Anna NĘDZA-KUBINIEC, Barbara SKROBISZEWSKA, Fabian SUCHODOLSKI, Konrad BADACZ  – biathlon, sztafeta mieszana<br>Agnieszka BOGDANOWICZ, Karolina PARCZEWSKA, Oskar KUROWSKI, Adam MUCHLADO – short track, sztafeta mieszana 3000 m</p>



<hr class="wp-block-separator has-alpha-channel-opacity"/>



<p class="has-text-align-center"><em>Wyjazd Młodzieżowej Reprezentacji Polski na XV Zimowy Olimpijski Festiwal Młodzieży Europy Vuokatti 2022</em><em> dofinansowano ze środków Ministerstwa Sportu i Turystyki.</em></p>


<div class="wp-block-image">
<figure class="aligncenter size-large is-resized"><img loading="lazy" decoding="async" width="1024" height="299" src="https://olimpijski.pl/wp-content/uploads/2022/07/Logo_MSiT_2001-2022-1024x299.jpg" alt="" class="wp-image-91016" style="width:395px;height:auto" srcset="https://olimpijski.pl/wp-content/uploads/2022/07/Logo_MSiT_2001-2022-1024x299.jpg 1024w, https://olimpijski.pl/wp-content/uploads/2022/07/Logo_MSiT_2001-2022-300x88.jpg 300w, https://olimpijski.pl/wp-content/uploads/2022/07/Logo_MSiT_2001-2022-768x224.jpg 768w, https://olimpijski.pl/wp-content/uploads/2022/07/Logo_MSiT_2001-2022.jpg 1215w" sizes="(max-width: 1024px) 100vw, 1024px" /></figure></div>


<hr class="wp-block-separator has-alpha-channel-opacity"/>

<p>XV Zimowy EYOFVuokatti 2022 VUOKATTI (Finlandia), 20-25 marca 2022 XV Zimowy Olimpijski Festiwal Młodzieży Europy Vuokatti 2022 przeszedł do historii. Rozgrywana w</p>
