{"id":5913,"date":"1991-06-17T14:00:28","date_gmt":"1991-06-17T12:00:28","guid":{"rendered":"https:\/\/wai-q98d7hpf9hy9k.wpallimport-demo.qsandbox.me\/olympics_eyof\/bruksela-1991\/"},"modified":"2020-10-08T09:22:40","modified_gmt":"2020-10-08T07:22:40","slug":"i-letni-eyod-bruksela-1991","status":"publish","type":"olympics_eyof","link":"https:\/\/olimpijski.pl\/en\/olympics_eyof\/i-letni-eyod-bruksela-1991\/","title":{"rendered":"I Letni EYOD &#8211; Bruksela 1991"},"content":{"rendered":"\n<h1 class=\"main-title wp-block-heading\"><strong>I Letni EYOD<\/strong><br>Bruksela 1991<\/h1>\n\n\n\n<p><br><\/p>\n\n\n\n<figure class=\"wp-block-image size-large\"><img loading=\"lazy\" decoding=\"async\" width=\"85\" height=\"118\" src=\"https:\/\/olimpijski.pl\/wp-content\/uploads\/2020\/06\/bruksela1991.png\" alt=\"\" class=\"wp-image-19440\"\/><\/figure>\n\n\n\n<p><strong>BRUKSELA (Belgia), 17-21 lipca 1991<\/strong><\/p>\n\n\n\n<p>W imprezie wzi\u0119\u0142o udzia\u0142 2084 uczestnik\u00f3w (zawodniczek, zawodnik\u00f3w i&nbsp;oficjeli) z&nbsp;31 pa\u0144stw. Zawody zorganizowano w&nbsp;gimnastyce, judo, lekkiej atletyce, p\u0142ywaniu, tenisie i&nbsp;tenisie sto\u0142owym oraz&nbsp;hokeju na&nbsp;trawie, koszyk\u00f3wce, pi\u0142ce no\u017cnej, pi\u0142ce siatkowej. Podczas ceremonii otwarcia na&nbsp;s\u0142ynnym brukselskim Grande Place obecny by\u0142 Juan Antonio Samaranch oraz&nbsp;Przewodnicz\u0105cy EOC Jacques Rogge. Ten ostatni &#8211; jako pomys\u0142odawca tej imprezy w&nbsp;swym przem\u00f3wieniu bardzo mocno akcentowa\u0142 ide\u0119 imprezy. Ma ona s\u0142u\u017cy\u0107 m\u0142odym europejskim sportowcom jako p\u0142aszczyzna szlachetnej rywalizacji i&nbsp;winna by\u0107 przedsmakiem prawdziwych Igrzysk Olimpijskich. Gospodarze starali si\u0119 uczyni\u0107 wszystko co mo\u017cliwe, by zakwaterowanie i&nbsp;transport by\u0142y na&nbsp;najwy\u017cszym poziomie. Polska ekipa dysponowa\u0142a w\u0142asnym autokarem co jeszcze bardziej u\u0142atwia\u0142o poruszanie si\u0119 po obiektach sportowych.<\/p>\n\n\n\n<p class=\"has-text-align-center\"><img loading=\"lazy\" decoding=\"async\" src=\"https:\/\/www.olimpijski.pl\/files\/images\/bruksela1991.jpg\" alt=\"\" width=\"550\" height=\"337\"><\/p>\n\n\n\n<p class=\"has-text-align-left\">Polacy wyst\u0105pili w&nbsp;pi\u0119ciu dyscyplinach sportowych: lekkiej atletyce, judo, p\u0142ywaniu, gimnastyce artystycznej i&nbsp;tenisie sto\u0142owym. Nie wzi\u0119li udzia\u0142u w&nbsp;grach zespo\u0142owych, co sprawi\u0142o, \u017ce&nbsp;ekipa nie by\u0142a bardzo liczna.<\/p>\n\n\n\n<p>Polska ekipa zdoby\u0142a dziesi\u0119\u0107 medali zajmuj\u0105c wysokie si\u00f3dme miejsce w&nbsp;og\u00f3lnej klasyfikacji medalowej. Zwyci\u0119\u017cyli zawodniczki i&nbsp;zawodnicy z&nbsp;Francji &#8211; 31 medali (13, 8, 10), na&nbsp;drugim miejscu uplasowa\u0142a si\u0119 Rosja &#8211; 24 medale (12, 5, 7), na&nbsp;trzecim Wielka Brytania &#8211; 29 medali (10, 9, 10). Medale zdobywali zawodnicy z&nbsp;23 kraj\u00f3w. Wyj\u0105tkowo siln\u0105 ekip\u0119 wys\u0142a\u0142 do&nbsp;Brukseli Polski Zwi\u0105zek Lekkiej Atletyki. Trzy z\u0142ote medale: Anety Bednarczyk &#8211; 100 m przez&nbsp;p\u0142otki, Anety Sadach &#8211; skok w&nbsp;dal i&nbsp;Piotra Tymko bieg na&nbsp;200 m zrobi\u0142y wra\u017cenie na&nbsp;kierownictwie PKOl. Walecznie o&nbsp;z\u0142oty medal bi\u0142a si\u0119 te\u017c judoczka Ewa Krauze w&nbsp;kategorii 52 kg. Srebrne medale zdoby\u0142y judoczki Beata Kucharzewska w&nbsp;kategorii 48 kg i&nbsp;Irena Tokarz w&nbsp;kategorii 61 kg. Druga w&nbsp;swej konkurencji &#8211; w&nbsp;biegu na&nbsp;200 m by\u0142a Ewa Charska.<br>Dobrze te\u017c zaprezentowali si\u0119 &#8220;srebrni&#8221; p\u0142ywacy Tomasz Mazurek na&nbsp;100 m stylem dowolnym i&nbsp;Tomasz Piotrowski na&nbsp;dystansie 200 m stylem grzbietowym. Br\u0105zowy medal zdoby\u0142a lekkoatletyczna sztafeta 4&#215;100 m dziewcz\u0105t.<br><br>Wyst\u0119p Polak\u00f3w w&nbsp;Brukseli oceniony zosta\u0142 bardzo wysoko. Na trybunach stadionu Heysel byli polscy urz\u0119dnicy pracuj\u0105cy w&nbsp;strukturach urz\u0119d\u00f3w Unii Europejskiej.<br><br>Szefem Misji by\u0142 Grzegorz Perski.<\/p>\n\n\n\n<h2 class=\"wp-block-heading\"><strong><strong>MEDALE REPREZENTACJI<\/strong> <strong>POLSKI<\/strong><\/strong><\/h2>\n\n\n\n<p><strong>Z\u0142ote medale (4)<\/strong><br>Aneta BE DNARCZYK &#8211; lekka atletyka, 100 przez&nbsp;p\u0142otki<br>Aneta SADACH &#8211; lekka atletyka, skok w&nbsp;dal<br>Piotr TYMKO &#8211; lekka atletyka, 200 m<br>Ewa KRAUZE &#8211; judo, 52 kg<br><br><strong>Srebrne medale (5)<\/strong><br>Ewa CH ARSKA &#8211; lekka atletyka, 200 m<br>Beata KUCHARZEWSKA &#8211; judo, 48 kg<br>Irena TOKARZ &#8211; judo, 61 kg<br>Tomasz MAZUREK &#8211; p\u0142ywanie, 100 m stylem dowolnym<br>Tomasz PIOTROWSKI &#8211; p\u0142ywanie, 200 m stylem grzbietowym<br><br><strong>Br\u0105zowy medal (1)<\/strong><br>Sztafeta 4&#215;100 m dziewcz\u0105t, lekka atletyka<\/p>\n","protected":false},"excerpt":{"rendered":"<p>I Letni EYODBruksela 1991 BRUKSELA (Belgia), 17-21 lipca 1991 W imprezie wzi\u0119\u0142o udzia\u0142 2084 uczestnik\u00f3w (zawodniczek, zawodnik\u00f3w i&nbsp;oficjeli) z&nbsp;31 pa\u0144stw. Zawody zorganizowano<\/p>\n","protected":false},"featured_media":0,"parent":0,"menu_order":0,"template":"","meta":{"_acf_changed":false,"ub_ctt_via":"","footnotes":""},"class_list":["post-5913","olympics_eyof","type-olympics_eyof","status-publish","hentry","infinite-scroll-item","no-featured-image-padding"],"acf":{"game_id":"53","game_type":"25315","game_link":"bruksela1991","game_news":"0","startdate":"17.07.1991 12:00 am","enddate":"21.07.1991 12:00 am","place":"Bruksela","year":"1991","logo":"https:\/\/olimpijski.pl\/wp-content\/uploads\/2020\/06\/bruksela1991.png","special_bg_img":false,"hide_breadcrumbs":[]},"_links":{"self":[{"href":"https:\/\/olimpijski.pl\/en\/wp-json\/wp\/v2\/olympics_eyof\/5913"}],"collection":[{"href":"https:\/\/olimpijski.pl\/en\/wp-json\/wp\/v2\/olympics_eyof"}],"about":[{"href":"https:\/\/olimpijski.pl\/en\/wp-json\/wp\/v2\/types\/olympics_eyof"}],"version-history":[{"count":3,"href":"https:\/\/olimpijski.pl\/en\/wp-json\/wp\/v2\/olympics_eyof\/5913\/revisions"}],"predecessor-version":[{"id":31373,"href":"https:\/\/olimpijski.pl\/en\/wp-json\/wp\/v2\/olympics_eyof\/5913\/revisions\/31373"}],"wp:attachment":[{"href":"https:\/\/olimpijski.pl\/en\/wp-json\/wp\/v2\/media?parent=5913"}],"curies":[{"name":"wp","href":"https:\/\/api.w.org\/{rel}","templated":true}]}}

<h1 class="main-title wp-block-heading"><strong>I Letni EYOD</strong><br>Bruksela 1991</h1>



<p><br></p>



<figure class="wp-block-image size-large"><img loading="lazy" decoding="async" width="85" height="118" src="https://olimpijski.pl/wp-content/uploads/2020/06/bruksela1991.png" alt="" class="wp-image-19440"/></figure>



<p><strong>BRUKSELA (Belgia), 17-21 lipca 1991</strong></p>



<p>W imprezie wzięło udział 2084 uczestników (zawodniczek, zawodników i&nbsp;oficjeli) z&nbsp;31 państw. Zawody zorganizowano w&nbsp;gimnastyce, judo, lekkiej atletyce, pływaniu, tenisie i&nbsp;tenisie stołowym oraz&nbsp;hokeju na&nbsp;trawie, koszykówce, piłce nożnej, piłce siatkowej. Podczas ceremonii otwarcia na&nbsp;słynnym brukselskim Grande Place obecny był Juan Antonio Samaranch oraz&nbsp;Przewodniczący EOC Jacques Rogge. Ten ostatni &#8211; jako pomysłodawca tej imprezy w&nbsp;swym przemówieniu bardzo mocno akcentował ideę imprezy. Ma ona służyć młodym europejskim sportowcom jako płaszczyzna szlachetnej rywalizacji i&nbsp;winna być przedsmakiem prawdziwych Igrzysk Olimpijskich. Gospodarze starali się uczynić wszystko co możliwe, by zakwaterowanie i&nbsp;transport były na&nbsp;najwyższym poziomie. Polska ekipa dysponowała własnym autokarem co jeszcze bardziej ułatwiało poruszanie się po obiektach sportowych.</p>



<p class="has-text-align-center"><img loading="lazy" decoding="async" src="https://www.olimpijski.pl/files/images/bruksela1991.jpg" alt="" width="550" height="337"></p>



<p class="has-text-align-left">Polacy wystąpili w&nbsp;pięciu dyscyplinach sportowych: lekkiej atletyce, judo, pływaniu, gimnastyce artystycznej i&nbsp;tenisie stołowym. Nie wzięli udziału w&nbsp;grach zespołowych, co sprawiło, że&nbsp;ekipa nie była bardzo liczna.</p>



<p>Polska ekipa zdobyła dziesięć medali zajmując wysokie siódme miejsce w&nbsp;ogólnej klasyfikacji medalowej. Zwyciężyli zawodniczki i&nbsp;zawodnicy z&nbsp;Francji &#8211; 31 medali (13, 8, 10), na&nbsp;drugim miejscu uplasowała się Rosja &#8211; 24 medale (12, 5, 7), na&nbsp;trzecim Wielka Brytania &#8211; 29 medali (10, 9, 10). Medale zdobywali zawodnicy z&nbsp;23 krajów. Wyjątkowo silną ekipę wysłał do&nbsp;Brukseli Polski Związek Lekkiej Atletyki. Trzy złote medale: Anety Bednarczyk &#8211; 100 m przez&nbsp;płotki, Anety Sadach &#8211; skok w&nbsp;dal i&nbsp;Piotra Tymko bieg na&nbsp;200 m zrobiły wrażenie na&nbsp;kierownictwie PKOl. Walecznie o&nbsp;złoty medal biła się też judoczka Ewa Krauze w&nbsp;kategorii 52 kg. Srebrne medale zdobyły judoczki Beata Kucharzewska w&nbsp;kategorii 48 kg i&nbsp;Irena Tokarz w&nbsp;kategorii 61 kg. Druga w&nbsp;swej konkurencji &#8211; w&nbsp;biegu na&nbsp;200 m była Ewa Charska.<br>Dobrze też zaprezentowali się &#8220;srebrni&#8221; pływacy Tomasz Mazurek na&nbsp;100 m stylem dowolnym i&nbsp;Tomasz Piotrowski na&nbsp;dystansie 200 m stylem grzbietowym. Brązowy medal zdobyła lekkoatletyczna sztafeta 4&#215;100 m dziewcząt.<br><br>Występ Polaków w&nbsp;Brukseli oceniony został bardzo wysoko. Na trybunach stadionu Heysel byli polscy urzędnicy pracujący w&nbsp;strukturach urzędów Unii Europejskiej.<br><br>Szefem Misji był Grzegorz Perski.</p>



<h2 class="wp-block-heading"><strong><strong>MEDALE REPREZENTACJI</strong> <strong>POLSKI</strong></strong></h2>



<p><strong>Złote medale (4)</strong><br>Aneta BE DNARCZYK &#8211; lekka atletyka, 100 przez&nbsp;płotki<br>Aneta SADACH &#8211; lekka atletyka, skok w&nbsp;dal<br>Piotr TYMKO &#8211; lekka atletyka, 200 m<br>Ewa KRAUZE &#8211; judo, 52 kg<br><br><strong>Srebrne medale (5)</strong><br>Ewa CH ARSKA &#8211; lekka atletyka, 200 m<br>Beata KUCHARZEWSKA &#8211; judo, 48 kg<br>Irena TOKARZ &#8211; judo, 61 kg<br>Tomasz MAZUREK &#8211; pływanie, 100 m stylem dowolnym<br>Tomasz PIOTROWSKI &#8211; pływanie, 200 m stylem grzbietowym<br><br><strong>Brązowy medal (1)</strong><br>Sztafeta 4&#215;100 m dziewcząt, lekka atletyka</p>

<p>I Letni EYODBruksela 1991 BRUKSELA (Belgia), 17-21 lipca 1991 W imprezie wzięło udział 2084 uczestników (zawodniczek, zawodników i&nbsp;oficjeli) z&nbsp;31 państw. Zawody zorganizowano</p>
