{"id":5914,"date":"1993-06-17T14:00:28","date_gmt":"1993-06-17T12:00:28","guid":{"rendered":"https:\/\/wai-q98d7hpf9hy9k.wpallimport-demo.qsandbox.me\/olympics_eyof\/valkenswaard-1993\/"},"modified":"2020-10-08T09:23:25","modified_gmt":"2020-10-08T07:23:25","slug":"ii-letni-eyod-valkenswaard-1993","status":"publish","type":"olympics_eyof","link":"https:\/\/olimpijski.pl\/en\/olympics_eyof\/ii-letni-eyod-valkenswaard-1993\/","title":{"rendered":"II Letni EYOD &#8211; Valkenswaard 1993"},"content":{"rendered":"\n<h1 class=\"main-title wp-block-heading\"><strong>II Letni EYOD<\/strong><br>Valkenswaard 1993<\/h1>\n\n\n\n<p><br><\/p>\n\n\n\n<p><img decoding=\"async\" src=\"https:\/\/www.olimpijski.pl\/files\/loga\/EYOF_L_VALKENSWAARD__93.jpg\" alt=\"\"> <\/p>\n\n\n\n<p><strong>VALKENSWAARD (Holandia), 3-8 lipca 1993<\/strong><\/p>\n\n\n\n<p>W&nbsp;imprezie wzi\u0119\u0142o udzia\u0142 2615 uczestnik\u00f3w (zawodniczek, zawodnik\u00f3w i&nbsp;oficjeli) z&nbsp;43 pa\u0144stw. Zawody zorganizowano w&nbsp;gimnastyce, judo, lekkiej atletyce, p\u0142ywaniu, tenisie oraz&nbsp;hokeju na&nbsp;trawie, koszyk\u00f3wce, pi\u0142ce no\u017cnej, pi\u0142ce siatkowej. Gospodarze imprezy &#8211; maj\u0105c belgijski wzorzec organizacyjny &#8211; dokonali pewnych modyfikacji logistycznych. Usytuowali wiosk\u0119 zawodnicz\u0105 w&nbsp;malowniczym le\u015bnym kompleksie wypoczynkowym. M\u0142odzie\u017c bardzo pozytywnie przyj\u0119\u0142a tak\u0105 lokalizacj\u0119.<\/p>\n\n\n\n<p>Uroczysto\u015b\u0107 otwarcia &#8211; zamiast miejskiej lokalizacji &#8211; mia\u0142a miejsce na&nbsp;kameralnym stadionie ma\u0142ego miasteczka Valkenswaard. Wzi\u0105\u0142 w&nbsp;niej udzia\u0142 zar\u00f3wno Prezydent MKOl Juan Antonio Samaranch jak i&nbsp;Jacques Rogge &#8211; przewodnicz\u0105cy stowarzyszenia Europejskich Komitet\u00f3w Olimpijskich EOC. Zar\u00f3wno Przewodnicz\u0105cy MKOl jak i&nbsp;prezes EOC w&nbsp;swych wyst\u0105pieniach akcentowali warto\u015bci i&nbsp;cele tej imprezy: szlachetn\u0105 m\u0142odzie\u017cow\u0105 rywalizacj\u0119, ducha fair play i&nbsp;poczucie ceremonia\u0142u jaki towarzyszy prawdziwym Igrzyskom Olimpijskim.<\/p>\n\n\n\n<p>Gospodarze starali si\u0119 uczyni\u0107 wszystko co mo\u017cliwe, by warunki zakwaterowania i&nbsp;dzia\u0142ania zwi\u0105zane z&nbsp;transportem by\u0142y na&nbsp;najwy\u017cszym poziomie. Polska ekipa dysponowa\u0142a w\u0142asnym autokarem co jeszcze bardziej u\u0142atwia\u0142o poruszanie si\u0119 po obiektach sportowych.<\/p>\n\n\n\n<div class=\"wp-block-image\"><figure class=\"aligncenter\"><img decoding=\"async\" src=\"https:\/\/www.olimpijski.pl\/files\/images\/Valkensuaart1993.jpg\" alt=\"\"\/><\/figure><\/div>\n\n\n\n<p>Polacy wyst\u0105pili w&nbsp;pi\u0119ciu dyscyplinach sportowych: lekkiej atletyce, judo, p\u0142ywaniu, gimnastyce artystycznej i&nbsp;tenisie. Zdobyli osiem medali zajmuj\u0105c dwunaste miejsce w&nbsp;og\u00f3lnej klasyfikacji. Zwyci\u0119\u017cyli zawodnicy z&nbsp;Rosji &#8211; 25 medali (9, 10, 6), na&nbsp;drugim miejscu uplasowa\u0142a si\u0119 Hiszpania &#8211; 20 medali (9, 6, 5), na&nbsp;trzecim W\u0142ochy &#8211; 22 medale (8, 6, 8). Medale zdobywali zawodnicy z&nbsp;30 kraj\u00f3w.<\/p>\n\n\n\n<p>Znakomicie spisali si\u0119 polscy lekkoatleci. Aurelia Trywia\u0144ska wygra\u0142a rywalizacj\u0119 w&nbsp;biegu na&nbsp;100 m przez&nbsp;p\u0142otki a&nbsp;Wojciech Ka\u0142dowski zdeklasowa\u0142 rywali w&nbsp;biegu na&nbsp;800 m. Z\u0142oty medal zdoby\u0142 te\u017c p\u0142ywak Piotr Florczyk na&nbsp;200 m stylem grzbietowym. Srebrne medale zdobyli lekkoatleci Edyta Blauciak w&nbsp;rzucie oszczepem i&nbsp;Jacek Bocian w&nbsp;biegu na&nbsp;400 m. Br\u0105zowe medale zdobyli Andrzej Krawczyk w&nbsp;pchni\u0119ciu kul\u0105, judoczka Marzena W\u0119grzyn w&nbsp;kategorii 48 kg i&nbsp;Piotr Florczyk na&nbsp;100 m stylem grzbietowym.<\/p>\n\n\n\n<p>Szefem Misji by\u0142 Zbigniew Kowalski.<\/p>\n\n\n\n<h2 class=\"wp-block-heading\"><strong><strong>MEDALE REPREZENTACJI<\/strong> <strong>POLSKI<\/strong><\/strong><\/h2>\n\n\n\n<p><strong>Z\u0142ote medale (3)<\/strong><br>Aurelia TRYWIA\u0143SKA &#8211; lekka atletyka, 100 m przez&nbsp;p\u0142otki<br>Wojciech KA\u0141DOWSKI &#8211; lekka atletyka, 800 m<br>Piotr FLORCZYK &#8211; p\u0142ywanie, 200 m stylem grzbietowym<br><br><strong>Srebrne medale (2)<\/strong><br>Edyta BLAUCIAK &#8211; lekka atletyka, oszczep<br>Jacek BOCIAN &#8211; lekka atletyka, 400 m<br><br><strong>Br\u0105zowe medale (3)<\/strong><br>Andrzej KRAWCZYK &#8211; lekka atletyka, pchni\u0119cie kul\u0105<br>Marzena W\u0118GRZYN &#8211; judo, 48 kg<br>Piotr FLORCZYK &#8211; p\u0142ywanie, 100 m stylem grzbietowym<\/p>\n","protected":false},"excerpt":{"rendered":"<p>II Letni EYODValkenswaard 1993 VALKENSWAARD (Holandia), 3-8 lipca 1993 W&nbsp;imprezie wzi\u0119\u0142o udzia\u0142 2615 uczestnik\u00f3w (zawodniczek, zawodnik\u00f3w i&nbsp;oficjeli) z&nbsp;43 pa\u0144stw. Zawody zorganizowano w&nbsp;gimnastyce,<\/p>\n","protected":false},"featured_media":0,"parent":0,"menu_order":0,"template":"","meta":{"_acf_changed":false,"ub_ctt_via":"","footnotes":""},"class_list":["post-5914","olympics_eyof","type-olympics_eyof","status-publish","hentry","infinite-scroll-item","no-featured-image-padding"],"acf":{"game_id":"54","game_type":"25315","game_link":"valkenswaard1993","game_news":"0","startdate":"03.07.1993 12:00 am","enddate":"08.07.1993 12:00 am","place":"Valkenswaard","year":"1993","logo":"https:\/\/olimpijski.pl\/wp-content\/uploads\/2020\/06\/valkenswaard1993.png","special_bg_img":false,"hide_breadcrumbs":[]},"_links":{"self":[{"href":"https:\/\/olimpijski.pl\/en\/wp-json\/wp\/v2\/olympics_eyof\/5914"}],"collection":[{"href":"https:\/\/olimpijski.pl\/en\/wp-json\/wp\/v2\/olympics_eyof"}],"about":[{"href":"https:\/\/olimpijski.pl\/en\/wp-json\/wp\/v2\/types\/olympics_eyof"}],"version-history":[{"count":2,"href":"https:\/\/olimpijski.pl\/en\/wp-json\/wp\/v2\/olympics_eyof\/5914\/revisions"}],"predecessor-version":[{"id":31375,"href":"https:\/\/olimpijski.pl\/en\/wp-json\/wp\/v2\/olympics_eyof\/5914\/revisions\/31375"}],"wp:attachment":[{"href":"https:\/\/olimpijski.pl\/en\/wp-json\/wp\/v2\/media?parent=5914"}],"curies":[{"name":"wp","href":"https:\/\/api.w.org\/{rel}","templated":true}]}}

<h1 class="main-title wp-block-heading"><strong>II Letni EYOD</strong><br>Valkenswaard 1993</h1>



<p><br></p>



<p><img decoding="async" src="https://www.olimpijski.pl/files/loga/EYOF_L_VALKENSWAARD__93.jpg" alt=""> </p>



<p><strong>VALKENSWAARD (Holandia), 3-8 lipca 1993</strong></p>



<p>W&nbsp;imprezie wzięło udział 2615 uczestników (zawodniczek, zawodników i&nbsp;oficjeli) z&nbsp;43 państw. Zawody zorganizowano w&nbsp;gimnastyce, judo, lekkiej atletyce, pływaniu, tenisie oraz&nbsp;hokeju na&nbsp;trawie, koszykówce, piłce nożnej, piłce siatkowej. Gospodarze imprezy &#8211; mając belgijski wzorzec organizacyjny &#8211; dokonali pewnych modyfikacji logistycznych. Usytuowali wioskę zawodniczą w&nbsp;malowniczym leśnym kompleksie wypoczynkowym. Młodzież bardzo pozytywnie przyjęła taką lokalizację.</p>



<p>Uroczystość otwarcia &#8211; zamiast miejskiej lokalizacji &#8211; miała miejsce na&nbsp;kameralnym stadionie małego miasteczka Valkenswaard. Wziął w&nbsp;niej udział zarówno Prezydent MKOl Juan Antonio Samaranch jak i&nbsp;Jacques Rogge &#8211; przewodniczący stowarzyszenia Europejskich Komitetów Olimpijskich EOC. Zarówno Przewodniczący MKOl jak i&nbsp;prezes EOC w&nbsp;swych wystąpieniach akcentowali wartości i&nbsp;cele tej imprezy: szlachetną młodzieżową rywalizację, ducha fair play i&nbsp;poczucie ceremoniału jaki towarzyszy prawdziwym Igrzyskom Olimpijskim.</p>



<p>Gospodarze starali się uczynić wszystko co możliwe, by warunki zakwaterowania i&nbsp;działania związane z&nbsp;transportem były na&nbsp;najwyższym poziomie. Polska ekipa dysponowała własnym autokarem co jeszcze bardziej ułatwiało poruszanie się po obiektach sportowych.</p>



<div class="wp-block-image"><figure class="aligncenter"><img decoding="async" src="https://www.olimpijski.pl/files/images/Valkensuaart1993.jpg" alt=""/></figure></div>



<p>Polacy wystąpili w&nbsp;pięciu dyscyplinach sportowych: lekkiej atletyce, judo, pływaniu, gimnastyce artystycznej i&nbsp;tenisie. Zdobyli osiem medali zajmując dwunaste miejsce w&nbsp;ogólnej klasyfikacji. Zwyciężyli zawodnicy z&nbsp;Rosji &#8211; 25 medali (9, 10, 6), na&nbsp;drugim miejscu uplasowała się Hiszpania &#8211; 20 medali (9, 6, 5), na&nbsp;trzecim Włochy &#8211; 22 medale (8, 6, 8). Medale zdobywali zawodnicy z&nbsp;30 krajów.</p>



<p>Znakomicie spisali się polscy lekkoatleci. Aurelia Trywiańska wygrała rywalizację w&nbsp;biegu na&nbsp;100 m przez&nbsp;płotki a&nbsp;Wojciech Kałdowski zdeklasował rywali w&nbsp;biegu na&nbsp;800 m. Złoty medal zdobył też pływak Piotr Florczyk na&nbsp;200 m stylem grzbietowym. Srebrne medale zdobyli lekkoatleci Edyta Blauciak w&nbsp;rzucie oszczepem i&nbsp;Jacek Bocian w&nbsp;biegu na&nbsp;400 m. Brązowe medale zdobyli Andrzej Krawczyk w&nbsp;pchnięciu kulą, judoczka Marzena Węgrzyn w&nbsp;kategorii 48 kg i&nbsp;Piotr Florczyk na&nbsp;100 m stylem grzbietowym.</p>



<p>Szefem Misji był Zbigniew Kowalski.</p>



<h2 class="wp-block-heading"><strong><strong>MEDALE REPREZENTACJI</strong> <strong>POLSKI</strong></strong></h2>



<p><strong>Złote medale (3)</strong><br>Aurelia TRYWIAŃSKA &#8211; lekka atletyka, 100 m przez&nbsp;płotki<br>Wojciech KAŁDOWSKI &#8211; lekka atletyka, 800 m<br>Piotr FLORCZYK &#8211; pływanie, 200 m stylem grzbietowym<br><br><strong>Srebrne medale (2)</strong><br>Edyta BLAUCIAK &#8211; lekka atletyka, oszczep<br>Jacek BOCIAN &#8211; lekka atletyka, 400 m<br><br><strong>Brązowe medale (3)</strong><br>Andrzej KRAWCZYK &#8211; lekka atletyka, pchnięcie kulą<br>Marzena WĘGRZYN &#8211; judo, 48 kg<br>Piotr FLORCZYK &#8211; pływanie, 100 m stylem grzbietowym</p>

<p>II Letni EYODValkenswaard 1993 VALKENSWAARD (Holandia), 3-8 lipca 1993 W&nbsp;imprezie wzięło udział 2615 uczestników (zawodniczek, zawodników i&nbsp;oficjeli) z&nbsp;43 państw. Zawody zorganizowano w&nbsp;gimnastyce,</p>
