{"id":5918,"date":"2003-06-17T14:00:28","date_gmt":"2003-06-17T12:00:28","guid":{"rendered":"https:\/\/wai-q98d7hpf9hy9k.wpallimport-demo.qsandbox.me\/olympics_eyof\/paryll-2003\/"},"modified":"2020-10-11T02:33:18","modified_gmt":"2020-10-11T00:33:18","slug":"vii-letni-eyof-paryz03","status":"publish","type":"olympics_eyof","link":"https:\/\/olimpijski.pl\/en\/olympics_eyof\/vii-letni-eyof-paryz03\/","title":{"rendered":"VII Letni EYOF &#8211; Pary\u017c 2003"},"content":{"rendered":"\n<h1 class=\"main-title wp-block-heading\"><strong>VII Letni EYOF<\/strong><br>Pary\u017c 2003<\/h1>\n\n\n\n<p><br><\/p>\n\n\n\n<p><img loading=\"lazy\" decoding=\"async\" width=\"200\" height=\"70\" src=\"https:\/\/www.olimpijski.pl\/files\/loga\/EYOF_L_Pari_2003.jpg\" alt=\"\"> <\/p>\n\n\n\n<p><strong>PARY\u017b (Francja), 27 lipca &#8211; 2 sierpnia 2003<\/strong><\/p>\n\n\n\n<p>VII Olimpijski Festiwal M\u0142odzie\u017cy Europy odby\u0142 si\u0119 w&nbsp;Pary\u017cu w&nbsp;dniach 27 lipca &#8211; 2 sierpnia 2003 r. Wzi\u0119\u0142o w&nbsp;nim udzia\u0142 oko\u0142o trzech tysi\u0119cy uczestnik\u00f3w. Zawody zorganizowano w&nbsp;gimnastyce, judo, kolarstwie, lekkiej atletyce, p\u0142ywaniu, tenisie sto\u0142owym oraz&nbsp;koszyk\u00f3wce, pi\u0142ce no\u017cnej, pi\u0142ce r\u0119cznej, pi\u0142ce siatkowej.<\/p>\n\n\n\n<div class=\"wp-block-image\"><figure class=\"aligncenter\"><img decoding=\"async\" src=\"https:\/\/www.olimpijski.pl\/files\/images\/Paryz2003.jpg\" alt=\"\"\/><\/figure><\/div>\n\n\n\n<p>Polska reprezentacja sk\u0142ada\u0142a si\u0119 z&nbsp;22 zawodniczek, 34 zawodnik\u00f3w (roczniki 1986,87,88), 13 trener\u00f3w, 2 s\u0119dzi\u00f3w i&nbsp;jednego masa\u017cysty. Nasi m\u0142odzi sportowcy wzi\u0119li udzia\u0142 w&nbsp;siedmiu dyscyplinach sportowych: gimnastyce sportowej, judo, kolarstwie, lekkiej atletyce, pi\u0142ce siatkowej, p\u0142ywaniu i&nbsp;tenisie sto\u0142owym. Zdobyli\u015bmy w&nbsp;sumie 9 medali zajmuj\u0105c w&nbsp;klasyfikacji medalowej 16. miejsce. Zwyci\u0119\u017cyli zawodniczki i&nbsp;zawodnicy z&nbsp;Rosji &#8211; 44 medale (18, 10, 16), na&nbsp;drugim miejscu W\u0119gry &#8211; 30 medali (14, 8, 8), na&nbsp;trzecim Rumunia &#8211; 13 medali (7, 1, 5). Medale zdobywali zawodnicy z&nbsp;39 kraj\u00f3w.<\/p>\n\n\n\n<p>Z\u0142oty medal zdoby\u0142 Sebastian Jachimowicz w&nbsp;rzucie oszczepem. Wynik 73.71 jest nie pobitym do&nbsp;tej pory rekordem tej imprezy. Silnie obsadzony turniej wygra\u0142a dru\u017cyna ch\u0142opc\u00f3w w&nbsp;pi\u0142ce siatkowej, kt\u00f3ra jak burza przesz\u0142a przez&nbsp;eliminacje pokonuj\u0105c Serb\u00f3w, W\u0142och\u00f3w i&nbsp;S\u0142owe\u0144c\u00f3w. W&nbsp;finale m\u0142odzi polscy siatkarze wygrali 3:1 z&nbsp;Niemcami. Oficjalne wyr\u00f3\u017cnienie za ca\u0142okszta\u0142t gry w&nbsp;czasie turnieju otrzyma\u0142 Marcel Gromadowski.<\/p>\n\n\n\n<p>Srebrny medal zdoby\u0142 Kamil Grzegorczyk (la, rzut dyskiem). Br\u0105zowe medale zdobywali: Magda Sobieszak (la, pchni\u0119cie kul\u0105), Ernesta Tomza (la, 400 m), lekkoatletyczna sztafeta dziewcz\u0105t 4&#215;100 m, Tomasz Kowalski (judo, 50 kg), Maciej U\u0142anowski (kolarstwo, kryterium), Jan Chmura (p\u0142ywanie, 50m stylem dowolnym). Ponadto nasi zawodnicy zaj\u0119li 22 miejsca punktowane 4-8. W&nbsp;imprezie wzi\u0119\u0142o udzia\u0142 ponad 1850 zawodnik\u00f3w i&nbsp;zawodniczek z&nbsp;48 pa\u0144stw Europy.<br><br>Judoka Tomasz Kowalski otrzyma\u0142 bardzo presti\u017cow\u0105 nagrod\u0119 fair play. Pokaza\u0142 nie tylko obiecuj\u0105cy styl walki daj\u0105cy mu br\u0105zowy medal, ale&nbsp;te\u017c zaprezentowa\u0142 pi\u0119kn\u0105 postaw\u0119 fair play. Rywalowi z&nbsp;Francji po\u017cyczy\u0142 spodnie od&nbsp;judoki. Nast\u0119pnie, gdy ten sygnalizowa\u0142 skurcz w&nbsp;prawej r\u0119ce, nasz zawodnik zg\u0142osi\u0142 s\u0119dziemu, \u017ce&nbsp;mo\u017ce poczeka\u0107 do&nbsp;momentu gdy przeciwnik dojdzie do&nbsp;pe\u0142nej sprawno\u015bci. Trener Francuza zg\u0142osi\u0142 Polaka do&nbsp;nagrody fair play. Tomasz odebra\u0142 j\u0105 podczas ceremonii zamkni\u0119cia na&nbsp;stadionie Charlety. Obs\u0142ug\u0119 medialn\u0105 z&nbsp;imprezy realizowa\u0142 Wojciech Zieli\u0144ski.<br><br>Szefem Misji by\u0142 Ryszard Stadniuk.<\/p>\n\n\n\n<p>W&nbsp;imprezie tej w&nbsp;charakterze obserwator\u00f3w uczestniczyli przedstawiciele w\u0142adz Warszawy, kt\u00f3ra ubiega\u0142a si\u0119 o&nbsp;uzyskanie organizacji IX Festiwalu w&nbsp;roku 2007.<\/p>\n\n\n\n<h2 class=\"wp-block-heading\"><strong>MEDALE REPREZENTACJI POLSKI<\/strong><\/h2>\n\n\n\n<p><strong>Z\u0142ote medale (2)<\/strong><br>Sebastian JACHIMOWICZ &#8211; lekka atletyka, rzut oszczepem<br>Dru\u017cyna pi\u0142ki siatkowej: (Patryk Czarnowski, Damian Dominik, Tomasz Drzyzga, Bartosz Gawryszewski, Marcel Gromadowski, Micha\u0142 Koz\u0142owski, Marcin Mo\u017cd\u017conek, Daniel Mr\u00f3z , Sebastian P\u0119cherz, Patryk Spycha\u0142a, Emil Wysoki, Micha\u0142 \u017buk)<br><br><strong>Srebrny medal<\/strong><br>Kamil GRZEGORCZYK &#8211; lekka atletyka, rzut dyskiem<br><br><strong>Br\u0105zowe medale (6)<\/strong><br>Magda SOBIESZAK &#8211; lekka atletyka , pchni\u0119cie kul\u0105<br>Ernesta TOMZA &#8211; lekka atletyka, 400 m<br>Sztafeta 4&#215;100 m dziewcz\u0105t (Ernesta Tomza, Monika Nabia\u0142ek, Iwona Brzezi\u0144ska, Dominika Minda)<br>Tomasz KOWALSKI &#8211; judo, 50 kg<br>Maciej U\u0141ANOWSKI &#8211; kolarstwo, kryterium<br>Jan CHMURA &#8211; p\u0142ywanie, 50 m stylem dowolnym<\/p>\n","protected":false},"excerpt":{"rendered":"<p>VII Letni EYOFPary\u017c 2003 PARY\u017b (Francja), 27 lipca &#8211; 2 sierpnia 2003 VII Olimpijski Festiwal M\u0142odzie\u017cy Europy odby\u0142 si\u0119 w&nbsp;Pary\u017cu w&nbsp;dniach 27<\/p>\n","protected":false},"featured_media":0,"parent":0,"menu_order":0,"template":"templates\/olympic_main_subpage.php","meta":{"_acf_changed":false,"ub_ctt_via":"","footnotes":""},"class_list":["post-5918","olympics_eyof","type-olympics_eyof","status-publish","hentry","infinite-scroll-item","no-featured-image-padding"],"acf":{"game_id":"59","game_type":"25315","game_link":"paryz2003","game_news":"0","startdate":"27.07.2003 12:00 am","enddate":"02.08.2003 12:00 am","place":"Pary\u017c","year":"2003","logo":"https:\/\/olimpijski.pl\/wp-content\/uploads\/2020\/06\/paryz2003.png","special_bg_img":false,"hide_breadcrumbs":[],"time_difference":{"time_difference_hour":"0","time_difference_min":"0"},"events":false,"adasda":"","competitions_olympic":false,"histroy_tabs":false},"_links":{"self":[{"href":"https:\/\/olimpijski.pl\/en\/wp-json\/wp\/v2\/olympics_eyof\/5918"}],"collection":[{"href":"https:\/\/olimpijski.pl\/en\/wp-json\/wp\/v2\/olympics_eyof"}],"about":[{"href":"https:\/\/olimpijski.pl\/en\/wp-json\/wp\/v2\/types\/olympics_eyof"}],"version-history":[{"count":3,"href":"https:\/\/olimpijski.pl\/en\/wp-json\/wp\/v2\/olympics_eyof\/5918\/revisions"}],"predecessor-version":[{"id":34035,"href":"https:\/\/olimpijski.pl\/en\/wp-json\/wp\/v2\/olympics_eyof\/5918\/revisions\/34035"}],"wp:attachment":[{"href":"https:\/\/olimpijski.pl\/en\/wp-json\/wp\/v2\/media?parent=5918"}],"curies":[{"name":"wp","href":"https:\/\/api.w.org\/{rel}","templated":true}]}}

VII Letni EYOF &#8211; Paryż 2003

<h1 class="main-title wp-block-heading"><strong>VII Letni EYOF</strong><br>Paryż 2003</h1>



<p><br></p>



<p><img loading="lazy" decoding="async" width="200" height="70" src="https://www.olimpijski.pl/files/loga/EYOF_L_Pari_2003.jpg" alt=""> </p>



<p><strong>PARYŻ (Francja), 27 lipca &#8211; 2 sierpnia 2003</strong></p>



<p>VII Olimpijski Festiwal Młodzieży Europy odbył się w&nbsp;Paryżu w&nbsp;dniach 27 lipca &#8211; 2 sierpnia 2003 r. Wzięło w&nbsp;nim udział około trzech tysięcy uczestników. Zawody zorganizowano w&nbsp;gimnastyce, judo, kolarstwie, lekkiej atletyce, pływaniu, tenisie stołowym oraz&nbsp;koszykówce, piłce nożnej, piłce ręcznej, piłce siatkowej.</p>



<div class="wp-block-image"><figure class="aligncenter"><img decoding="async" src="https://www.olimpijski.pl/files/images/Paryz2003.jpg" alt=""/></figure></div>



<p>Polska reprezentacja składała się z&nbsp;22 zawodniczek, 34 zawodników (roczniki 1986,87,88), 13 trenerów, 2 sędziów i&nbsp;jednego masażysty. Nasi młodzi sportowcy wzięli udział w&nbsp;siedmiu dyscyplinach sportowych: gimnastyce sportowej, judo, kolarstwie, lekkiej atletyce, piłce siatkowej, pływaniu i&nbsp;tenisie stołowym. Zdobyliśmy w&nbsp;sumie 9 medali zajmując w&nbsp;klasyfikacji medalowej 16. miejsce. Zwyciężyli zawodniczki i&nbsp;zawodnicy z&nbsp;Rosji &#8211; 44 medale (18, 10, 16), na&nbsp;drugim miejscu Węgry &#8211; 30 medali (14, 8, 8), na&nbsp;trzecim Rumunia &#8211; 13 medali (7, 1, 5). Medale zdobywali zawodnicy z&nbsp;39 krajów.</p>



<p>Złoty medal zdobył Sebastian Jachimowicz w&nbsp;rzucie oszczepem. Wynik 73.71 jest nie pobitym do&nbsp;tej pory rekordem tej imprezy. Silnie obsadzony turniej wygrała drużyna chłopców w&nbsp;piłce siatkowej, która jak burza przeszła przez&nbsp;eliminacje pokonując Serbów, Włochów i&nbsp;Słoweńców. W&nbsp;finale młodzi polscy siatkarze wygrali 3:1 z&nbsp;Niemcami. Oficjalne wyróżnienie za całokształt gry w&nbsp;czasie turnieju otrzymał Marcel Gromadowski.</p>



<p>Srebrny medal zdobył Kamil Grzegorczyk (la, rzut dyskiem). Brązowe medale zdobywali: Magda Sobieszak (la, pchnięcie kulą), Ernesta Tomza (la, 400 m), lekkoatletyczna sztafeta dziewcząt 4&#215;100 m, Tomasz Kowalski (judo, 50 kg), Maciej Ułanowski (kolarstwo, kryterium), Jan Chmura (pływanie, 50m stylem dowolnym). Ponadto nasi zawodnicy zajęli 22 miejsca punktowane 4-8. W&nbsp;imprezie wzięło udział ponad 1850 zawodników i&nbsp;zawodniczek z&nbsp;48 państw Europy.<br><br>Judoka Tomasz Kowalski otrzymał bardzo prestiżową nagrodę fair play. Pokazał nie tylko obiecujący styl walki dający mu brązowy medal, ale&nbsp;też zaprezentował piękną postawę fair play. Rywalowi z&nbsp;Francji pożyczył spodnie od&nbsp;judoki. Następnie, gdy ten sygnalizował skurcz w&nbsp;prawej ręce, nasz zawodnik zgłosił sędziemu, że&nbsp;może poczekać do&nbsp;momentu gdy przeciwnik dojdzie do&nbsp;pełnej sprawności. Trener Francuza zgłosił Polaka do&nbsp;nagrody fair play. Tomasz odebrał ją podczas ceremonii zamknięcia na&nbsp;stadionie Charlety. Obsługę medialną z&nbsp;imprezy realizował Wojciech Zieliński.<br><br>Szefem Misji był Ryszard Stadniuk.</p>



<p>W&nbsp;imprezie tej w&nbsp;charakterze obserwatorów uczestniczyli przedstawiciele władz Warszawy, która ubiegała się o&nbsp;uzyskanie organizacji IX Festiwalu w&nbsp;roku 2007.</p>



<h2 class="wp-block-heading"><strong>MEDALE REPREZENTACJI POLSKI</strong></h2>



<p><strong>Złote medale (2)</strong><br>Sebastian JACHIMOWICZ &#8211; lekka atletyka, rzut oszczepem<br>Drużyna piłki siatkowej: (Patryk Czarnowski, Damian Dominik, Tomasz Drzyzga, Bartosz Gawryszewski, Marcel Gromadowski, Michał Kozłowski, Marcin Możdżonek, Daniel Mróz , Sebastian Pęcherz, Patryk Spychała, Emil Wysoki, Michał Żuk)<br><br><strong>Srebrny medal</strong><br>Kamil GRZEGORCZYK &#8211; lekka atletyka, rzut dyskiem<br><br><strong>Brązowe medale (6)</strong><br>Magda SOBIESZAK &#8211; lekka atletyka , pchnięcie kulą<br>Ernesta TOMZA &#8211; lekka atletyka, 400 m<br>Sztafeta 4&#215;100 m dziewcząt (Ernesta Tomza, Monika Nabiałek, Iwona Brzezińska, Dominika Minda)<br>Tomasz KOWALSKI &#8211; judo, 50 kg<br>Maciej UŁANOWSKI &#8211; kolarstwo, kryterium<br>Jan CHMURA &#8211; pływanie, 50 m stylem dowolnym</p>

<p>VII Letni EYOFParyż 2003 PARYŻ (Francja), 27 lipca &#8211; 2 sierpnia 2003 VII Olimpijski Festiwal Młodzieży Europy odbył się w&nbsp;Paryżu w&nbsp;dniach 27</p>

Paryż
