{"id":5921,"date":"2009-06-17T14:00:28","date_gmt":"2009-06-17T12:00:28","guid":{"rendered":"https:\/\/wai-q98d7hpf9hy9k.wpallimport-demo.qsandbox.me\/olympics_eyof\/tampere-2009\/"},"modified":"2020-10-08T11:19:47","modified_gmt":"2020-10-08T09:19:47","slug":"x-letni-eyof-tampere-2009","status":"publish","type":"olympics_eyof","link":"https:\/\/olimpijski.pl\/en\/olympics_eyof\/x-letni-eyof-tampere-2009\/","title":{"rendered":"X Letni EYOF &#8211; Tampere 2009"},"content":{"rendered":"\n<h1 class=\"main-title wp-block-heading\"><strong>X Letni EYOF<\/strong><br>Tampere 2009<\/h1>\n\n\n\n<p><br><\/p>\n\n\n\n<figure class=\"wp-block-image size-large\"><img loading=\"lazy\" decoding=\"async\" width=\"95\" height=\"114\" src=\"https:\/\/olimpijski.pl\/wp-content\/uploads\/2020\/06\/tampere2009.png\" alt=\"\" class=\"wp-image-19432\"\/><\/figure>\n\n\n\n<p><strong>TAMPERE (Finlandia), 18-25 lipca 2009<\/strong><\/p>\n\n\n\n<p>X Letni Olimpijski Festiwal M\u0142odzie\u017cy Europy odby\u0142 si\u0119 w dniach 18-25 lipca w fi\u0144skim Tampere. W zawodach wystartowa\u0142o 2350 zawodnik\u00f3w w 49 pa\u0144stw. W programie zawod\u00f3w znalaz\u0142y si\u0119 nast\u0119puj\u0105ce sporty: lekkoatletyka, koszyk\u00f3wka, kolarstwo, gimnastyka, pi\u0142ka r\u0119czna, judo, p\u0142ywanie, tenis, pi\u0142ka siatkowa. G\u0142\u00f3wnym stadionem festiwalu by\u0142 Ratinan Stadion.<\/p>\n\n\n\n<p>Szef Polskiej Misji by\u0142 Jerzy Eljasz. W Misji znale\u017ali si\u0119 tak\u017ce: Iwona \u0141otysz, Jan Po\u015bnik i Ewelina Wawrynkiewicz.<\/p>\n\n\n\n<p>Polska reprezentacja wywalczy\u0142a w Finlandii 14 medali \u2013 3 z\u0142ote, 4 srebrne oraz 7 br\u0105zowych.<\/p>\n\n\n\n<h2 class=\"wp-block-heading\"><strong>MEDALE REPREZENTACJI POLSKI<\/strong><\/h2>\n\n\n\n<p><strong>Z\u0142ote medale (3)<\/strong><br>Dru\u017cyna siatkarzy<br>Miko\u0142aj MACHNIK \u2013 p\u0142ywanie, 100 metr\u00f3w stylem klasycznym<br>Mateusz WYSOCZY\u0143SKI, Miko\u0142aj MACHNIK, \u0141ukasz CHMIEL, Pawe\u0142 WERNER \u2013 p\u0142ywanie, sztafeta 4&#215;100 metr\u00f3w stylem zmiennym<\/p>\n\n\n\n<p><strong>Srebrne medale (4)<\/strong><br>Marcin SUZIN \u2013 p\u0142ywanie, 200 metr\u00f3w stylem zmiennym<br>Miko\u0142aj MACHNIK \u2013 p\u0142ywanie, 200 metr\u00f3w stylem klasycznym<br>Donata KILJA\u0143SKA \u2013 p\u0142ywanie, 800 metr\u00f3w stylem dowolnym<br>Marcin WITKOWSKI \u2013 judo, kategoria poni\u017cej 73 kilogram\u00f3w<\/p>\n\n\n\n<p><strong>Br\u0105zowe medale (7)<\/strong><br>Klaudia KONOPKO \u2013 lekkoatletyka, 200 metr\u00f3w<br>Donata KILJA\u0143SKA \u2013 p\u0142ywanie, 400 metr\u00f3w stylem dowolnym<br>Micha\u0142 SZUBA \u2013 p\u0142ywanie, 1500 metr\u00f3w stylem dowolnym<br>\u0141ukasz CMIEL \u2013 p\u0142ywanie, 200 metr\u00f3w stylem motylkowym<br>Jakub ZAKRZEWSKI \u2013 judo, kategoria poni\u017cej 90 kilogram\u00f3w<br>Maja RASI\u0143SKA \u2013 judo, kategoria poni\u017cej 48 kilogram\u00f3w<br>Weronika CZEMPIK \u2013 judo, kategoria poni\u017cej 70 kilogram\u00f3w<\/p>\n\n\n\n<p><\/p>\n","protected":false},"excerpt":{"rendered":"<p>X Letni EYOFTampere 2009 TAMPERE (Finlandia), 18-25 lipca 2009 X Letni Olimpijski Festiwal M\u0142odzie\u017cy Europy odby\u0142 si\u0119 w dniach 18-25 lipca w<\/p>\n","protected":false},"featured_media":0,"parent":0,"menu_order":0,"template":"templates\/olympic_main_subpage.php","meta":{"_acf_changed":false,"ub_ctt_via":"","footnotes":""},"class_list":["post-5921","olympics_eyof","type-olympics_eyof","status-publish","hentry","infinite-scroll-item","no-featured-image-padding"],"acf":{"game_id":"62","game_type":"25315","game_link":"tampere2009","game_news":"0","startdate":"19.07.2009 12:00 am","enddate":"24.07.2009 12:00 am","place":"Tampere","year":"2009","logo":"https:\/\/olimpijski.pl\/wp-content\/uploads\/2020\/06\/tampere2009.png","special_bg_img":false,"hide_breadcrumbs":[],"competitions_olympic":false,"histroy_tabs":false},"_links":{"self":[{"href":"https:\/\/olimpijski.pl\/en\/wp-json\/wp\/v2\/olympics_eyof\/5921"}],"collection":[{"href":"https:\/\/olimpijski.pl\/en\/wp-json\/wp\/v2\/olympics_eyof"}],"about":[{"href":"https:\/\/olimpijski.pl\/en\/wp-json\/wp\/v2\/types\/olympics_eyof"}],"version-history":[{"count":1,"href":"https:\/\/olimpijski.pl\/en\/wp-json\/wp\/v2\/olympics_eyof\/5921\/revisions"}],"predecessor-version":[{"id":31510,"href":"https:\/\/olimpijski.pl\/en\/wp-json\/wp\/v2\/olympics_eyof\/5921\/revisions\/31510"}],"wp:attachment":[{"href":"https:\/\/olimpijski.pl\/en\/wp-json\/wp\/v2\/media?parent=5921"}],"curies":[{"name":"wp","href":"https:\/\/api.w.org\/{rel}","templated":true}]}}

<h1 class="main-title wp-block-heading"><strong>X Letni EYOF</strong><br>Tampere 2009</h1>



<p><br></p>



<figure class="wp-block-image size-large"><img loading="lazy" decoding="async" width="95" height="114" src="https://olimpijski.pl/wp-content/uploads/2020/06/tampere2009.png" alt="" class="wp-image-19432"/></figure>



<p><strong>TAMPERE (Finlandia), 18-25 lipca 2009</strong></p>



<p>X Letni Olimpijski Festiwal Młodzieży Europy odbył się w dniach 18-25 lipca w fińskim Tampere. W zawodach wystartowało 2350 zawodników w 49 państw. W programie zawodów znalazły się następujące sporty: lekkoatletyka, koszykówka, kolarstwo, gimnastyka, piłka ręczna, judo, pływanie, tenis, piłka siatkowa. Głównym stadionem festiwalu był Ratinan Stadion.</p>



<p>Szef Polskiej Misji był Jerzy Eljasz. W Misji znaleźli się także: Iwona Łotysz, Jan Pośnik i Ewelina Wawrynkiewicz.</p>



<p>Polska reprezentacja wywalczyła w Finlandii 14 medali – 3 złote, 4 srebrne oraz 7 brązowych.</p>



<h2 class="wp-block-heading"><strong>MEDALE REPREZENTACJI POLSKI</strong></h2>



<p><strong>Złote medale (3)</strong><br>Drużyna siatkarzy<br>Mikołaj MACHNIK – pływanie, 100 metrów stylem klasycznym<br>Mateusz WYSOCZYŃSKI, Mikołaj MACHNIK, Łukasz CHMIEL, Paweł WERNER – pływanie, sztafeta 4&#215;100 metrów stylem zmiennym</p>



<p><strong>Srebrne medale (4)</strong><br>Marcin SUZIN – pływanie, 200 metrów stylem zmiennym<br>Mikołaj MACHNIK – pływanie, 200 metrów stylem klasycznym<br>Donata KILJAŃSKA – pływanie, 800 metrów stylem dowolnym<br>Marcin WITKOWSKI – judo, kategoria poniżej 73 kilogramów</p>



<p><strong>Brązowe medale (7)</strong><br>Klaudia KONOPKO – lekkoatletyka, 200 metrów<br>Donata KILJAŃSKA – pływanie, 400 metrów stylem dowolnym<br>Michał SZUBA – pływanie, 1500 metrów stylem dowolnym<br>Łukasz CMIEL – pływanie, 200 metrów stylem motylkowym<br>Jakub ZAKRZEWSKI – judo, kategoria poniżej 90 kilogramów<br>Maja RASIŃSKA – judo, kategoria poniżej 48 kilogramów<br>Weronika CZEMPIK – judo, kategoria poniżej 70 kilogramów</p>



<p></p>

<p>X Letni EYOFTampere 2009 TAMPERE (Finlandia), 18-25 lipca 2009 X Letni Olimpijski Festiwal Młodzieży Europy odbył się w dniach 18-25 lipca w</p>
