{"id":5923,"date":"2013-06-17T14:00:28","date_gmt":"2013-06-17T12:00:28","guid":{"rendered":"https:\/\/wai-q98d7hpf9hy9k.wpallimport-demo.qsandbox.me\/olympics_eyof\/utrecht-2013\/"},"modified":"2025-03-19T12:37:42","modified_gmt":"2025-03-19T11:37:42","slug":"xii-letni-eyof-utrecht-2013","status":"publish","type":"olympics_eyof","link":"https:\/\/olimpijski.pl\/en\/olympics_eyof\/xii-letni-eyof-utrecht-2013\/","title":{"rendered":"XII Letni EYOF &#8211; Utrecht 2013"},"content":{"rendered":"\n<h1 class=\"wp-block-heading main-title\"><strong>XII Letni EYOF<\/strong><br>Utrecht 2013<\/h1>\n\n\n\n<p><br><\/p>\n\n\n\n<figure class=\"wp-block-image\"><img decoding=\"async\" src=\"https:\/\/www.olimpijski.pl\/files\/utrecht-213\/utrecht_logo-podstrona.jpg\" alt=\"\"\/><\/figure>\n\n\n\n<p><strong>UTRECHT (Holandia), 14-19 lipca 2013<\/strong><\/p>\n\n\n\n<p>Holenderskie miasto Utrecht by\u0142o&nbsp;gospodarzem XII Letniego Olimpijskiego Festiwalu M\u0142odzie\u017cy Europy. W&nbsp;zawodach udzia\u0142 wzi\u0119\u0142o ponad 3000 sportowc\u00f3w z&nbsp;49 kraj\u00f3w Starego Kontynentu. Nie zabrak\u0142o oczywi\u015bcie Polak\u00f3w. Nasza reprezentacja liczy\u0142a 134 osoby, a&nbsp;w&nbsp;tym 95 sportowc\u00f3w.<\/p>\n\n\n\n<p>W sk\u0142ad polskiej ekipy wesz\u0142o: 15 os\u00f3b w&nbsp;lekkiej atletyce, 6 os\u00f3b w&nbsp;gimnastyce, 6 os\u00f3b w&nbsp;kolarstwie, 4 osoby w&nbsp;tenisie, 16 os\u00f3b w&nbsp;p\u0142ywaniu, 12 os\u00f3b w&nbsp;judo, 24 osoby w&nbsp;pi\u0142ce siatkowej i&nbsp;12 os\u00f3b w&nbsp;koszyk\u00f3wce. Najliczniejsz\u0105 grup\u0119 stanowili reprezentanci siatk\u00f3wki (ch\u0142opcy i&nbsp;dziewcz\u0119ta).<\/p>\n\n\n\n<p>Przewodnicz\u0105cym reprezentacji Polski by\u0142 Andrzej Kra\u015bnicki, prezes Polskiego Komitetu Olimpijskiego. Zast\u0119pc\u0105 przewodnicz\u0105cego Sekretarz Generalny PKOl Adam Krzesi\u0144ski.<\/p>\n\n\n\n<p>XII Olimpijski Festiwal M\u0142odzie\u017cy Europy na stadionie Galgenwaard w Utrechcie otworzy\u0142 14 lipca kr\u00f3l Willem-Alexander z&nbsp;Holandii. Spektakularna ceremonia nie oby\u0142a si\u0119 bez&nbsp;wszystkich tradycji olimpijskich: parady sportowc\u00f3w, zapalenia znicza olimpijskiego, wci\u0105gni\u0119cia olimpijskiej flagi i&nbsp;hymnu olimpijskiego.<\/p>\n\n\n\n<p>Polska z siedmioma medalami na koncie (4, 2, 1) uplasowa\u0142a si\u0119 na 9. miejscu w tabeli medalowej.<\/p>\n\n\n\n<h2 class=\"wp-block-heading\"><strong>MEDALE REPREZENTACJI POLSKI<\/strong><\/h2>\n\n\n\n<p><strong>Z\u0142ote medale (4)<\/strong><br>Paulina BORYS &#8211; lekkoatletyka, skok wzwy\u017c<br>Mateusz BORKOWSKI &#8211; lekkoatletyka, 3000 m<br>Kamila PASTERNAK &#8211; judo, kat. + 70 kg<br>Konrad BUKOWIECKI &#8211; lekkoatletyka, pchni\u0119cie kul\u0105<br><br><strong>Srebrne medale (2)<\/strong><br>Konrad BUKOWIECKI &#8211; lekkoatletyka, rzut dyskiem<br>Dru\u017cyna siatkarzy &#8211; Piotr BADURA, Krzysztof BIE\u0143KOWSKI, Bartosz BU\u0106KO, Jan FORNAL, Pawe\u0142 GRYC, Bart\u0142omiej LEMA\u0143SKI, Sebastian MATULA, Kacper PIECHOCKI, Jan SIEMI\u0104TKOWSKI, Artur SZALPUK, \u0141ukasz PIETRZAK, Aleksander \u015aLIWKA<\/p>\n\n\n\n<p><strong>Br\u0105zowe medale (1)<\/strong><br>Szymon SAJNOK &#8211; kolarstwo szosowe, jazda indywidualna na czas<br><br><\/p>\n","protected":false},"excerpt":{"rendered":"<p>XII Letni EYOFUtrecht 2013 UTRECHT (Holandia), 14-19 lipca 2013 Holenderskie miasto Utrecht by\u0142o&nbsp;gospodarzem XII Letniego Olimpijskiego Festiwalu M\u0142odzie\u017cy Europy. W&nbsp;zawodach udzia\u0142 wzi\u0119\u0142o<\/p>\n","protected":false},"featured_media":0,"parent":0,"menu_order":0,"template":"templates\/olympic_main_subpage.php","meta":{"_acf_changed":false,"ub_ctt_via":"","footnotes":""},"class_list":["post-5923","olympics_eyof","type-olympics_eyof","status-publish","hentry","infinite-scroll-item","no-featured-image-padding"],"acf":{"game_id":"64","game_type":"25315","game_link":"utrecht2013","game_news":"0","startdate":"14.07.2013 12:00 am","enddate":"19.07.2013 12:00 am","place":"Utrecht","year":"2013","logo":"https:\/\/olimpijski.pl\/wp-content\/uploads\/2020\/06\/utrecht2013.png","special_bg_img":false,"hide_breadcrumbs":[],"competitions_olympic":false,"histroy_tabs":false,"pokaz_ustawienia_ze_starego_systemu":false,"hide_representative_checkbox":false,"no_medals_info":"<p>W tych Igrzyskach Olimpijskich Polska Reprezentacja Olimpijska nie wywalczy\u0142a medali<\/p>\n"},"_links":{"self":[{"href":"https:\/\/olimpijski.pl\/en\/wp-json\/wp\/v2\/olympics_eyof\/5923"}],"collection":[{"href":"https:\/\/olimpijski.pl\/en\/wp-json\/wp\/v2\/olympics_eyof"}],"about":[{"href":"https:\/\/olimpijski.pl\/en\/wp-json\/wp\/v2\/types\/olympics_eyof"}],"version-history":[{"count":2,"href":"https:\/\/olimpijski.pl\/en\/wp-json\/wp\/v2\/olympics_eyof\/5923\/revisions"}],"predecessor-version":[{"id":93375,"href":"https:\/\/olimpijski.pl\/en\/wp-json\/wp\/v2\/olympics_eyof\/5923\/revisions\/93375"}],"wp:attachment":[{"href":"https:\/\/olimpijski.pl\/en\/wp-json\/wp\/v2\/media?parent=5923"}],"curies":[{"name":"wp","href":"https:\/\/api.w.org\/{rel}","templated":true}]}}

<h1 class="wp-block-heading main-title"><strong>XII Letni EYOF</strong><br>Utrecht 2013</h1>



<p><br></p>



<figure class="wp-block-image"><img decoding="async" src="https://www.olimpijski.pl/files/utrecht-213/utrecht_logo-podstrona.jpg" alt=""/></figure>



<p><strong>UTRECHT (Holandia), 14-19 lipca 2013</strong></p>



<p>Holenderskie miasto Utrecht było&nbsp;gospodarzem XII Letniego Olimpijskiego Festiwalu Młodzieży Europy. W&nbsp;zawodach udział wzięło ponad 3000 sportowców z&nbsp;49 krajów Starego Kontynentu. Nie zabrakło oczywiście Polaków. Nasza reprezentacja liczyła 134 osoby, a&nbsp;w&nbsp;tym 95 sportowców.</p>



<p>W skład polskiej ekipy weszło: 15 osób w&nbsp;lekkiej atletyce, 6 osób w&nbsp;gimnastyce, 6 osób w&nbsp;kolarstwie, 4 osoby w&nbsp;tenisie, 16 osób w&nbsp;pływaniu, 12 osób w&nbsp;judo, 24 osoby w&nbsp;piłce siatkowej i&nbsp;12 osób w&nbsp;koszykówce. Najliczniejszą grupę stanowili reprezentanci siatkówki (chłopcy i&nbsp;dziewczęta).</p>



<p>Przewodniczącym reprezentacji Polski był Andrzej Kraśnicki, prezes Polskiego Komitetu Olimpijskiego. Zastępcą przewodniczącego Sekretarz Generalny PKOl Adam Krzesiński.</p>



<p>XII Olimpijski Festiwal Młodzieży Europy na stadionie Galgenwaard w Utrechcie otworzył 14 lipca król Willem-Alexander z&nbsp;Holandii. Spektakularna ceremonia nie obyła się bez&nbsp;wszystkich tradycji olimpijskich: parady sportowców, zapalenia znicza olimpijskiego, wciągnięcia olimpijskiej flagi i&nbsp;hymnu olimpijskiego.</p>



<p>Polska z siedmioma medalami na koncie (4, 2, 1) uplasowała się na 9. miejscu w tabeli medalowej.</p>



<h2 class="wp-block-heading"><strong>MEDALE REPREZENTACJI POLSKI</strong></h2>



<p><strong>Złote medale (4)</strong><br>Paulina BORYS &#8211; lekkoatletyka, skok wzwyż<br>Mateusz BORKOWSKI &#8211; lekkoatletyka, 3000 m<br>Kamila PASTERNAK &#8211; judo, kat. + 70 kg<br>Konrad BUKOWIECKI &#8211; lekkoatletyka, pchnięcie kulą<br><br><strong>Srebrne medale (2)</strong><br>Konrad BUKOWIECKI &#8211; lekkoatletyka, rzut dyskiem<br>Drużyna siatkarzy &#8211; Piotr BADURA, Krzysztof BIEŃKOWSKI, Bartosz BUĆKO, Jan FORNAL, Paweł GRYC, Bartłomiej LEMAŃSKI, Sebastian MATULA, Kacper PIECHOCKI, Jan SIEMIĄTKOWSKI, Artur SZALPUK, Łukasz PIETRZAK, Aleksander ŚLIWKA</p>



<p><strong>Brązowe medale (1)</strong><br>Szymon SAJNOK &#8211; kolarstwo szosowe, jazda indywidualna na czas<br><br></p>

<p>XII Letni EYOFUtrecht 2013 UTRECHT (Holandia), 14-19 lipca 2013 Holenderskie miasto Utrecht było&nbsp;gospodarzem XII Letniego Olimpijskiego Festiwalu Młodzieży Europy. W&nbsp;zawodach udział wzięło</p>

<p>W tych Igrzyskach Olimpijskich Polska Reprezentacja Olimpijska nie wywalczyła medali</p>
