{"id":5925,"date":"1995-06-17T14:00:28","date_gmt":"1995-06-17T12:00:28","guid":{"rendered":"https:\/\/wai-q98d7hpf9hy9k.wpallimport-demo.qsandbox.me\/olympics_eyof\/andora-1995\/"},"modified":"2020-10-08T09:23:48","modified_gmt":"2020-10-08T07:23:48","slug":"ii-zimowy-eyod-andora-1995","status":"publish","type":"olympics_eyof","link":"https:\/\/olimpijski.pl\/en\/olympics_eyof\/ii-zimowy-eyod-andora-1995\/","title":{"rendered":"II Zimowy EYOD &#8211; Andora 1995"},"content":{"rendered":"\n<h1 class=\"main-title wp-block-heading\"><strong>II Zimowy EYOD<\/strong><br>Andora 1995<\/h1>\n\n\n\n<p><br><\/p>\n\n\n\n<p><img loading=\"lazy\" decoding=\"async\" src=\"https:\/\/www.olimpijski.pl\/files\/loga\/EYOF_z_andora_95.jpg\" alt=\"\" width=\"89\" height=\"131\"> <\/p>\n\n\n\n<p><strong>ANDORRA, 5-9 lutego 1995<\/strong><\/p>\n\n\n\n<p>W&nbsp;imprezie wzi\u0119\u0142o udzia\u0142 740 uczestnik\u00f3w z&nbsp;39 pa\u0144stw. Organizatorzy zadbali szczeg\u00f3lnie o&nbsp;bardzo dobre na\u015bnie\u017cenie tras biatlonowych i&nbsp;narciarskich oraz&nbsp;o&nbsp;bardzo punktualny transport na&nbsp;obiekty sportowe. Ceremonia otwarcia odby\u0142a si\u0119 w&nbsp;hali lodowej &#8211; w&nbsp;bardzo presti\u017cowym miejscu stolicy Andory w&nbsp;La Vella.<\/p>\n\n\n\n<p>Przewodnicz\u0105cy Mi\u0119dzynarodowego Komitetu Olimpijskiego Juan Antonio Samaranch &#8211; w&nbsp;swym wyst\u0105pieniu inauguracyjnym w&nbsp;Pa\u0142acu Zimowym w&nbsp;La Vella obieca\u0142 popiera\u0107 t\u0119 imprez\u0119 i&nbsp;wspomaga\u0107 udzia\u0142 ekip w&nbsp;EYOD \u015brodkami z&nbsp;Solidarno\u015bci Olimpijskiej MKOl.<\/p>\n\n\n\n<p>Zawody w&nbsp;Andorze zosta\u0142y rozegrane w&nbsp;kategorii wiekowej m\u0142odzie\u017cy ur. w&nbsp;latach 1978-79. Rywalizowano w&nbsp;biathlonie, konkurencjach alpejskich, biegach narciarskich, \u0142y\u017cwiarstwie figurowym. Andorra powita\u0142a uczestnik\u00f3w du\u017c\u0105 go\u015bcinno\u015bci\u0105 i&nbsp;znakomitymi warunkami zakwaterowania w&nbsp;hotelach trzy a&nbsp;nawet czterogwiazdkowych.&nbsp;&nbsp;<\/p>\n\n\n\n<div class=\"wp-block-image\"><figure class=\"aligncenter\"><img decoding=\"async\" src=\"https:\/\/www.olimpijski.pl\/files\/images\/Andorra1995.jpg\" alt=\"\"\/><\/figure><\/div>\n\n\n\n<p>Polacy wyst\u0105pili w&nbsp;biathlonie, biegach narciarskich, \u0142y\u017cwiarstwie figurowym. Zdobyli jeden medal srebrny zajmuj\u0105c dziesi\u0105te miejsce w&nbsp;og\u00f3lnej klasyfikacji medalowej. Zwyci\u0119\u017cyli zawodniczki i&nbsp;zawodnicy z&nbsp;W\u0142och &#8211; 11 medali (4, 5, 2), na&nbsp;drugim miejscu Francja &#8211; 6 medali (3, 1, 2), na&nbsp;trzecim Rosja &#8211; 6 medali (2, 2, 2). Medale zdobywali zawodnicy z&nbsp;16 kraj\u00f3w.<\/p>\n\n\n\n<p>Bardzo dobrze spisa\u0142a si\u0119 polska para taneczna Jolanta Bury i&nbsp;\u0141ukasz Zalewski, zdobywaj\u0105c w&nbsp;trudnej konkurencji znakomite drugie miejsce. Sukces jest tym wi\u0119kszy, \u017ce&nbsp;do&nbsp;z\u0142otego medalu zabrak\u0142o zaledwie 0,5 punktu a&nbsp;srebrny medal cieszy tym bardziej, \u017ce&nbsp;zdobyty zosta\u0142 po bardzo trudnych przygotowaniach i&nbsp;problemach z&nbsp;lodowiskiem przez&nbsp;zawodami. Polski Zwi\u0105zek \u0141y\u017cwiarstwa Figurowego &#8211; po sukcesie w&nbsp;Andorze &#8211; obj\u0105\u0142 t\u0119 par\u0119 programem przygotowa\u0144 do&nbsp;Zimowych Igrzysk Olimpijskich w&nbsp;Nagano.<\/p>\n\n\n\n<p>S\u0142abo spisali si\u0119 nasi biegacze i&nbsp;biathloni\u015bci zajmuj\u0105c odleg\u0142e miejsca. Polski Zwi\u0105zek Narciarski i&nbsp;Polski Zwi\u0105zek Biathlonu dokonaj\u0105 analizy i&nbsp;oceny stanu posiadania kadrowicz\u00f3w &#8211; junior\u00f3w.<\/p>\n\n\n\n<p>Szefem Misji by\u0142 Tadeusz Wr\u00f3blewski.<\/p>\n\n\n\n<h2 class=\"wp-block-heading\"><strong>MEDALE REPREZENTACJI<\/strong> <strong>POLSKI<\/strong><\/h2>\n\n\n\n<p><strong>Srebrny medal<\/strong><br>Jolanta BURY, \u0141ukasz ZALEWSKI &#8211; \u0142y\u017cwiarstwo figurowe, pary taneczne<\/p>\n","protected":false},"excerpt":{"rendered":"<p>II Zimowy EYODAndora 1995 ANDORRA, 5-9 lutego 1995 W&nbsp;imprezie wzi\u0119\u0142o udzia\u0142 740 uczestnik\u00f3w z&nbsp;39 pa\u0144stw. Organizatorzy zadbali szczeg\u00f3lnie o&nbsp;bardzo dobre na\u015bnie\u017cenie tras<\/p>\n","protected":false},"featured_media":0,"parent":0,"menu_order":0,"template":"","meta":{"_acf_changed":false,"ub_ctt_via":"","footnotes":""},"class_list":["post-5925","olympics_eyof","type-olympics_eyof","status-publish","hentry","infinite-scroll-item","no-featured-image-padding"],"acf":{"game_id":"66","game_type":"25315","game_link":"andora1995","game_news":"0","startdate":"05.02.1995 12:00 am","enddate":"09.02.1995 12:00 am","place":"Andora","year":"1995","logo":"https:\/\/olimpijski.pl\/wp-content\/uploads\/2020\/06\/andora1995.png","special_bg_img":false,"hide_breadcrumbs":[]},"_links":{"self":[{"href":"https:\/\/olimpijski.pl\/en\/wp-json\/wp\/v2\/olympics_eyof\/5925"}],"collection":[{"href":"https:\/\/olimpijski.pl\/en\/wp-json\/wp\/v2\/olympics_eyof"}],"about":[{"href":"https:\/\/olimpijski.pl\/en\/wp-json\/wp\/v2\/types\/olympics_eyof"}],"version-history":[{"count":2,"href":"https:\/\/olimpijski.pl\/en\/wp-json\/wp\/v2\/olympics_eyof\/5925\/revisions"}],"predecessor-version":[{"id":31376,"href":"https:\/\/olimpijski.pl\/en\/wp-json\/wp\/v2\/olympics_eyof\/5925\/revisions\/31376"}],"wp:attachment":[{"href":"https:\/\/olimpijski.pl\/en\/wp-json\/wp\/v2\/media?parent=5925"}],"curies":[{"name":"wp","href":"https:\/\/api.w.org\/{rel}","templated":true}]}}

<h1 class="main-title wp-block-heading"><strong>II Zimowy EYOD</strong><br>Andora 1995</h1>



<p><br></p>



<p><img loading="lazy" decoding="async" src="https://www.olimpijski.pl/files/loga/EYOF_z_andora_95.jpg" alt="" width="89" height="131"> </p>



<p><strong>ANDORRA, 5-9 lutego 1995</strong></p>



<p>W&nbsp;imprezie wzięło udział 740 uczestników z&nbsp;39 państw. Organizatorzy zadbali szczególnie o&nbsp;bardzo dobre naśnieżenie tras biatlonowych i&nbsp;narciarskich oraz&nbsp;o&nbsp;bardzo punktualny transport na&nbsp;obiekty sportowe. Ceremonia otwarcia odbyła się w&nbsp;hali lodowej &#8211; w&nbsp;bardzo prestiżowym miejscu stolicy Andory w&nbsp;La Vella.</p>



<p>Przewodniczący Międzynarodowego Komitetu Olimpijskiego Juan Antonio Samaranch &#8211; w&nbsp;swym wystąpieniu inauguracyjnym w&nbsp;Pałacu Zimowym w&nbsp;La Vella obiecał popierać tę imprezę i&nbsp;wspomagać udział ekip w&nbsp;EYOD środkami z&nbsp;Solidarności Olimpijskiej MKOl.</p>



<p>Zawody w&nbsp;Andorze zostały rozegrane w&nbsp;kategorii wiekowej młodzieży ur. w&nbsp;latach 1978-79. Rywalizowano w&nbsp;biathlonie, konkurencjach alpejskich, biegach narciarskich, łyżwiarstwie figurowym. Andorra powitała uczestników dużą gościnnością i&nbsp;znakomitymi warunkami zakwaterowania w&nbsp;hotelach trzy a&nbsp;nawet czterogwiazdkowych.&nbsp;&nbsp;</p>



<div class="wp-block-image"><figure class="aligncenter"><img decoding="async" src="https://www.olimpijski.pl/files/images/Andorra1995.jpg" alt=""/></figure></div>



<p>Polacy wystąpili w&nbsp;biathlonie, biegach narciarskich, łyżwiarstwie figurowym. Zdobyli jeden medal srebrny zajmując dziesiąte miejsce w&nbsp;ogólnej klasyfikacji medalowej. Zwyciężyli zawodniczki i&nbsp;zawodnicy z&nbsp;Włoch &#8211; 11 medali (4, 5, 2), na&nbsp;drugim miejscu Francja &#8211; 6 medali (3, 1, 2), na&nbsp;trzecim Rosja &#8211; 6 medali (2, 2, 2). Medale zdobywali zawodnicy z&nbsp;16 krajów.</p>



<p>Bardzo dobrze spisała się polska para taneczna Jolanta Bury i&nbsp;Łukasz Zalewski, zdobywając w&nbsp;trudnej konkurencji znakomite drugie miejsce. Sukces jest tym większy, że&nbsp;do&nbsp;złotego medalu zabrakło zaledwie 0,5 punktu a&nbsp;srebrny medal cieszy tym bardziej, że&nbsp;zdobyty został po bardzo trudnych przygotowaniach i&nbsp;problemach z&nbsp;lodowiskiem przez&nbsp;zawodami. Polski Związek Łyżwiarstwa Figurowego &#8211; po sukcesie w&nbsp;Andorze &#8211; objął tę parę programem przygotowań do&nbsp;Zimowych Igrzysk Olimpijskich w&nbsp;Nagano.</p>



<p>Słabo spisali się nasi biegacze i&nbsp;biathloniści zajmując odległe miejsca. Polski Związek Narciarski i&nbsp;Polski Związek Biathlonu dokonają analizy i&nbsp;oceny stanu posiadania kadrowiczów &#8211; juniorów.</p>



<p>Szefem Misji był Tadeusz Wróblewski.</p>



<h2 class="wp-block-heading"><strong>MEDALE REPREZENTACJI</strong> <strong>POLSKI</strong></h2>



<p><strong>Srebrny medal</strong><br>Jolanta BURY, Łukasz ZALEWSKI &#8211; łyżwiarstwo figurowe, pary taneczne</p>

<p>II Zimowy EYODAndora 1995 ANDORRA, 5-9 lutego 1995 W&nbsp;imprezie wzięło udział 740 uczestników z&nbsp;39 państw. Organizatorzy zadbali szczególnie o&nbsp;bardzo dobre naśnieżenie tras</p>
