{"id":5927,"date":"1999-06-17T14:00:28","date_gmt":"1999-06-17T12:00:28","guid":{"rendered":"https:\/\/wai-q98d7hpf9hy9k.wpallimport-demo.qsandbox.me\/olympics_eyof\/poprad-1999\/"},"modified":"2020-10-08T09:48:43","modified_gmt":"2020-10-08T07:48:43","slug":"v-zimowy-eyod-poprad-1999","status":"publish","type":"olympics_eyof","link":"https:\/\/olimpijski.pl\/en\/olympics_eyof\/v-zimowy-eyod-poprad-1999\/","title":{"rendered":"V Zimowy EYOD &#8211; Poprad 1999"},"content":{"rendered":"\n<h1 class=\"main-title wp-block-heading\"><strong>V Zimowy EYOD<\/strong><br>Poprad 1999<\/h1>\n\n\n\n<p><br><\/p>\n\n\n\n<p><img loading=\"lazy\" decoding=\"async\" width=\"100\" height=\"147\" src=\"https:\/\/www.olimpijski.pl\/files\/loga\/EYOF_z_poprad_99.jpg\" alt=\"\"> <\/p>\n\n\n\n<p><strong>POPRAD (S\u0142owacja), 6-12 marca 1999<\/strong><\/p>\n\n\n\n<p>W\u00a0VI Zimowych Olimpijskich Dniach M\u0142odzie\u017cy Europy rozegranych w\u00a0Popradzie w\u00a0dniach 6-12 marca 1999 r. Polsk\u0119 reprezentowa\u0142o 17 dziewcz\u0105t, 18 ch\u0142opc\u00f3w, trener\u00f3w i\u00a01 s\u0119dzia. Zawody zosta\u0142y rozegrane w\u00a0kategorii wiekowej m\u0142odzie\u017cy ur. w\u00a0latach 1982-83. G\u0142\u00f3wnym miastem imprezy by\u0142 s\u0142owacki Poprad, ale\u00a0konkurencje biathlonowe rozegrano w\u00a0Orbslje a\u00a0konkurencje alpejskie i\u00a0skoki narciarskie w\u00a0Szczyrbskim Plesie. Tam te\u017c zlokalizowano wiosk\u0119 zawodnicz\u0105.<\/p>\n\n\n\n<div class=\"wp-block-image\"><figure class=\"aligncenter\"><img decoding=\"async\" src=\"https:\/\/www.olimpijski.pl\/files\/images\/Poprad1999.jpg\" alt=\"\"\/><\/figure><\/div>\n\n\n\n<p>Polacy wzi\u0119li udzia\u0142 w&nbsp;konkurencjach alpejskich, w&nbsp;biegach narciarskich, skokach narciarskich, w&nbsp;\u0142y\u017cwiarstwie figurowym i&nbsp;short tracku. Zgodnie z&nbsp;regulaminem sk\u0142ad reprezentacji oparty by\u0142 o&nbsp;roczniki 1982-83. Og\u00f3\u0142em w&nbsp;imprezie uczestniczy\u0142o ponad 700 zawodniczek i&nbsp;zawodnik\u00f3w z&nbsp;40 kraj\u00f3w Europy. Polacy zaj\u0119li 18. miejsce w&nbsp;og\u00f3lnej klasyfikacji medalowej. Zwyci\u0119\u017cyli zawodniczki i&nbsp;zawodnicy z&nbsp;Rosji &#8211; 22 medale (12, 6, 4), na&nbsp;drugim miejscu uplasowa\u0142a si\u0119 Francja &#8211; 11 medali (3, 5, 3), na&nbsp;trzecim Finlandia &#8211; 8 medali (3, 2, 3). Medale zdobywali zawodnicy z&nbsp;19 kraj\u00f3w.<\/p>\n\n\n\n<p>Br\u0105zowy medal w&nbsp;biathlonowym biegu na&nbsp;7,5 km zdoby\u0142 Bart\u0142omiej Ponikwia. Uparty ch\u0142opak trenuj\u0105cy w&nbsp;WKS Zakopane przegra\u0142 rywalizacj\u0119 jedynie z&nbsp;utytu\u0142owanymi Rosjanami. Zako\u0144czy\u0142 bieg z&nbsp;bezb\u0142\u0119dnym strzelaniem.&nbsp; Dobrze zaprezentowa\u0142a si\u0119 te\u017c biathlonowa sztafeta mieszana 4&#215;5 km zajmuj\u0105c czwarte miejsce. Katarzyna Ponikwia, Beata Kie\u0142tyka, Grzegorz Bodziana i&nbsp;Bart\u0142omiej Ponikwia jako jedyni dobiegli do&nbsp;mety bez&nbsp;rundy karnej. Do medalu br\u0105zowego zabrak\u0142o nieco si\u0142 w&nbsp;biegu.<\/p>\n\n\n\n<p>Punktowane miejsca zosta\u0142y zdobyte r\u00f3wnie\u017c w&nbsp;slalomie dziewcz\u0105t (5. miejsce), slalomie ch\u0142opc\u00f3w (5. miejsce), w&nbsp;biathlonowym biegu dziewcz\u0105t na&nbsp;10 km (6. miejsce &#8211; obiecuj\u0105ca Beata Kie\u0142tyka bieg\u0142a na&nbsp;drugiej pozycji i&nbsp;z braku do\u015bwiadczenia pomyli\u0142a tras\u0119 trac\u0105c pewny medal), super gigancie dziewcz\u0105t (7. miejsce ), 6. lokat\u0119 zaj\u0119\u0142a para taneczna.<\/p>\n\n\n\n<p>Wyst\u0119p w&nbsp;Popradzie mia\u0142 dla&nbsp;Polski znaczenie nie tylko sportowe. Polska reprezentacja promowa\u0142a podczas tej imprezy kandydatur\u0119 Zakopanego do&nbsp;organizacji Zimowych Igrzysk Olimpijskich w&nbsp;2006 roku. Zawodniczki i&nbsp;zawodnicy byli wyposa\u017ceni w&nbsp;materia\u0142y promocyjne miasta Zakopanego.<\/p>\n\n\n\n<p>Szefem Misji by\u0142 Jaros\u0142aw Czapli\u0144ski.<\/p>\n\n\n\n<h2 class=\"wp-block-heading\"><strong>MEDALE REPREZENTACJI POLSKI<\/strong><\/h2>\n\n\n\n<p><strong>Br\u0105zowy medal<\/strong><br>Bart\u0142omiej PONIKWIA &#8211; biathlon, bieg na&nbsp;7,5 km<\/p>\n","protected":false},"excerpt":{"rendered":"<p>V Zimowy EYODPoprad 1999 POPRAD (S\u0142owacja), 6-12 marca 1999 W\u00a0VI Zimowych Olimpijskich Dniach M\u0142odzie\u017cy Europy rozegranych w\u00a0Popradzie w\u00a0dniach 6-12 marca 1999 r.<\/p>\n","protected":false},"featured_media":0,"parent":0,"menu_order":0,"template":"templates\/olympic_main_subpage.php","meta":{"_acf_changed":false,"ub_ctt_via":"","footnotes":""},"class_list":["post-5927","olympics_eyof","type-olympics_eyof","status-publish","hentry","infinite-scroll-item","no-featured-image-padding"],"acf":{"game_id":"68","game_type":"25315","game_link":"poprad1999","game_news":"0","startdate":"06.03.1999 12:00 am","enddate":"12.03.1999 12:00 am","place":"Poprad","year":"1999","logo":"https:\/\/olimpijski.pl\/wp-content\/uploads\/2020\/06\/poprad1999.png","special_bg_img":false,"hide_breadcrumbs":[],"competitions_olympic":false,"histroy_tabs":false},"_links":{"self":[{"href":"https:\/\/olimpijski.pl\/en\/wp-json\/wp\/v2\/olympics_eyof\/5927"}],"collection":[{"href":"https:\/\/olimpijski.pl\/en\/wp-json\/wp\/v2\/olympics_eyof"}],"about":[{"href":"https:\/\/olimpijski.pl\/en\/wp-json\/wp\/v2\/types\/olympics_eyof"}],"version-history":[{"count":1,"href":"https:\/\/olimpijski.pl\/en\/wp-json\/wp\/v2\/olympics_eyof\/5927\/revisions"}],"predecessor-version":[{"id":31382,"href":"https:\/\/olimpijski.pl\/en\/wp-json\/wp\/v2\/olympics_eyof\/5927\/revisions\/31382"}],"wp:attachment":[{"href":"https:\/\/olimpijski.pl\/en\/wp-json\/wp\/v2\/media?parent=5927"}],"curies":[{"name":"wp","href":"https:\/\/api.w.org\/{rel}","templated":true}]}}

<h1 class="main-title wp-block-heading"><strong>V Zimowy EYOD</strong><br>Poprad 1999</h1>



<p><br></p>



<p><img loading="lazy" decoding="async" width="100" height="147" src="https://www.olimpijski.pl/files/loga/EYOF_z_poprad_99.jpg" alt=""> </p>



<p><strong>POPRAD (Słowacja), 6-12 marca 1999</strong></p>



<p>W VI Zimowych Olimpijskich Dniach Młodzieży Europy rozegranych w Popradzie w dniach 6-12 marca 1999 r. Polskę reprezentowało 17 dziewcząt, 18 chłopców, trenerów i 1 sędzia. Zawody zostały rozegrane w kategorii wiekowej młodzieży ur. w latach 1982-83. Głównym miastem imprezy był słowacki Poprad, ale konkurencje biathlonowe rozegrano w Orbslje a konkurencje alpejskie i skoki narciarskie w Szczyrbskim Plesie. Tam też zlokalizowano wioskę zawodniczą.</p>



<div class="wp-block-image"><figure class="aligncenter"><img decoding="async" src="https://www.olimpijski.pl/files/images/Poprad1999.jpg" alt=""/></figure></div>



<p>Polacy wzięli udział w&nbsp;konkurencjach alpejskich, w&nbsp;biegach narciarskich, skokach narciarskich, w&nbsp;łyżwiarstwie figurowym i&nbsp;short tracku. Zgodnie z&nbsp;regulaminem skład reprezentacji oparty był o&nbsp;roczniki 1982-83. Ogółem w&nbsp;imprezie uczestniczyło ponad 700 zawodniczek i&nbsp;zawodników z&nbsp;40 krajów Europy. Polacy zajęli 18. miejsce w&nbsp;ogólnej klasyfikacji medalowej. Zwyciężyli zawodniczki i&nbsp;zawodnicy z&nbsp;Rosji &#8211; 22 medale (12, 6, 4), na&nbsp;drugim miejscu uplasowała się Francja &#8211; 11 medali (3, 5, 3), na&nbsp;trzecim Finlandia &#8211; 8 medali (3, 2, 3). Medale zdobywali zawodnicy z&nbsp;19 krajów.</p>



<p>Brązowy medal w&nbsp;biathlonowym biegu na&nbsp;7,5 km zdobył Bartłomiej Ponikwia. Uparty chłopak trenujący w&nbsp;WKS Zakopane przegrał rywalizację jedynie z&nbsp;utytułowanymi Rosjanami. Zakończył bieg z&nbsp;bezbłędnym strzelaniem.&nbsp; Dobrze zaprezentowała się też biathlonowa sztafeta mieszana 4&#215;5 km zajmując czwarte miejsce. Katarzyna Ponikwia, Beata Kiełtyka, Grzegorz Bodziana i&nbsp;Bartłomiej Ponikwia jako jedyni dobiegli do&nbsp;mety bez&nbsp;rundy karnej. Do medalu brązowego zabrakło nieco sił w&nbsp;biegu.</p>



<p>Punktowane miejsca zostały zdobyte również w&nbsp;slalomie dziewcząt (5. miejsce), slalomie chłopców (5. miejsce), w&nbsp;biathlonowym biegu dziewcząt na&nbsp;10 km (6. miejsce &#8211; obiecująca Beata Kiełtyka biegła na&nbsp;drugiej pozycji i&nbsp;z braku doświadczenia pomyliła trasę tracąc pewny medal), super gigancie dziewcząt (7. miejsce ), 6. lokatę zajęła para taneczna.</p>



<p>Występ w&nbsp;Popradzie miał dla&nbsp;Polski znaczenie nie tylko sportowe. Polska reprezentacja promowała podczas tej imprezy kandydaturę Zakopanego do&nbsp;organizacji Zimowych Igrzysk Olimpijskich w&nbsp;2006 roku. Zawodniczki i&nbsp;zawodnicy byli wyposażeni w&nbsp;materiały promocyjne miasta Zakopanego.</p>



<p>Szefem Misji był Jarosław Czapliński.</p>



<h2 class="wp-block-heading"><strong>MEDALE REPREZENTACJI POLSKI</strong></h2>



<p><strong>Brązowy medal</strong><br>Bartłomiej PONIKWIA &#8211; biathlon, bieg na&nbsp;7,5 km</p>

<p>V Zimowy EYODPoprad 1999 POPRAD (Słowacja), 6-12 marca 1999 W VI Zimowych Olimpijskich Dniach Młodzieży Europy rozegranych w Popradzie w dniach 6-12 marca 1999 r.</p>
