{"id":5929,"date":"2003-06-17T14:00:28","date_gmt":"2003-06-17T12:00:28","guid":{"rendered":"https:\/\/wai-q98d7hpf9hy9k.wpallimport-demo.qsandbox.me\/olympics_eyof\/bled-2003\/"},"modified":"2020-10-08T10:17:56","modified_gmt":"2020-10-08T08:17:56","slug":"vi-zimowy-eyof-bled-2003","status":"publish","type":"olympics_eyof","link":"https:\/\/olimpijski.pl\/en\/olympics_eyof\/vi-zimowy-eyof-bled-2003\/","title":{"rendered":"VI Zimowy EYOF &#8211; Bled 2003"},"content":{"rendered":"\n<h1 class=\"main-title wp-block-heading\"><strong>VI Zimowy EYOF<\/strong><br>Bled 2003<\/h1>\n\n\n\n<p><br><\/p>\n\n\n\n<p><img loading=\"lazy\" decoding=\"async\" width=\"170\" height=\"158\" src=\"https:\/\/www.olimpijski.pl\/files\/loga\/EYOF_Z_bled_2003.jpg\" alt=\"\"> <\/p>\n\n\n\n<p><strong>BLED (S\u0142owenia), 25-31 stycznia 2003<\/strong><\/p>\n\n\n\n<p>Od tej edycji impreza zmieni\u0142a nazw\u0119 przekszta\u0142caj\u0105c si\u0119 w\u00a0<strong>festiwal<\/strong>. W\u00a0VI Zimowym Olimpijskim Festiwalu M\u0142odzie\u017cy Europy rozegranym w\u00a0miejscowo\u015bci Bled w\u00a0S\u0142owenii w\u00a0dniach 25-31 stycznia 2003 r. wzi\u0119\u0142o udzia\u0142 13 dziewcz\u0105t, 20 ch\u0142opc\u00f3w, 10 trener\u00f3w i\u00a01 s\u0119dzia. Zawody zosta\u0142y rozegrane w\u00a0kategorii wiekowej m\u0142odzie\u017cy ur. w\u00a0latach 85-86.<\/p>\n\n\n\n<p>Polska reprezentacja wzi\u0119\u0142a udzia\u0142 w&nbsp;konkurencjach alpejskich,w biegach narciarskich, skokach narciarskich, kombinacji norweskiej, w&nbsp;\u0142y\u017cwiarstwie figurowym i&nbsp;w biathlonie. Zawody biathlonowe rozegrano w&nbsp;oddalonej o&nbsp;30 km od&nbsp;Bled Pokljuce. Na trasach Pokljuki rozgrywany jest biathlonowy Puchar \u015awiata senior\u00f3w.<\/p>\n\n\n\n<p>W\u015br\u00f3d polskiej reprezentacji negatywn\u0105 ocen\u0119 mo\u017cna wystawi\u0107 zawodnikom w&nbsp;kombinacji norweskiej oraz&nbsp;w&nbsp;narciarstwie biegowym. Miejsca w&nbsp;trzeciej dziesi\u0105tce potwierdzaj\u0105, \u017ce&nbsp;ekipa nie zosta\u0142a dobrze przygotowana do&nbsp;startu. Skoczkowie narciarscy zaprezentowali si\u0119 na&nbsp;\u015bredniej skoczni w&nbsp;Planicy na&nbsp;poziomie ich mo\u017cliwo\u015bci zajmuj\u0105c miejsca w&nbsp;drugiej dziesi\u0105tce. Fatalny wyst\u0119p zanotowa\u0142y alpejki. \u017badna z&nbsp;nich nie uko\u0144czy\u0142a slalomu, tak jak i&nbsp;\u017caden zawodnik nie uko\u0144czy\u0142 slalomu giganta. Biathloni\u015bci zajmowali w&nbsp;swych wyst\u0119pach odleg\u0142e miejsca w&nbsp;trzeciej i&nbsp;czwartej dziesi\u0105tce. Solista Przemys\u0142aw Doma\u0144ski zaj\u0105\u0142 dziesi\u0105te miejsce na&nbsp;23 startuj\u0105cych a&nbsp;para taneczna 10. miejsce na&nbsp;13 startuj\u0105cych.<\/p>\n\n\n\n<p>Polacy nie zdobywaj\u0105c medalu nie zostali sklasyfikowani w&nbsp;og\u00f3lnej klasyfikacji medalowej. Zwyci\u0119\u017cyli zawodniczki i&nbsp;zawodnicy z&nbsp;Rosji &#8211; 15 medali (9, 5, 1), na&nbsp;drugim miejscu Norwegia &#8211; 19 medali (7, 7, 5), na&nbsp;trzecim Czechy &#8211; 9 medali (2, 3, 4). Medale zdobywali zawodnicy z&nbsp;15 kraj\u00f3w.<\/p>\n\n\n\n<p>Zgodnie z&nbsp;regulaminem sk\u0142ad reprezentacji oparty by\u0142 o&nbsp;roczniki 1985, 86, 87. Og\u00f3\u0142em w&nbsp;imprezie uczestniczy\u0142o ponad 800 zawodniczek i&nbsp;zawodnik\u00f3w z&nbsp;41 kraj\u00f3w Europy.<\/p>\n\n\n\n<p>Brak zdobyczy medalowych sk\u0142oni\u0142 kierownictwo PKOl do&nbsp;zastanowienia si\u0119 czy na&nbsp;przysz\u0142e edycje zimowe nale\u017cy wysy\u0142a\u0107 maksymalny liczbowo sk\u0142ad.<\/p>\n\n\n\n<p>Szefem Misji by\u0142 Andrzej Kozak.<\/p>\n","protected":false},"excerpt":{"rendered":"<p>VI Zimowy EYOFBled 2003 BLED (S\u0142owenia), 25-31 stycznia 2003 Od tej edycji impreza zmieni\u0142a nazw\u0119 przekszta\u0142caj\u0105c si\u0119 w\u00a0festiwal. W\u00a0VI Zimowym Olimpijskim Festiwalu<\/p>\n","protected":false},"featured_media":0,"parent":0,"menu_order":0,"template":"templates\/olympic_main_subpage.php","meta":{"_acf_changed":false,"ub_ctt_via":"","footnotes":""},"class_list":["post-5929","olympics_eyof","type-olympics_eyof","status-publish","hentry","infinite-scroll-item","no-featured-image-padding"],"acf":{"game_id":"70","game_type":"25315","game_link":"bled2003","game_news":"0","startdate":"25.01.2003 12:00 am","enddate":"31.01.2003 12:00 am","place":"Bled","year":"2003","logo":"https:\/\/olimpijski.pl\/wp-content\/uploads\/2020\/06\/bled2003.png","special_bg_img":false,"hide_breadcrumbs":[],"competitions_olympic":false,"histroy_tabs":false},"_links":{"self":[{"href":"https:\/\/olimpijski.pl\/en\/wp-json\/wp\/v2\/olympics_eyof\/5929"}],"collection":[{"href":"https:\/\/olimpijski.pl\/en\/wp-json\/wp\/v2\/olympics_eyof"}],"about":[{"href":"https:\/\/olimpijski.pl\/en\/wp-json\/wp\/v2\/types\/olympics_eyof"}],"version-history":[{"count":1,"href":"https:\/\/olimpijski.pl\/en\/wp-json\/wp\/v2\/olympics_eyof\/5929\/revisions"}],"predecessor-version":[{"id":31408,"href":"https:\/\/olimpijski.pl\/en\/wp-json\/wp\/v2\/olympics_eyof\/5929\/revisions\/31408"}],"wp:attachment":[{"href":"https:\/\/olimpijski.pl\/en\/wp-json\/wp\/v2\/media?parent=5929"}],"curies":[{"name":"wp","href":"https:\/\/api.w.org\/{rel}","templated":true}]}}

<h1 class="main-title wp-block-heading"><strong>VI Zimowy EYOF</strong><br>Bled 2003</h1>



<p><br></p>



<p><img loading="lazy" decoding="async" width="170" height="158" src="https://www.olimpijski.pl/files/loga/EYOF_Z_bled_2003.jpg" alt=""> </p>



<p><strong>BLED (Słowenia), 25-31 stycznia 2003</strong></p>



<p>Od tej edycji impreza zmieniła nazwę przekształcając się w <strong>festiwal</strong>. W VI Zimowym Olimpijskim Festiwalu Młodzieży Europy rozegranym w miejscowości Bled w Słowenii w dniach 25-31 stycznia 2003 r. wzięło udział 13 dziewcząt, 20 chłopców, 10 trenerów i 1 sędzia. Zawody zostały rozegrane w kategorii wiekowej młodzieży ur. w latach 85-86.</p>



<p>Polska reprezentacja wzięła udział w&nbsp;konkurencjach alpejskich,w biegach narciarskich, skokach narciarskich, kombinacji norweskiej, w&nbsp;łyżwiarstwie figurowym i&nbsp;w biathlonie. Zawody biathlonowe rozegrano w&nbsp;oddalonej o&nbsp;30 km od&nbsp;Bled Pokljuce. Na trasach Pokljuki rozgrywany jest biathlonowy Puchar Świata seniorów.</p>



<p>Wśród polskiej reprezentacji negatywną ocenę można wystawić zawodnikom w&nbsp;kombinacji norweskiej oraz&nbsp;w&nbsp;narciarstwie biegowym. Miejsca w&nbsp;trzeciej dziesiątce potwierdzają, że&nbsp;ekipa nie została dobrze przygotowana do&nbsp;startu. Skoczkowie narciarscy zaprezentowali się na&nbsp;średniej skoczni w&nbsp;Planicy na&nbsp;poziomie ich możliwości zajmując miejsca w&nbsp;drugiej dziesiątce. Fatalny występ zanotowały alpejki. Żadna z&nbsp;nich nie ukończyła slalomu, tak jak i&nbsp;żaden zawodnik nie ukończył slalomu giganta. Biathloniści zajmowali w&nbsp;swych występach odległe miejsca w&nbsp;trzeciej i&nbsp;czwartej dziesiątce. Solista Przemysław Domański zajął dziesiąte miejsce na&nbsp;23 startujących a&nbsp;para taneczna 10. miejsce na&nbsp;13 startujących.</p>



<p>Polacy nie zdobywając medalu nie zostali sklasyfikowani w&nbsp;ogólnej klasyfikacji medalowej. Zwyciężyli zawodniczki i&nbsp;zawodnicy z&nbsp;Rosji &#8211; 15 medali (9, 5, 1), na&nbsp;drugim miejscu Norwegia &#8211; 19 medali (7, 7, 5), na&nbsp;trzecim Czechy &#8211; 9 medali (2, 3, 4). Medale zdobywali zawodnicy z&nbsp;15 krajów.</p>



<p>Zgodnie z&nbsp;regulaminem skład reprezentacji oparty był o&nbsp;roczniki 1985, 86, 87. Ogółem w&nbsp;imprezie uczestniczyło ponad 800 zawodniczek i&nbsp;zawodników z&nbsp;41 krajów Europy.</p>



<p>Brak zdobyczy medalowych skłonił kierownictwo PKOl do&nbsp;zastanowienia się czy na&nbsp;przyszłe edycje zimowe należy wysyłać maksymalny liczbowo skład.</p>



<p>Szefem Misji był Andrzej Kozak.</p>

<p>VI Zimowy EYOFBled 2003 BLED (Słowenia), 25-31 stycznia 2003 Od tej edycji impreza zmieniła nazwę przekształcając się w festiwal. W VI Zimowym Olimpijskim Festiwalu</p>
