{"id":5932,"date":"2009-06-17T14:00:31","date_gmt":"2009-06-17T12:00:31","guid":{"rendered":"https:\/\/wai-q98d7hpf9hy9k.wpallimport-demo.qsandbox.me\/olympics_eyof\/lslask-beskidy-2009\/"},"modified":"2020-10-11T01:39:12","modified_gmt":"2020-10-10T23:39:12","slug":"ix-zimowy-eyof-slask-beskidy-2009","status":"publish","type":"olympics_eyof","link":"https:\/\/olimpijski.pl\/en\/olympics_eyof\/ix-zimowy-eyof-slask-beskidy-2009\/","title":{"rendered":"IX Zimowy EYOF &#8211; \u015al\u0105sk-Beskidy 2009"},"content":{"rendered":"\n<h1 class=\"main-title wp-block-heading\"><strong>IX Zimowy EYOF<\/strong><br>\u015al\u0105sk-Beskidy 2009<\/h1>\n\n\n\n<p><br><\/p>\n\n\n\n<figure class=\"wp-block-image size-large is-resized\"><img loading=\"lazy\" decoding=\"async\" src=\"https:\/\/olimpijski.pl\/wp-content\/uploads\/2020\/06\/slask-beskidy2009.png\" alt=\"\" class=\"wp-image-19415\" width=\"83\" height=\"127\"\/><\/figure>\n\n\n\n<p><strong>\u015aL\u0104SK-BESKIDY (Polska), 15-20 lutego 2009<\/strong><\/p>\n\n\n\n<p>W dniach 15-20 lutego 2009 roku Polska by\u0142a organizatorem IX Zimowego Olimpijskiego Festiwalu M\u0142odzie\u017cy Europy &#8220;\u015al\u0105sk-Beskidy 2009&#8221;. Gospodarzami imprezy by\u0142o 5 miast regionu: Szczyrk, Wis\u0142a, Bielsko-Bia\u0142a, Cieszyn i&nbsp;Tychy. By\u0142 to&nbsp;najwi\u0119kszy z&nbsp;dotychczas organizowanych zimowych festiwali.<\/p>\n\n\n\n<p>Wystartowali zawodnicy reprezentuj\u0105cy 46 kraj\u00f3w europejskich. Poza rekordow\u0105 liczb\u0105 1100 zawodnik\u00f3w w&nbsp;Festiwalu udzia\u0142 wzi\u0119li trenerzy i&nbsp;ekipy techniczne, lekarze, terapeuci oraz&nbsp;poka\u017ana grupa VIP-\u00f3w &#8211; go\u015bci z&nbsp;ca\u0142ej Europy, przede wszystkim cz\u0142onkowie Europejskich Komitet\u00f3w Olimpijskich.<\/p>\n\n\n\n<div class=\"wp-block-image\"><figure class=\"aligncenter\"><img decoding=\"async\" src=\"https:\/\/www.olimpijski.pl\/files\/Slask_Beskidy2009\/otwarcie_7.jpg\" alt=\"\"\/><\/figure><\/div>\n\n\n\n<p>Polska jako gospodarz imprezy mia\u0142a prawo startu we wszystkich dyscyplinach sportu obj\u0119tych programem, tzn. w&nbsp;biathlonie, curlingu, hokeju na&nbsp;lodzie, \u0142y\u017cwiarstwie figurowym, narciarstwie alpejskim, narciarstwie biegowym, skokach narciarskich, kombinacji norweskiej i&nbsp;snowboardzie.<\/p>\n\n\n\n<p>Og\u00f3\u0142em ekipa polska liczy\u0142a 72 zawodnik\u00f3w (w tym jeden skoczek narciarski, kt\u00f3ry w&nbsp;konkursie dru\u017cynowym wymieni\u0142 kontuzjowanego Artura Kuku\u0142\u0119) oraz&nbsp;24 trener\u00f3w i&nbsp;serwismen\u00f3w.<\/p>\n\n\n\n<p>Opiek\u0119 nad ekip\u0105 sprawowa\u0142a czteroosobowa misja olimpijska kierowana przez&nbsp;Szefa Misji Marzenn\u0119 Koszewsk\u0105 oraz&nbsp;pi\u0119cioosobowa misja medyczna, kt\u00f3rej przewodniczy\u0142 dr Krzysztof Osman. Ekipa polska zakwaterowana by\u0142a w&nbsp;hotelu Orle Gniazdo w&nbsp;Szczyrku, kt\u00f3ry by\u0142 g\u0142\u00f3wnym hotelem wydarzenia. Tam tak\u017ce funkcjonowa\u0142o biuro zawod\u00f3w, biuro prasowe oraz&nbsp;odbywa\u0142y si\u0119 spotkania szef\u00f3w misji wszystkich ekip uczestnicz\u0105cych w&nbsp;Festiwalu.<\/p>\n\n\n\n<p>W dniu 15 lutego w&nbsp;godzinach wieczornych przy skoczni narciarskiej &#8220;Skalite&#8221; odby\u0142a si\u0119 Ceremonia Otwarcia Festiwalu, w&nbsp;kt\u00f3rej uczestniczy\u0142 Prezydent EOC, cz\u0142onek MKOl p. Patrick Hickey oraz&nbsp;przedstawiciele Komitetu Wykonawczego EOC.<\/p>\n\n\n\n<div class=\"wp-block-image\"><figure class=\"aligncenter\"><img decoding=\"async\" src=\"https:\/\/www.olimpijski.pl\/files\/Slask_Beskidy2009\/eyof_1zloto_540.jpg\" alt=\"\"\/><\/figure><\/div>\n\n\n\n<p>Prezes PKOl p. Piotr Nurowski, Podsekretarz Stanu w&nbsp;Ministerstwie Sportu i&nbsp;Turystyki p. Tomasz P\u00f3\u0142grabski oraz&nbsp;przewodnicz\u0105cy Komitetu Organizacyjnego EYOF &#8220;\u015al\u0105sk Beskidy 2009&#8221; p. Tadeusz Pilarz oficjalnie otworzyli Festiwal i&nbsp;powitali przyby\u0142ych na&nbsp;ceremoni\u0119 go\u015bci i&nbsp;uczestnik\u00f3w.<\/p>\n\n\n\n<p>Otwarcie zosta\u0142o zorganizowane zgodnie z&nbsp;wymogami olimpijskimi: parada zawodnik\u00f3w, zapalenie znicza olimpijskiego, hymn i&nbsp;flaga olimpijska, przysi\u0119ga z\u0142o\u017cona przez&nbsp;polsk\u0105 biegaczk\u0119 Magdalen\u0119 Kozielsk\u0105 w&nbsp;imieniu startuj\u0105cych zawodnik\u00f3w oraz&nbsp;przez p. Marka Tucznio w&nbsp;imieniu s\u0119dzi\u00f3w. Zwie\u0144czeniem ceremonii by\u0142 koncert zespo\u0142u Golec uOrkiestra.<\/p>\n\n\n\n<p>Nast\u0119pnego dnia czyli od&nbsp;16 lutego rozpocz\u0119\u0142y si\u0119 zmagania sportowe m\u0142odych zawodnik\u00f3w, kt\u00f3re trwa\u0142y do&nbsp;20 lutego. 20 lutego tak\u017ce odby\u0142a si\u0119 Ceremonia zamkni\u0119cia EYOWF w&nbsp;Wi\u015ble. Zosta\u0142a ona poprzedzona wr\u0119czeniem medali zawodnikom startuj\u0105cym w&nbsp;ostatnim dniu. Po uroczysto\u015bci medalowej Festiwal zosta\u0142 oficjalnie zamkni\u0119ty, a&nbsp;flaga olimpijska przekazana nast\u0119pnym organizatorom zimowej edycji EYOWF &#8211; Liberec 2011. Delegacja Liberca by\u0142a obecna na&nbsp;wszystkich arenach Festiwalu jako obserwator, a&nbsp;w&nbsp;dniu 17 lutego zorganizowa\u0142a &#8220;Wiecz\u00f3r Liberca&#8221;, w&nbsp;kt\u00f3rym przedstawi\u0142a prezentacj\u0119 imprezy i&nbsp;regionu.<\/p>\n\n\n\n<div class=\"wp-block-image\"><figure class=\"aligncenter\"><img decoding=\"async\" src=\"https:\/\/www.olimpijski.pl\/files\/Slask_Beskidy2009\/otwarcie_1.jpg\" alt=\"\"\/><\/figure><\/div>\n\n\n\n<p>Og\u00f3\u0142em w&nbsp;Festiwalu 16 kraj\u00f3w zdoby\u0142o medale. Polska znalaz\u0142a si\u0119&nbsp;na&nbsp;9 miejscu w&nbsp;og\u00f3lnej klasyfikacji medalowej, zdobywaj\u0105c 4 medale w&nbsp;kombinacji norweskiej (1 z\u0142oty, 2 srebrne i&nbsp;1 br\u0105zowy) W&nbsp;klasyfikacji punktowej zaj\u0119li\u015bmy 10. miejsce.<\/p>\n\n\n\n<h2 class=\"wp-block-heading\"><strong>MEDALE REPREZENTACJI POLSKI<\/strong><\/h2>\n\n\n\n<p><strong>Z\u0142oty meda<\/strong>l<br>Pawe\u0142 S\u0141OWIOK &#8211; kombinacja norweska ind.<br><br><strong>Srebrne medale (2)<\/strong><br>Pawe\u0142 S\u0141OWIOK &#8211; kombinacja norweska ind.<br>Pawe\u0142 S\u0141OWIOK, Andrzej G\u0104SIENICA, Adam CIE\u015aLAR &#8211; kombinacja norweska dru\u017cynowo<br><br><strong>Br\u0105zowy medal<\/strong><br>Adam CIE\u015aLAR &#8211; kombinacja norweska ind.<\/p>\n","protected":false},"excerpt":{"rendered":"<p>IX Zimowy EYOF\u015al\u0105sk-Beskidy 2009 \u015aL\u0104SK-BESKIDY (Polska), 15-20 lutego 2009 W dniach 15-20 lutego 2009 roku Polska by\u0142a organizatorem IX Zimowego Olimpijskiego Festiwalu<\/p>\n","protected":false},"featured_media":0,"parent":0,"menu_order":0,"template":"templates\/olympic_main_subpage.php","meta":{"_acf_changed":false,"ub_ctt_via":"","footnotes":""},"class_list":["post-5932","olympics_eyof","type-olympics_eyof","status-publish","hentry","infinite-scroll-item","no-featured-image-padding"],"acf":{"game_id":"73","game_type":"25315","game_link":"slask-beskidy2009","game_news":"0","startdate":"15.02.2009 12:00 am","enddate":"20.02.2009 12:00 am","place":"\u015al\u0105sk-Beskidy","year":"2009","logo":"https:\/\/olimpijski.pl\/wp-content\/uploads\/2020\/06\/slask-beskidy2009.png","special_bg_img":false,"hide_breadcrumbs":[],"competitions_olympic":false,"histroy_tabs":false},"_links":{"self":[{"href":"https:\/\/olimpijski.pl\/en\/wp-json\/wp\/v2\/olympics_eyof\/5932"}],"collection":[{"href":"https:\/\/olimpijski.pl\/en\/wp-json\/wp\/v2\/olympics_eyof"}],"about":[{"href":"https:\/\/olimpijski.pl\/en\/wp-json\/wp\/v2\/types\/olympics_eyof"}],"version-history":[{"count":3,"href":"https:\/\/olimpijski.pl\/en\/wp-json\/wp\/v2\/olympics_eyof\/5932\/revisions"}],"predecessor-version":[{"id":34030,"href":"https:\/\/olimpijski.pl\/en\/wp-json\/wp\/v2\/olympics_eyof\/5932\/revisions\/34030"}],"wp:attachment":[{"href":"https:\/\/olimpijski.pl\/en\/wp-json\/wp\/v2\/media?parent=5932"}],"curies":[{"name":"wp","href":"https:\/\/api.w.org\/{rel}","templated":true}]}}

IX Zimowy EYOF &#8211; Śląsk-Beskidy 2009

<h1 class="main-title wp-block-heading"><strong>IX Zimowy EYOF</strong><br>Śląsk-Beskidy 2009</h1>



<p><br></p>



<figure class="wp-block-image size-large is-resized"><img loading="lazy" decoding="async" src="https://olimpijski.pl/wp-content/uploads/2020/06/slask-beskidy2009.png" alt="" class="wp-image-19415" width="83" height="127"/></figure>



<p><strong>ŚLĄSK-BESKIDY (Polska), 15-20 lutego 2009</strong></p>



<p>W dniach 15-20 lutego 2009 roku Polska była organizatorem IX Zimowego Olimpijskiego Festiwalu Młodzieży Europy &#8220;Śląsk-Beskidy 2009&#8221;. Gospodarzami imprezy było 5 miast regionu: Szczyrk, Wisła, Bielsko-Biała, Cieszyn i&nbsp;Tychy. Był to&nbsp;największy z&nbsp;dotychczas organizowanych zimowych festiwali.</p>



<p>Wystartowali zawodnicy reprezentujący 46 krajów europejskich. Poza rekordową liczbą 1100 zawodników w&nbsp;Festiwalu udział wzięli trenerzy i&nbsp;ekipy techniczne, lekarze, terapeuci oraz&nbsp;pokaźna grupa VIP-ów &#8211; gości z&nbsp;całej Europy, przede wszystkim członkowie Europejskich Komitetów Olimpijskich.</p>



<div class="wp-block-image"><figure class="aligncenter"><img decoding="async" src="https://www.olimpijski.pl/files/Slask_Beskidy2009/otwarcie_7.jpg" alt=""/></figure></div>



<p>Polska jako gospodarz imprezy miała prawo startu we wszystkich dyscyplinach sportu objętych programem, tzn. w&nbsp;biathlonie, curlingu, hokeju na&nbsp;lodzie, łyżwiarstwie figurowym, narciarstwie alpejskim, narciarstwie biegowym, skokach narciarskich, kombinacji norweskiej i&nbsp;snowboardzie.</p>



<p>Ogółem ekipa polska liczyła 72 zawodników (w tym jeden skoczek narciarski, który w&nbsp;konkursie drużynowym wymienił kontuzjowanego Artura Kukułę) oraz&nbsp;24 trenerów i&nbsp;serwismenów.</p>



<p>Opiekę nad ekipą sprawowała czteroosobowa misja olimpijska kierowana przez&nbsp;Szefa Misji Marzennę Koszewską oraz&nbsp;pięcioosobowa misja medyczna, której przewodniczył dr Krzysztof Osman. Ekipa polska zakwaterowana była w&nbsp;hotelu Orle Gniazdo w&nbsp;Szczyrku, który był głównym hotelem wydarzenia. Tam także funkcjonowało biuro zawodów, biuro prasowe oraz&nbsp;odbywały się spotkania szefów misji wszystkich ekip uczestniczących w&nbsp;Festiwalu.</p>



<p>W dniu 15 lutego w&nbsp;godzinach wieczornych przy skoczni narciarskiej &#8220;Skalite&#8221; odbyła się Ceremonia Otwarcia Festiwalu, w&nbsp;której uczestniczył Prezydent EOC, członek MKOl p. Patrick Hickey oraz&nbsp;przedstawiciele Komitetu Wykonawczego EOC.</p>



<div class="wp-block-image"><figure class="aligncenter"><img decoding="async" src="https://www.olimpijski.pl/files/Slask_Beskidy2009/eyof_1zloto_540.jpg" alt=""/></figure></div>



<p>Prezes PKOl p. Piotr Nurowski, Podsekretarz Stanu w&nbsp;Ministerstwie Sportu i&nbsp;Turystyki p. Tomasz Półgrabski oraz&nbsp;przewodniczący Komitetu Organizacyjnego EYOF &#8220;Śląsk Beskidy 2009&#8221; p. Tadeusz Pilarz oficjalnie otworzyli Festiwal i&nbsp;powitali przybyłych na&nbsp;ceremonię gości i&nbsp;uczestników.</p>



<p>Otwarcie zostało zorganizowane zgodnie z&nbsp;wymogami olimpijskimi: parada zawodników, zapalenie znicza olimpijskiego, hymn i&nbsp;flaga olimpijska, przysięga złożona przez&nbsp;polską biegaczkę Magdalenę Kozielską w&nbsp;imieniu startujących zawodników oraz&nbsp;przez p. Marka Tucznio w&nbsp;imieniu sędziów. Zwieńczeniem ceremonii był koncert zespołu Golec uOrkiestra.</p>



<p>Następnego dnia czyli od&nbsp;16 lutego rozpoczęły się zmagania sportowe młodych zawodników, które trwały do&nbsp;20 lutego. 20 lutego także odbyła się Ceremonia zamknięcia EYOWF w&nbsp;Wiśle. Została ona poprzedzona wręczeniem medali zawodnikom startującym w&nbsp;ostatnim dniu. Po uroczystości medalowej Festiwal został oficjalnie zamknięty, a&nbsp;flaga olimpijska przekazana następnym organizatorom zimowej edycji EYOWF &#8211; Liberec 2011. Delegacja Liberca była obecna na&nbsp;wszystkich arenach Festiwalu jako obserwator, a&nbsp;w&nbsp;dniu 17 lutego zorganizowała &#8220;Wieczór Liberca&#8221;, w&nbsp;którym przedstawiła prezentację imprezy i&nbsp;regionu.</p>



<div class="wp-block-image"><figure class="aligncenter"><img decoding="async" src="https://www.olimpijski.pl/files/Slask_Beskidy2009/otwarcie_1.jpg" alt=""/></figure></div>



<p>Ogółem w&nbsp;Festiwalu 16 krajów zdobyło medale. Polska znalazła się&nbsp;na&nbsp;9 miejscu w&nbsp;ogólnej klasyfikacji medalowej, zdobywając 4 medale w&nbsp;kombinacji norweskiej (1 złoty, 2 srebrne i&nbsp;1 brązowy) W&nbsp;klasyfikacji punktowej zajęliśmy 10. miejsce.</p>



<h2 class="wp-block-heading"><strong>MEDALE REPREZENTACJI POLSKI</strong></h2>



<p><strong>Złoty meda</strong>l<br>Paweł SŁOWIOK &#8211; kombinacja norweska ind.<br><br><strong>Srebrne medale (2)</strong><br>Paweł SŁOWIOK &#8211; kombinacja norweska ind.<br>Paweł SŁOWIOK, Andrzej GĄSIENICA, Adam CIEŚLAR &#8211; kombinacja norweska drużynowo<br><br><strong>Brązowy medal</strong><br>Adam CIEŚLAR &#8211; kombinacja norweska ind.</p>

<p>IX Zimowy EYOFŚląsk-Beskidy 2009 ŚLĄSK-BESKIDY (Polska), 15-20 lutego 2009 W dniach 15-20 lutego 2009 roku Polska była organizatorem IX Zimowego Olimpijskiego Festiwalu</p>

Śląsk-Beskidy
