{"id":5936,"date":"2015-06-17T14:00:31","date_gmt":"2015-06-17T12:00:31","guid":{"rendered":"https:\/\/wai-q98d7hpf9hy9k.wpallimport-demo.qsandbox.me\/olympics_eyof\/tbilisi-2015\/"},"modified":"2020-10-08T14:28:14","modified_gmt":"2020-10-08T12:28:14","slug":"xiii-letni-eyof-tbilisi-2015","status":"publish","type":"olympics_eyof","link":"https:\/\/olimpijski.pl\/en\/olympics_eyof\/xiii-letni-eyof-tbilisi-2015\/","title":{"rendered":"XIII Letni EYOF &#8211; Tbilisi 2015"},"content":{"rendered":"\n<h1 class=\"main-title wp-block-heading\"><strong>XIII Letni EYOF<\/strong><br>Tbilisi 2015<\/h1>\n\n\n\n<p><br><\/p>\n\n\n\n<figure class=\"wp-block-image\"><img decoding=\"async\" src=\"https:\/\/www.olimpijski.pl\/Media\/files\/tbilisi2015_logo_350.jpg\" alt=\"\"\/><\/figure>\n\n\n\n<p><strong>TBILISI (Gruzja), 26 lipca &#8211; 1 sierpnia 2015<\/strong><\/p>\n\n\n\n<p>W XIII Olimpijskim Festiwalu M\u0142odzie\u017cy Europy Tbilisi 2015 wystartowa\u0142o 3304 zawodnik\u00f3w z 50 kraj\u00f3w Europy. W Gruzji Polacy wywalczyli 9 medali: 1 z\u0142oty, 3 srebrne i\u00a05 br\u0105zowych. Ten dorobek uplasowa\u0142 Polsk\u0119 w\u00a0\u015brodku tabeli medalowej &#8211; na\u00a025. miejscu w\u00a0gronie 50 kraj\u00f3w. Najlepsza by\u0142a Rosja &#8211; 37 (17-9-11), potem W\u0142ochy &#8211; 23 (11-2-10) i\u00a0Francja &#8211; 22 (9-5-8).<br><br>Opr\u00f3cz siatkarzy, medale dla\u00a0Polski zdobyli: cztery lekkoatleci (srebro i\u00a0trzy br\u0105zowe), trzy p\u0142ywacy (srebro i\u00a0dwa br\u0105zowe) oraz\u00a0judocy (srebro).<\/p>\n\n\n\n<h2 class=\"wp-block-heading\"><strong>Polska M\u0142odzie\u017cowa Reprezentacja<\/strong><\/h2>\n\n\n<div class=\"wp-block-ub-content-toggle wp-block-ub-content-toggle-block\" id=\"ub-content-toggle-block-cb13e510-19e4-4b86-a04e-c06199d26f57\" data-mobilecollapse=\"false\" data-desktopcollapse=\"true\" data-preventcollapse=\"false\" data-showonlyone=\"false\">\n<div class=\"wp-block-ub-content-toggle-accordion\" style=\"border-color: #f1f1f1;\" id=\"ub-content-toggle-panel-block-\">\n\t\t\t<div class=\"wp-block-ub-content-toggle-accordion-title-wrap\" style=\"background-color: #f1f1f1;\" aria-controls=\"ub-content-toggle-panel-0-cb13e510-19e4-4b86-a04e-c06199d26f57\" tabindex=\"0\">\n\t\t\t<p class=\"wp-block-ub-content-toggle-accordion-title ub-content-toggle-title-cb13e510-19e4-4b86-a04e-c06199d26f57\" style=\"color: #000000; \">Sk\u0142ad<\/p>\n\t\t\t<div class=\"wp-block-ub-content-toggle-accordion-toggle-wrap right\" style=\"color: #000000;\"><span class=\"wp-block-ub-content-toggle-accordion-state-indicator wp-block-ub-chevron-down\"><\/span><\/div>\n\t\t<\/div>\n\t\t\t<div role=\"region\" aria-expanded=\"false\" class=\"wp-block-ub-content-toggle-accordion-content-wrap ub-hide\" id=\"ub-content-toggle-panel-0-cb13e510-19e4-4b86-a04e-c06199d26f57\">\n\n<p><br><\/p>\n\n\n\n<h2 class=\"wp-block-heading\"><strong>Gimnastyka<\/strong><\/h2>\n\n\n\n<p>BULANDA MA\u0141GORZATA<br>DRONIA PATRYCJA<br>G\u00d3RSKI DOMINIK<br>DR\u0104\u017bKOWSKI IGOR<\/p>\n\n\n\n<h2 class=\"wp-block-heading\"><strong>Pi\u0142ka siatkowa<\/strong><\/h2>\n\n\n\n<p>LIPSKA ALEKSANDRA<br>STENZEL MARIA<br>MICHALAK OLIWIA<br>MUSZY\u0143SKA ADRIANNA<br>MUREK NATALIA<br>NOWICKA JULIA<br>RASI\u0143SKA ALEKSANDRA<br>SOBICZEWSKA WERONIKA<br>\u015aWIDER PAULINA<br>\u015aWIRAD MARTYNA<br>FEDUSIO MONIKA<br>WO\u0141ODKO WERONIKA<br>DOMAGA\u0141A DAMIAN<br>DROSZY\u0143SKI KAMIL<br>FORNAL TOMASZ<br>KOCHANOWSKI JAKUB<br>KOZUB \u0141UKASZ<br>KWOLEK BARTOSZ<br>MAS\u0141OWSKI MATEUSZ<br>NIEMIEC PATRYK<br>POLCZYK TOMASZ<br>SZYMA\u0143SKI JAKUB<br>WOCH DAWID<br>ZIOBROWSKI JAKUB<\/p>\n\n\n\n<h2 class=\"wp-block-heading\"><strong>Kolarstwo<\/strong><\/h2>\n\n\n\n<p>JASKULSKA MARTA<br>POLAK WIKTORIA<br>TRZEBI\u0143SKA ALEKSANDRA<br>MACIEJUK FILIP<br>PAPIERSKI DAMIAN<br>RICHTER WIKTOR<\/p>\n\n\n\n<h2 class=\"wp-block-heading\"><strong>P\u0142ywanie<\/strong><\/h2>\n\n\n\n<p>FIEDKIEWICZ KORNELIA<br>MAZURKIEWICZ BARBARA<br>RUTKOWSKA AGNIESZKA<br>TRAMBOWICZ ZUZANNA<br>WI\u015aNIEWSKA OLIWIA<br>WO\u0179NIAK ZOFIA<br>CHMIELEWSKI JAKUB<br>KA\u0141U\u017bY\u0143SKI ANTONI<br>KA\u0179MIERCZAK KAMIL<br>KUSTO RAFA\u0141<br>M\u0141YNARCZYK KAROL<br>OSTROWSKI KAROL<br>PISZCZOROWICZ BARTOSZ<br>SOLAK \u0141UKASZ<br>STOKOWSKI KACPER<br>W\u0104GROWSKI MARCEL<\/p>\n\n\n\n<h2 class=\"wp-block-heading\"><strong>Lekoatletyka<\/strong><\/h2>\n\n\n\n<p>SZTEJKOWSKI DAMIAN<br>SMOSARSKI DOMINIK<br>WALICKI ANTONI<br>WR\u00d3BEL MATEUSZ<br>ZI\u0118BA SZYMON<br>LEBIODA STANIS\u0141AW<br>KARKOWSKI KRZYSZTOF<br>WARSZAWSKI KORNEL<br>SADOWSKI SZYMON<br>PAJ\u0104K RAFA\u0141<br>KRASKA NICOLE<br>ADAMEK KLAUDIA<br>\u0141OZOWSKA KAROLINA<br>CZAPLA ADRIANNA<br>TOPKA BEATA<br>MEGGER ELIZA<br>WOJTUNIK KLAUDIA<br>OBERDA JULIA<br>KULAK AGNIESZKA<br>R\u00d3\u017bA\u0143SKA EWA<br>WO\u0179NIAK ANGELIKA<br>MIECZKOWSKA WERONIKA<\/p>\n\n\n\n<h2 class=\"wp-block-heading\"><strong>Tenis<\/strong><\/h2>\n\n\n\n<p>RUTKOWSKA WIKTORIA<br>MICHALSKI DANIEL<br>DUDEK TOMASZ<br>HERTEL ANNA<\/p>\n\n\n\n<h2 class=\"wp-block-heading\"><strong>Judo<\/strong><\/h2>\n\n\n\n<p>MAJCHER DANUTA<br>MACHNICKA VANESSA<br>D\u0104BROWSKA ANNA<br>KULIK BARBARA<br>DZIOPA PAULINA<br>HABERKA KAROLINA<br>\u0141OZIAK PATRYK<br>KACZOR KACPER<br>STECKI J\u0118DRZEJ<br>KROGULSKI MACIEJ<br>JACKIEWICZ MICHA\u0141<br>ERYK RYCIAK<\/p>\n\n<\/div>\n\t\t<\/div>\n<\/div>\n\n\n<h2 class=\"wp-block-heading\"><strong>MEDALE REPREZENTACJI POLSKI<\/strong><\/h2>\n\n\n\n<p><strong>Z\u0142oty medal<\/strong><br>Kamil DROSZY\u0143SKI, \u0141ukasz KOZUB, Damian DOMAGA\u0141A, Jakub ZIOBROWSKI, Jakub KOCHANOWSKI, Dawid WOCH, Patryk NIEMIEC, Tomasz FORNAL, Bartosz KWOLEK, Jakub SZYMA\u0143SKI, Tomasz POLCZYK, Mateusz MAS\u0141OWSKI &#8211; dru\u017cyna siatkarzy<br><br><strong>Srebrne medale (3)<\/strong><br>Klaudia ADAMEK &#8211; lekkoatletyka, 100 m<br>Anna D\u0104BROWSKA &#8211; judo, 57 kg<br>Rafa\u0142 KUSTO &#8211; p\u0142ywanie, 200 m stylem klasycznym<\/p>\n\n\n\n<p><strong>Br\u0105zowe medale (5)<\/strong><br>Adrianna CZAPLA &#8211; lekkoatletyka, 800 m<br>Beata TOPKA &#8211; lekkoatletyka, 1500 m<br>Kornel WARSZAWSKI &#8211; lekkoatletyka, dysk<br>Kacper STOKOWSKI &#8211; p\u0142ywanie, 100 m stylem grzbietowym<br>Kacper STOKOWSKI, Rafa\u0142 KUSTO, Marcel W\u0104GROWSKI, Antoni KA\u0141U\u017bY\u0143SKI &#8211; sztafeta p\u0142ywak\u00f3w 4&#215;100 m stylem zm.<\/p>\n","protected":false},"excerpt":{"rendered":"<p>XIII Letni EYOFTbilisi 2015 TBILISI (Gruzja), 26 lipca &#8211; 1 sierpnia 2015 W XIII Olimpijskim Festiwalu M\u0142odzie\u017cy Europy Tbilisi 2015 wystartowa\u0142o 3304<\/p>\n","protected":false},"featured_media":0,"parent":0,"menu_order":0,"template":"templates\/olympic_main_subpage.php","meta":{"_acf_changed":false,"ub_ctt_via":"","footnotes":""},"class_list":["post-5936","olympics_eyof","type-olympics_eyof","status-publish","hentry","infinite-scroll-item","no-featured-image-padding"],"acf":{"game_id":"81","game_type":"25315","game_link":"tbilisi2015","game_news":"0","startdate":"26.07.2015 12:00 am","enddate":"01.08.2015 12:00 am","place":"Tbilisi","year":"2015","logo":"https:\/\/olimpijski.pl\/wp-content\/uploads\/2020\/06\/tbilisi2015.png","special_bg_img":false,"hide_breadcrumbs":[],"time_difference":{"time_difference_hour":"0","time_difference_min":"0"},"events":false,"adasda":"","competitions_olympic":false,"histroy_tabs":false},"_links":{"self":[{"href":"https:\/\/olimpijski.pl\/en\/wp-json\/wp\/v2\/olympics_eyof\/5936"}],"collection":[{"href":"https:\/\/olimpijski.pl\/en\/wp-json\/wp\/v2\/olympics_eyof"}],"about":[{"href":"https:\/\/olimpijski.pl\/en\/wp-json\/wp\/v2\/types\/olympics_eyof"}],"version-history":[{"count":3,"href":"https:\/\/olimpijski.pl\/en\/wp-json\/wp\/v2\/olympics_eyof\/5936\/revisions"}],"predecessor-version":[{"id":31777,"href":"https:\/\/olimpijski.pl\/en\/wp-json\/wp\/v2\/olympics_eyof\/5936\/revisions\/31777"}],"wp:attachment":[{"href":"https:\/\/olimpijski.pl\/en\/wp-json\/wp\/v2\/media?parent=5936"}],"curies":[{"name":"wp","href":"https:\/\/api.w.org\/{rel}","templated":true}]}}

<h1 class="main-title wp-block-heading"><strong>XIII Letni EYOF</strong><br>Tbilisi 2015</h1>



<p><br></p>



<figure class="wp-block-image"><img decoding="async" src="https://www.olimpijski.pl/Media/files/tbilisi2015_logo_350.jpg" alt=""/></figure>



<p><strong>TBILISI (Gruzja), 26 lipca &#8211; 1 sierpnia 2015</strong></p>



<p>W XIII Olimpijskim Festiwalu Młodzieży Europy Tbilisi 2015 wystartowało 3304 zawodników z 50 krajów Europy. W Gruzji Polacy wywalczyli 9 medali: 1 złoty, 3 srebrne i 5 brązowych. Ten dorobek uplasował Polskę w środku tabeli medalowej &#8211; na 25. miejscu w gronie 50 krajów. Najlepsza była Rosja &#8211; 37 (17-9-11), potem Włochy &#8211; 23 (11-2-10) i Francja &#8211; 22 (9-5-8).<br><br>Oprócz siatkarzy, medale dla Polski zdobyli: cztery lekkoatleci (srebro i trzy brązowe), trzy pływacy (srebro i dwa brązowe) oraz judocy (srebro).</p>



<h2 class="wp-block-heading"><strong>Polska Młodzieżowa Reprezentacja</strong></h2>


<div class="wp-block-ub-content-toggle wp-block-ub-content-toggle-block" id="ub-content-toggle-block-cb13e510-19e4-4b86-a04e-c06199d26f57" data-mobilecollapse="false" data-desktopcollapse="true" data-preventcollapse="false" data-showonlyone="false">
<div class="wp-block-ub-content-toggle-accordion" style="border-color: #f1f1f1;" id="ub-content-toggle-panel-block-">
			<div class="wp-block-ub-content-toggle-accordion-title-wrap" style="background-color: #f1f1f1;" aria-controls="ub-content-toggle-panel-0-cb13e510-19e4-4b86-a04e-c06199d26f57" tabindex="0">
			<p class="wp-block-ub-content-toggle-accordion-title ub-content-toggle-title-cb13e510-19e4-4b86-a04e-c06199d26f57" style="color: #000000; ">Skład</p>
			<div class="wp-block-ub-content-toggle-accordion-toggle-wrap right" style="color: #000000;"><span class="wp-block-ub-content-toggle-accordion-state-indicator wp-block-ub-chevron-down"></span></div>
		</div>
			<div role="region" aria-expanded="false" class="wp-block-ub-content-toggle-accordion-content-wrap ub-hide" id="ub-content-toggle-panel-0-cb13e510-19e4-4b86-a04e-c06199d26f57">

<p><br></p>



<h2 class="wp-block-heading"><strong>Gimnastyka</strong></h2>



<p>BULANDA MAŁGORZATA<br>DRONIA PATRYCJA<br>GÓRSKI DOMINIK<br>DRĄŻKOWSKI IGOR</p>



<h2 class="wp-block-heading"><strong>Piłka siatkowa</strong></h2>



<p>LIPSKA ALEKSANDRA<br>STENZEL MARIA<br>MICHALAK OLIWIA<br>MUSZYŃSKA ADRIANNA<br>MUREK NATALIA<br>NOWICKA JULIA<br>RASIŃSKA ALEKSANDRA<br>SOBICZEWSKA WERONIKA<br>ŚWIDER PAULINA<br>ŚWIRAD MARTYNA<br>FEDUSIO MONIKA<br>WOŁODKO WERONIKA<br>DOMAGAŁA DAMIAN<br>DROSZYŃSKI KAMIL<br>FORNAL TOMASZ<br>KOCHANOWSKI JAKUB<br>KOZUB ŁUKASZ<br>KWOLEK BARTOSZ<br>MASŁOWSKI MATEUSZ<br>NIEMIEC PATRYK<br>POLCZYK TOMASZ<br>SZYMAŃSKI JAKUB<br>WOCH DAWID<br>ZIOBROWSKI JAKUB</p>



<h2 class="wp-block-heading"><strong>Kolarstwo</strong></h2>



<p>JASKULSKA MARTA<br>POLAK WIKTORIA<br>TRZEBIŃSKA ALEKSANDRA<br>MACIEJUK FILIP<br>PAPIERSKI DAMIAN<br>RICHTER WIKTOR</p>



<h2 class="wp-block-heading"><strong>Pływanie</strong></h2>



<p>FIEDKIEWICZ KORNELIA<br>MAZURKIEWICZ BARBARA<br>RUTKOWSKA AGNIESZKA<br>TRAMBOWICZ ZUZANNA<br>WIŚNIEWSKA OLIWIA<br>WOŹNIAK ZOFIA<br>CHMIELEWSKI JAKUB<br>KAŁUŻYŃSKI ANTONI<br>KAŹMIERCZAK KAMIL<br>KUSTO RAFAŁ<br>MŁYNARCZYK KAROL<br>OSTROWSKI KAROL<br>PISZCZOROWICZ BARTOSZ<br>SOLAK ŁUKASZ<br>STOKOWSKI KACPER<br>WĄGROWSKI MARCEL</p>



<h2 class="wp-block-heading"><strong>Lekoatletyka</strong></h2>



<p>SZTEJKOWSKI DAMIAN<br>SMOSARSKI DOMINIK<br>WALICKI ANTONI<br>WRÓBEL MATEUSZ<br>ZIĘBA SZYMON<br>LEBIODA STANISŁAW<br>KARKOWSKI KRZYSZTOF<br>WARSZAWSKI KORNEL<br>SADOWSKI SZYMON<br>PAJĄK RAFAŁ<br>KRASKA NICOLE<br>ADAMEK KLAUDIA<br>ŁOZOWSKA KAROLINA<br>CZAPLA ADRIANNA<br>TOPKA BEATA<br>MEGGER ELIZA<br>WOJTUNIK KLAUDIA<br>OBERDA JULIA<br>KULAK AGNIESZKA<br>RÓŻAŃSKA EWA<br>WOŹNIAK ANGELIKA<br>MIECZKOWSKA WERONIKA</p>



<h2 class="wp-block-heading"><strong>Tenis</strong></h2>



<p>RUTKOWSKA WIKTORIA<br>MICHALSKI DANIEL<br>DUDEK TOMASZ<br>HERTEL ANNA</p>



<h2 class="wp-block-heading"><strong>Judo</strong></h2>



<p>MAJCHER DANUTA<br>MACHNICKA VANESSA<br>DĄBROWSKA ANNA<br>KULIK BARBARA<br>DZIOPA PAULINA<br>HABERKA KAROLINA<br>ŁOZIAK PATRYK<br>KACZOR KACPER<br>STECKI JĘDRZEJ<br>KROGULSKI MACIEJ<br>JACKIEWICZ MICHAŁ<br>ERYK RYCIAK</p>

</div>
		</div>
</div>


<h2 class="wp-block-heading"><strong>MEDALE REPREZENTACJI POLSKI</strong></h2>



<p><strong>Złoty medal</strong><br>Kamil DROSZYŃSKI, Łukasz KOZUB, Damian DOMAGAŁA, Jakub ZIOBROWSKI, Jakub KOCHANOWSKI, Dawid WOCH, Patryk NIEMIEC, Tomasz FORNAL, Bartosz KWOLEK, Jakub SZYMAŃSKI, Tomasz POLCZYK, Mateusz MASŁOWSKI &#8211; drużyna siatkarzy<br><br><strong>Srebrne medale (3)</strong><br>Klaudia ADAMEK &#8211; lekkoatletyka, 100 m<br>Anna DĄBROWSKA &#8211; judo, 57 kg<br>Rafał KUSTO &#8211; pływanie, 200 m stylem klasycznym</p>



<p><strong>Brązowe medale (5)</strong><br>Adrianna CZAPLA &#8211; lekkoatletyka, 800 m<br>Beata TOPKA &#8211; lekkoatletyka, 1500 m<br>Kornel WARSZAWSKI &#8211; lekkoatletyka, dysk<br>Kacper STOKOWSKI &#8211; pływanie, 100 m stylem grzbietowym<br>Kacper STOKOWSKI, Rafał KUSTO, Marcel WĄGROWSKI, Antoni KAŁUŻYŃSKI &#8211; sztafeta pływaków 4&#215;100 m stylem zm.</p>

<p>XIII Letni EYOFTbilisi 2015 TBILISI (Gruzja), 26 lipca &#8211; 1 sierpnia 2015 W XIII Olimpijskim Festiwalu Młodzieży Europy Tbilisi 2015 wystartowało 3304</p>
