{"id":74752,"date":"2023-07-21T08:31:45","date_gmt":"2023-07-21T06:31:45","guid":{"rendered":"https:\/\/olimpijski.pl\/?post_type=olympics_eyof&#038;p=74752"},"modified":"2023-07-21T18:31:12","modified_gmt":"2023-07-21T16:31:12","slug":"liczby-eyof","status":"publish","type":"olympics_eyof","link":"https:\/\/olimpijski.pl\/en\/olympics_eyof\/xvii-letni-eyof-maribor-2023\/liczby-eyof\/","title":{"rendered":"Liczby EYOF"},"content":{"rendered":"\n<h1 class=\"main-title wp-block-heading\">Liczby <strong>EYOF<\/strong><\/h1>\n\n\n\n<p><\/p>\n\n\n\n<h2 class=\"wp-block-heading\"><strong>1<\/strong> &#8211; szef, a w zasadzie szefowa polskiej misji festiwalowej<br><strong>3<\/strong> &#8211; liczba nowych dyscyplin w programie EYOF<br><strong>10<\/strong> &#8211; sport\u00f3w w programie imprezy<br><strong>11<\/strong> &#8211; dyscyplin sportowych w programie imprezy i liczba polskich medalist\u00f3w z poprzedniego EYOF 2022<br><strong>14-18<\/strong> &#8211; przedzia\u0142 wiekowy zawodnik\u00f3w uczestnicz\u0105cych w EYOF Maribor<br><strong>17<\/strong> &#8211; numer letniej edycji EYOF<br><strong>22<\/strong> &#8211; liczba polskich zawodnik\u00f3w z poprzedniego EYOF 2022<br><strong>28<\/strong> &#8211; brakuj\u0105ca liczba polskich medali do 200 kr\u0105\u017ck\u00f3w letnich edycji EYOF<br><strong>48<\/strong> &#8211; kraj\u00f3w uczestnicz\u0105cych w imprezie<br><strong>56<\/strong> &#8211; liczba ch\u0142opc\u00f3w w reprezentacji Polski<br><strong>66<\/strong> &#8211; liczba dziewcz\u0105t w reprezentacji Polski<br><strong>122<\/strong> &#8211; og\u00f3lna liczba polskich zawodniczek i zawodnik\u00f3w<br><strong>165<\/strong> &#8211; liczba reprezentacji Polski wraz z trenerami i osobami wsp\u00f3\u0142pracuj\u0105cymi<br><strong>925<\/strong> &#8211; liczba kilometr\u00f3w dziel\u0105cych Warszaw\u0119 i Maribor<br><strong>3600<\/strong> &#8211; szacowana liczba wszystkich sportowc\u00f3w w EYOF 2023<br><strong>7000<\/strong> &#8211; liczba wolontariuszy<\/h2>\n\n\n\n<p><\/p>\n\n\n\n<p><\/p>\n\n\n\n<p><\/p>\n","protected":false},"excerpt":{"rendered":"<p>Liczby EYOF 1 &#8211; szef, a w zasadzie szefowa polskiej misji festiwalowej3 &#8211; liczba nowych dyscyplin w programie EYOF10 &#8211; sport\u00f3w w<\/p>\n","protected":false},"featured_media":0,"parent":74741,"menu_order":0,"template":"","meta":{"_acf_changed":false,"ub_ctt_via":"","footnotes":""},"class_list":["post-74752","olympics_eyof","type-olympics_eyof","status-publish","hentry","infinite-scroll-item","no-featured-image-padding"],"acf":{"special_bg_img":false,"hide_breadcrumbs":[]},"_links":{"self":[{"href":"https:\/\/olimpijski.pl\/en\/wp-json\/wp\/v2\/olympics_eyof\/74752"}],"collection":[{"href":"https:\/\/olimpijski.pl\/en\/wp-json\/wp\/v2\/olympics_eyof"}],"about":[{"href":"https:\/\/olimpijski.pl\/en\/wp-json\/wp\/v2\/types\/olympics_eyof"}],"version-history":[{"count":8,"href":"https:\/\/olimpijski.pl\/en\/wp-json\/wp\/v2\/olympics_eyof\/74752\/revisions"}],"predecessor-version":[{"id":74882,"href":"https:\/\/olimpijski.pl\/en\/wp-json\/wp\/v2\/olympics_eyof\/74752\/revisions\/74882"}],"up":[{"embeddable":true,"href":"https:\/\/olimpijski.pl\/en\/wp-json\/wp\/v2\/olympics_eyof\/74741"}],"wp:attachment":[{"href":"https:\/\/olimpijski.pl\/en\/wp-json\/wp\/v2\/media?parent=74752"}],"curies":[{"name":"wp","href":"https:\/\/api.w.org\/{rel}","templated":true}]}}

<h1 class="main-title wp-block-heading">Liczby <strong>EYOF</strong></h1>



<p></p>



<h2 class="wp-block-heading"><strong>1</strong> &#8211; szef, a w zasadzie szefowa polskiej misji festiwalowej<br><strong>3</strong> &#8211; liczba nowych dyscyplin w programie EYOF<br><strong>10</strong> &#8211; sportów w programie imprezy<br><strong>11</strong> &#8211; dyscyplin sportowych w programie imprezy i liczba polskich medalistów z poprzedniego EYOF 2022<br><strong>14-18</strong> &#8211; przedział wiekowy zawodników uczestniczących w EYOF Maribor<br><strong>17</strong> &#8211; numer letniej edycji EYOF<br><strong>22</strong> &#8211; liczba polskich zawodników z poprzedniego EYOF 2022<br><strong>28</strong> &#8211; brakująca liczba polskich medali do 200 krążków letnich edycji EYOF<br><strong>48</strong> &#8211; krajów uczestniczących w imprezie<br><strong>56</strong> &#8211; liczba chłopców w reprezentacji Polski<br><strong>66</strong> &#8211; liczba dziewcząt w reprezentacji Polski<br><strong>122</strong> &#8211; ogólna liczba polskich zawodniczek i zawodników<br><strong>165</strong> &#8211; liczba reprezentacji Polski wraz z trenerami i osobami współpracującymi<br><strong>925</strong> &#8211; liczba kilometrów dzielących Warszawę i Maribor<br><strong>3600</strong> &#8211; szacowana liczba wszystkich sportowców w EYOF 2023<br><strong>7000</strong> &#8211; liczba wolontariuszy</h2>



<p></p>



<p></p>



<p></p>

<p>Liczby EYOF 1 &#8211; szef, a w zasadzie szefowa polskiej misji festiwalowej3 &#8211; liczba nowych dyscyplin w programie EYOF10 &#8211; sportów w</p>
