{"id":93041,"date":"2025-02-19T10:01:58","date_gmt":"2025-02-19T09:01:58","guid":{"rendered":"https:\/\/olimpijski.pl\/?post_type=olympics_eyof&#038;p=93041"},"modified":"2025-08-25T09:18:40","modified_gmt":"2025-08-25T07:18:40","slug":"xvii-zimowy-eyof-bakuriani-2025","status":"publish","type":"olympics_eyof","link":"https:\/\/olimpijski.pl\/en\/olympics_eyof\/xvii-zimowy-eyof-bakuriani-2025\/","title":{"rendered":"XVII Zimowy EYOF Bakuriani 2025"},"content":{"rendered":"\n<h1 class=\"wp-block-heading main-title\">XVII Zimowy EYOF <strong>Bakuriani 2025<\/strong><\/h1>\n\n\n\n<div class=\"wp-block-media-text is-stacked-on-mobile\" style=\"grid-template-columns:19% auto\"><figure class=\"wp-block-media-text__media\"><img loading=\"lazy\" decoding=\"async\" width=\"167\" height=\"141\" src=\"https:\/\/olimpijski.pl\/wp-content\/uploads\/2025\/02\/logo_EYOF2025_Bakuriani-167.png\" alt=\"\" class=\"wp-image-93045 size-full\"\/><\/figure><div class=\"wp-block-media-text__content\">\n<p><\/p>\n<\/div><\/div>\n\n\n\n<p><strong>BAKURIANI (Gruzja), 9-16 lutego 2025<\/strong><\/p>\n\n\n\n<p><strong>XVII Zimowy Olimpijski Festiwal M\u0142odzie\u017cy Europy Bakuriani 2025 dobieg\u0142 ko\u0144ca i przeszed\u0142 do historii. M\u0142odzie\u017cowa Reprezentacja Polski, kt\u00f3ra w liczbie 32 sportowc\u00f3w wspaniale reprezentowa\u0142a nasz kraj w Gruzji wywalczy\u0142a cztery medale \u2013 2 z\u0142ote i 2 srebrne.<\/strong><\/p>\n\n\n\n<p>W niedziel\u0119 wieczorem w Crystal Hotel w Bakuriani odby\u0142a si\u0119 uroczysta ceremonia zamkni\u0119cia festiwalu. Podczas ceremonii Przewodnicz\u0105cy Stowarzyszenia Europejskich Komitet\u00f3w Olimpijskich (EOC) \u2013 Spyros Capralos \u2013 og\u0142osi\u0142 zako\u0144czenie EYOF.<\/p>\n\n\n\n<p>Capralos wr\u0119czy\u0142 tak\u017ce ostatnie medale festiwalu dla sztafety mieszanej w biegach narciarskich, kt\u00f3r\u0105 wygra\u0142y W\u0142ochy, a nast\u0119pnie og\u0142osi\u0142 S\u0142owaczk\u0119 Michael\u0119 Strakov\u0105 i W\u0142ocha Daniela Pedranziniego laureatami nagrody Nodara Kumaritashviliego (gruzi\u0144ski saneczkarz, kt\u00f3ry urodzi\u0142 si\u0119 i wychowa\u0142 w Bakuriani, a zmar\u0142 po tragicznym wypadku na treningu podczas Zimowych Igrzysk Olimpijskich Vancouver 2010) dla najlepszych zawodniczek i zawodnik\u00f3w Bakuriani 2025. Biathlonistka Strakova zdoby\u0142a z\u0142oto w sprincie dziewcz\u0105t na 6 km i biegu indywidualnym na 10 km, a Pedranzini (biegacz narciarski) wywalczy\u0142 cztery z\u0142ote medale, wygrywaj\u0105c sztafet\u0119 ch\u0142opc\u00f3w na 10 km stylem dowolnym, 7,5 km stylem klasycznym, sprint stylem dowolnym i sztafet\u0119 mieszan\u0105 4\u00d75 km.<\/p>\n\n\n\n<p>Po og\u0142oszeniu zako\u0144czenia EYOF Bakuriani 2025, flag\u0119 EOC wr\u0119czono George\u2019owi Scripcaru, burmistrzowi Braszowa (Rumunia) i przewodnicz\u0105cemu Komitetu Organizacyjnego EYOF Brasz\u00f3w 2027, kt\u00f3remu towarzyszyli Adrian Ve\u0219tea, przewodnicz\u0105cy Rady Powiatu Brasz\u00f3w, oraz Mihai Covaliu, prezes Rumu\u0144skiego Narodowego Komitetu Olimpijskiego i cz\u0142onek Komitetu Wykonawczego EOC.<\/p>\n\n\n\n<p>Reprezentacja Polski w ko\u0144cowej tabeli medalowej XVII EYOF Bakuriani 2025 zaj\u0119\u0142a ostatecznie 6. miejsce z 4 medalami na koncie (dwa z\u0142ota i dwa srebra). Najlepsi okazali si\u0119 W\u0142osi (16 medali: 7-6-3), kt\u00f3rzy na koniec imprezy wyprzedzili lideruj\u0105c\u0105 praktycznie od pocz\u0105tku Francj\u0119 (19 medali: 5-9-5). Trzecie miejsce zaj\u0119\u0142a Szwajcaria (11 medali: 4-0-7).<\/p>\n\n\n\n<p>Kolejny, XVIII Zimowy Olimpijski Festiwal M\u0142odzie\u017cy Europy zostanie rozegrany w rumu\u0144skim Braszowie. To b\u0119dzie ju\u017c druga edycja tej imprezy w tym mie\u015bcie. Wcze\u015bniej, XI Zimowy EYOF w Braszowie odby\u0142 si\u0119 w 2013 roku. Polacy zdobywaj\u0105c tam 4 medale (1-1-2) uplasowali si\u0119 na 9. pozycji w tabeli medalowej.<\/p>\n\n\n\n<p>M\u0142odzie\u017cowa Reprezentacja Polski na XVII Zimowy Olimpijski Festiwal M\u0142odzie\u017cy Europy Bakuriani 2025 liczy\u0142a 32 sportowc\u00f3w (14 dziewcz\u0105t i 18 ch\u0142opc\u00f3w). Ca\u0142a ekipa bia\u0142o-czerwonych wraz ze sztabami szkoleniowymi oraz Misj\u0105 to 65 os\u00f3b.<\/p>\n\n\n\n<p>Bia\u0142o-czerwoni rywalizowali w 7 dyscyplinach: biathlonie, short tracku, biegach narciarskich, narciarstwie alpejskim, \u0142y\u017cwiarstwie figurowym, narciarstwie freestyle i snowboardzie freestyle.<\/p>\n\n\n\n<p>Olimpijskie Festiwale M\u0142odzie\u017cy Europy, kt\u00f3re powsta\u0142y z inicjatywy Stowarzyszenia Europejskich Komitet\u00f3w Olimpijskich (EOC), s\u0105 pierwsz\u0105 imprez\u0105 rangi olimpijskiej dla m\u0142odych sportowc\u00f3w i cz\u0119sto pierwsz\u0105 tak du\u017c\u0105 mi\u0119dzynarodow\u0105 imprez\u0105 multisportow\u0105 w ich karierach. To dla nich pierwszy krok ku igrzyskom olimpijskim, cho\u0107 nie ka\u017cdemu udaje si\u0119 zrealizowa\u0107 to marzenie.<\/p>\n\n\n\n<p>Pierwszy Zimowy EYOF (wtedy EYOD) zosta\u0142 rozegrany we w\u0142oskiej Ao\u015bcie w 1993 roku. Polacy wywalczyli tam dwa kr\u0105\u017cki. Z kolei dwa lata temu, XVI Zimowy EYOF Friuli Venezia Julia (tak\u017ce W\u0142ochy) by\u0142 rekordowym pod wzgl\u0119dem zdobyczy medalowych M\u0142odzie\u017cowej Reprezentacji Polski. Bia\u0142o-czerwoni wywalczyli na tym festiwalu a\u017c 14 kr\u0105\u017ck\u00f3w (1 z\u0142oty, 7 srebrnych i 6 br\u0105zowych).<\/p>\n\n\n\n<h2 class=\"wp-block-heading\"><strong>M\u0142odzie\u017cowa Reprezentacja Polski na XVII Zimowy EYOF Bakuriani 2025<\/strong><\/h2>\n\n\n\n<h3 class=\"wp-block-heading\"><strong>Biathlon<\/strong><\/h3>\n\n\n\n<p>Grzegorz Galica<br>Kajetan Urbaniak<br>Kazimierz Siwa<br>Sebastian Garbowski<br>Anita Zwoli\u0144ska<br>Gabriela G\u0105sienica<br>Kinga Tkocz<br>Justyna Sinkiewicz<\/p>\n\n\n\n<p>\u2014 \u2014<br>Robert Szczepaniak \u2013 Trener<br>Bart\u0142omiej Pawlikowski \u2013 Trener<br>Joanna Badacz \u2013 Team Leader<br>Przemys\u0142aw Badacz \u2013 Serwis<br>Marcin Szwajnos \u2013 Serwis<\/p>\n\n\n\n<hr class=\"wp-block-separator has-alpha-channel-opacity\"\/>\n\n\n\n<h3 class=\"wp-block-heading\"><strong>Short Track<\/strong><\/h3>\n\n\n\n<p>Natalia Jarmoc<br>Daria Daszuta<br>Franciszek Izbicki<br>Oskar Soltau<\/p>\n\n\n\n<p>\u2014 \u2014<br>Bartosz Konopko \u2013 Trener<br>Bartosz Bielecki \u2013 Trener<\/p>\n\n\n\n<hr class=\"wp-block-separator has-alpha-channel-opacity\"\/>\n\n\n\n<h3 class=\"wp-block-heading\"><strong>Biegi narciarskie<\/strong><\/h3>\n\n\n\n<p>Olga Cie\u015blar<br>Kamila Haratyk<br>Martyna Ma\u0144dok<br>Martyna Rosiak<br>Patryk Wydra<br>Filip Juroszek<br>Tomasz Mulica<br>Jonasz Haratyk<\/p>\n\n\n\n<p>\u2014 \u2014<br>Mateusz Wantulok \u2013 Trener g\u0142\u00f3wny<br>Jan Antolec \u2013 Trener\/Serwisman<br>Pawe\u0142 Klisz \u2013 Trener\/Serwisman<br>Mateusz Szczotka \u2013 Serwisman g\u0142\u00f3wny<br>Adam Roszkowski \u2013 Serwisman<\/p>\n\n\n\n<hr class=\"wp-block-separator has-alpha-channel-opacity\"\/>\n\n\n\n<h3 class=\"wp-block-heading\"><strong>Narciarstwo alpejskie<\/strong><\/h3>\n\n\n\n<p>Kinga Ba\u0142a<br>Klaudia Muniak<br>Weronika W\u0105drzyk<br>Karol Zawada<br>Szymon Rojek<br>Kazimierz Zi\u00f3\u0142kowski<\/p>\n\n\n\n<p>\u2014 \u2014<br>Bart\u0142omiej W\u0105drzyk \u2013 Sztab<br>Wojciech Mitan \u2013 Sztab<br>Karol Mi\u015bkowiec \u2013 Sztab<br>Mateusz Habrat \u2013 Sztab<\/p>\n\n\n\n<hr class=\"wp-block-separator has-alpha-channel-opacity\"\/>\n\n\n\n<h3 class=\"wp-block-heading\"><strong>\u0141y\u017cwiarstwo figurowe<\/strong><\/h3>\n\n\n\n<p>Aleksandra Janikowska<br>Oscar Oliver<\/p>\n\n\n\n<p>\u2014 \u2014<br>Angelina Turenko \u2013 Trener<br>Swiet\u0142ana Korobkova \u2013 Trener<\/p>\n\n\n\n<hr class=\"wp-block-separator has-alpha-channel-opacity\"\/>\n\n\n\n<h3 class=\"wp-block-heading\"><strong>Narciarstwo\/Snowboard freestyle<\/strong><\/h3>\n\n\n\n<p>Hubert Pieprzak (narciarstwo freestyle)<br>Stanis\u0142aw Solik (narciarstwo freestyle)<br>Daniel Skupie\u0144 (snowboard freestyle)<br>Tymoteusz R\u00f3\u017cak (snowboard freestyle)<\/p>\n\n\n\n<p>\u2014 \u2014<br>Pawe\u0142 Chyc \u2013 Trener (narciarstwo freestyle)<br>Dawid Rz\u0105ca \u2013 Trener (snowboard freestyle)<\/p>\n\n\n\n<hr class=\"wp-block-separator has-alpha-channel-opacity\"\/>\n\n\n\n<h3 class=\"wp-block-heading\"><strong>Misja EYOF<\/strong><\/h3>\n\n\n\n<p>Marcin Doro\u015b \u2013 Szef misji<br>Dorota Go\u015b \u2013 Zast\u0119pca szefa misji<br>Magdalena Szozda \u2013 Zast\u0119pca szefa misji<br>Krzysztof Zaj\u0105c \u2013 Doktor<br>Rafa\u0142 Binda \u2013 Fizjoterapeuta<br>Magdalena Bulas \u2013 Fizjoterapeuta<br>Miko\u0142aj Fabia\u0144czuk \u2013 Fizjoterapeuta<br>Katarzyna Bachleda-Curu\u015b \u2013 Cz\u0142onek misji<br>Zuzanna Krachulec \u2013 Cz\u0142onek misji<br>Aleksandra Witkowska \u2013 Social Media<br>Karolina Pietraszek \u2013 M\u0142ody Ambasador<br>Luiza Kowalczyk \u2013 S\u0119dzia\/\u0142y\u017cwiarstwo figurowe<br>Szymon Sikora \u2013 Fotograf<\/p>\n","protected":false},"excerpt":{"rendered":"<p>XVII Zimowy EYOF Bakuriani 2025 BAKURIANI (Gruzja), 9-16 lutego 2025 XVII Zimowy Olimpijski Festiwal M\u0142odzie\u017cy Europy Bakuriani 2025 dobieg\u0142 ko\u0144ca i przeszed\u0142<\/p>\n","protected":false},"featured_media":0,"parent":0,"menu_order":0,"template":"templates\/olympic_main_subpage.php","meta":{"_acf_changed":false,"ub_ctt_via":"","footnotes":""},"class_list":["post-93041","olympics_eyof","type-olympics_eyof","status-publish","hentry","infinite-scroll-item","no-featured-image-padding"],"acf":{"special_bg_img":false,"hide_breadcrumbs":[],"competitions_olympic":false,"pokaz_ustawienia_ze_starego_systemu":false,"startdate":"09.02.2025 12:00 am","enddate":"16.02.2025 12:00 am","place":"Bakuriani","year":"2025","logo":"https:\/\/olimpijski.pl\/wp-content\/uploads\/2025\/02\/logo_EYOF2025_Bakuriani-850.jpg","histroy_tabs":false,"hide_representative_checkbox":false,"no_medals_info":"<p>&#8211;<\/p>\n"},"_links":{"self":[{"href":"https:\/\/olimpijski.pl\/en\/wp-json\/wp\/v2\/olympics_eyof\/93041"}],"collection":[{"href":"https:\/\/olimpijski.pl\/en\/wp-json\/wp\/v2\/olympics_eyof"}],"about":[{"href":"https:\/\/olimpijski.pl\/en\/wp-json\/wp\/v2\/types\/olympics_eyof"}],"version-history":[{"count":16,"href":"https:\/\/olimpijski.pl\/en\/wp-json\/wp\/v2\/olympics_eyof\/93041\/revisions"}],"predecessor-version":[{"id":99824,"href":"https:\/\/olimpijski.pl\/en\/wp-json\/wp\/v2\/olympics_eyof\/93041\/revisions\/99824"}],"wp:attachment":[{"href":"https:\/\/olimpijski.pl\/en\/wp-json\/wp\/v2\/media?parent=93041"}],"curies":[{"name":"wp","href":"https:\/\/api.w.org\/{rel}","templated":true}]}}

<h1 class="wp-block-heading main-title">XVII Zimowy EYOF <strong>Bakuriani 2025</strong></h1>



<div class="wp-block-media-text is-stacked-on-mobile" style="grid-template-columns:19% auto"><figure class="wp-block-media-text__media"><img loading="lazy" decoding="async" width="167" height="141" src="https://olimpijski.pl/wp-content/uploads/2025/02/logo_EYOF2025_Bakuriani-167.png" alt="" class="wp-image-93045 size-full"/></figure><div class="wp-block-media-text__content">
<p></p>
</div></div>



<p><strong>BAKURIANI (Gruzja), 9-16 lutego 2025</strong></p>



<p><strong>XVII Zimowy Olimpijski Festiwal Młodzieży Europy Bakuriani 2025 dobiegł końca i przeszedł do historii. Młodzieżowa Reprezentacja Polski, która w liczbie 32 sportowców wspaniale reprezentowała nasz kraj w Gruzji wywalczyła cztery medale – 2 złote i 2 srebrne.</strong></p>



<p>W niedzielę wieczorem w Crystal Hotel w Bakuriani odbyła się uroczysta ceremonia zamknięcia festiwalu. Podczas ceremonii Przewodniczący Stowarzyszenia Europejskich Komitetów Olimpijskich (EOC) – Spyros Capralos – ogłosił zakończenie EYOF.</p>



<p>Capralos wręczył także ostatnie medale festiwalu dla sztafety mieszanej w biegach narciarskich, którą wygrały Włochy, a następnie ogłosił Słowaczkę Michaelę Strakovą i Włocha Daniela Pedranziniego laureatami nagrody Nodara Kumaritashviliego (gruziński saneczkarz, który urodził się i wychował w Bakuriani, a zmarł po tragicznym wypadku na treningu podczas Zimowych Igrzysk Olimpijskich Vancouver 2010) dla najlepszych zawodniczek i zawodników Bakuriani 2025. Biathlonistka Strakova zdobyła złoto w sprincie dziewcząt na 6 km i biegu indywidualnym na 10 km, a Pedranzini (biegacz narciarski) wywalczył cztery złote medale, wygrywając sztafetę chłopców na 10 km stylem dowolnym, 7,5 km stylem klasycznym, sprint stylem dowolnym i sztafetę mieszaną 4×5 km.</p>



<p>Po ogłoszeniu zakończenia EYOF Bakuriani 2025, flagę EOC wręczono George’owi Scripcaru, burmistrzowi Braszowa (Rumunia) i przewodniczącemu Komitetu Organizacyjnego EYOF Braszów 2027, któremu towarzyszyli Adrian Veștea, przewodniczący Rady Powiatu Braszów, oraz Mihai Covaliu, prezes Rumuńskiego Narodowego Komitetu Olimpijskiego i członek Komitetu Wykonawczego EOC.</p>



<p>Reprezentacja Polski w końcowej tabeli medalowej XVII EYOF Bakuriani 2025 zajęła ostatecznie 6. miejsce z 4 medalami na koncie (dwa złota i dwa srebra). Najlepsi okazali się Włosi (16 medali: 7-6-3), którzy na koniec imprezy wyprzedzili liderującą praktycznie od początku Francję (19 medali: 5-9-5). Trzecie miejsce zajęła Szwajcaria (11 medali: 4-0-7).</p>



<p>Kolejny, XVIII Zimowy Olimpijski Festiwal Młodzieży Europy zostanie rozegrany w rumuńskim Braszowie. To będzie już druga edycja tej imprezy w tym mieście. Wcześniej, XI Zimowy EYOF w Braszowie odbył się w 2013 roku. Polacy zdobywając tam 4 medale (1-1-2) uplasowali się na 9. pozycji w tabeli medalowej.</p>



<p>Młodzieżowa Reprezentacja Polski na XVII Zimowy Olimpijski Festiwal Młodzieży Europy Bakuriani 2025 liczyła 32 sportowców (14 dziewcząt i 18 chłopców). Cała ekipa biało-czerwonych wraz ze sztabami szkoleniowymi oraz Misją to 65 osób.</p>



<p>Biało-czerwoni rywalizowali w 7 dyscyplinach: biathlonie, short tracku, biegach narciarskich, narciarstwie alpejskim, łyżwiarstwie figurowym, narciarstwie freestyle i snowboardzie freestyle.</p>



<p>Olimpijskie Festiwale Młodzieży Europy, które powstały z inicjatywy Stowarzyszenia Europejskich Komitetów Olimpijskich (EOC), są pierwszą imprezą rangi olimpijskiej dla młodych sportowców i często pierwszą tak dużą międzynarodową imprezą multisportową w ich karierach. To dla nich pierwszy krok ku igrzyskom olimpijskim, choć nie każdemu udaje się zrealizować to marzenie.</p>



<p>Pierwszy Zimowy EYOF (wtedy EYOD) został rozegrany we włoskiej Aoście w 1993 roku. Polacy wywalczyli tam dwa krążki. Z kolei dwa lata temu, XVI Zimowy EYOF Friuli Venezia Julia (także Włochy) był rekordowym pod względem zdobyczy medalowych Młodzieżowej Reprezentacji Polski. Biało-czerwoni wywalczyli na tym festiwalu aż 14 krążków (1 złoty, 7 srebrnych i 6 brązowych).</p>



<h2 class="wp-block-heading"><strong>Młodzieżowa Reprezentacja Polski na XVII Zimowy EYOF Bakuriani 2025</strong></h2>



<h3 class="wp-block-heading"><strong>Biathlon</strong></h3>



<p>Grzegorz Galica<br>Kajetan Urbaniak<br>Kazimierz Siwa<br>Sebastian Garbowski<br>Anita Zwolińska<br>Gabriela Gąsienica<br>Kinga Tkocz<br>Justyna Sinkiewicz</p>



<p>— —<br>Robert Szczepaniak – Trener<br>Bartłomiej Pawlikowski – Trener<br>Joanna Badacz – Team Leader<br>Przemysław Badacz – Serwis<br>Marcin Szwajnos – Serwis</p>



<hr class="wp-block-separator has-alpha-channel-opacity"/>



<h3 class="wp-block-heading"><strong>Short Track</strong></h3>



<p>Natalia Jarmoc<br>Daria Daszuta<br>Franciszek Izbicki<br>Oskar Soltau</p>



<p>— —<br>Bartosz Konopko – Trener<br>Bartosz Bielecki – Trener</p>



<hr class="wp-block-separator has-alpha-channel-opacity"/>



<h3 class="wp-block-heading"><strong>Biegi narciarskie</strong></h3>



<p>Olga Cieślar<br>Kamila Haratyk<br>Martyna Mańdok<br>Martyna Rosiak<br>Patryk Wydra<br>Filip Juroszek<br>Tomasz Mulica<br>Jonasz Haratyk</p>



<p>— —<br>Mateusz Wantulok – Trener główny<br>Jan Antolec – Trener/Serwisman<br>Paweł Klisz – Trener/Serwisman<br>Mateusz Szczotka – Serwisman główny<br>Adam Roszkowski – Serwisman</p>



<hr class="wp-block-separator has-alpha-channel-opacity"/>



<h3 class="wp-block-heading"><strong>Narciarstwo alpejskie</strong></h3>



<p>Kinga Bała<br>Klaudia Muniak<br>Weronika Wądrzyk<br>Karol Zawada<br>Szymon Rojek<br>Kazimierz Ziółkowski</p>



<p>— —<br>Bartłomiej Wądrzyk – Sztab<br>Wojciech Mitan – Sztab<br>Karol Miśkowiec – Sztab<br>Mateusz Habrat – Sztab</p>



<hr class="wp-block-separator has-alpha-channel-opacity"/>



<h3 class="wp-block-heading"><strong>Łyżwiarstwo figurowe</strong></h3>



<p>Aleksandra Janikowska<br>Oscar Oliver</p>



<p>— —<br>Angelina Turenko – Trener<br>Swietłana Korobkova – Trener</p>



<hr class="wp-block-separator has-alpha-channel-opacity"/>



<h3 class="wp-block-heading"><strong>Narciarstwo/Snowboard freestyle</strong></h3>



<p>Hubert Pieprzak (narciarstwo freestyle)<br>Stanisław Solik (narciarstwo freestyle)<br>Daniel Skupień (snowboard freestyle)<br>Tymoteusz Różak (snowboard freestyle)</p>



<p>— —<br>Paweł Chyc – Trener (narciarstwo freestyle)<br>Dawid Rząca – Trener (snowboard freestyle)</p>



<hr class="wp-block-separator has-alpha-channel-opacity"/>



<h3 class="wp-block-heading"><strong>Misja EYOF</strong></h3>



<p>Marcin Doroś – Szef misji<br>Dorota Goś – Zastępca szefa misji<br>Magdalena Szozda – Zastępca szefa misji<br>Krzysztof Zając – Doktor<br>Rafał Binda – Fizjoterapeuta<br>Magdalena Bulas – Fizjoterapeuta<br>Mikołaj Fabiańczuk – Fizjoterapeuta<br>Katarzyna Bachleda-Curuś – Członek misji<br>Zuzanna Krachulec – Członek misji<br>Aleksandra Witkowska – Social Media<br>Karolina Pietraszek – Młody Ambasador<br>Luiza Kowalczyk – Sędzia/łyżwiarstwo figurowe<br>Szymon Sikora – Fotograf</p>

<p>XVII Zimowy EYOF Bakuriani 2025 BAKURIANI (Gruzja), 9-16 lutego 2025 XVII Zimowy Olimpijski Festiwal Młodzieży Europy Bakuriani 2025 dobiegł końca i przeszedł</p>
