{"id":95425,"date":"2025-07-11T08:45:58","date_gmt":"2025-07-11T06:45:58","guid":{"rendered":"https:\/\/olimpijski.pl\/?post_type=olympics_eyof&#038;p=95425"},"modified":"2025-07-17T14:18:05","modified_gmt":"2025-07-17T12:18:05","slug":"liczbyeyof","status":"publish","type":"olympics_eyof","link":"https:\/\/olimpijski.pl\/en\/olympics_eyof\/xviii-letni-eyof-skopje-2025\/liczbyeyof\/","title":{"rendered":"Liczby EYOF"},"content":{"rendered":"\n<h1 class=\"wp-block-heading main-title\">Liczby <strong>EYOF<\/strong><\/h1>\n\n\n\n<p><\/p>\n\n\n\n<h2 class=\"wp-block-heading\"><strong>2<\/strong> &#8211; w tylu krajach zostanie rozegrany EYOF Skopje 2025 (Macedonia P\u0142n., Chorwacja)<\/h2>\n\n\n\n<h2 class=\"wp-block-heading\"><strong>3<\/strong> &#8211; w tylu miastach (Skopje, Kumanovo, Osijek) zostanie rozegrany EYOF Skopje 2025<\/h2>\n\n\n\n<h2 class=\"wp-block-heading\"><strong>7<\/strong> &#8211; dni zawod\u00f3w sportowych<\/h2>\n\n\n\n<h2 class=\"wp-block-heading\"><strong>13<\/strong> &#8211; liczba sport\u00f3w w programie EYOF Skopje 2025 \/ liczba dyscyplin, w kt\u00f3rych wystartuj\u0105 Polacy<\/h2>\n\n\n\n<h2 class=\"wp-block-heading\"><strong>15<\/strong> &#8211; liczba dyscyplin sportowych w ramach programu EYOF Skopje 2025<\/h2>\n\n\n\n<h2 class=\"wp-block-heading\"><strong>16<\/strong> &#8211; liczba obiekt\u00f3w sportowych podczas EYOF Skopje 2025<\/h2>\n\n\n\n<h2 class=\"wp-block-heading\"><strong>18<\/strong> &#8211; numer letniego EYOF w Skopje<\/h2>\n\n\n\n<h2 class=\"wp-block-heading\"><strong>25<\/strong> &#8211; liczba kraj\u00f3w, kt\u00f3re do tej pory organizowa\u0142y EYOF-y<\/h2>\n\n\n\n<h2 class=\"wp-block-heading\"><strong>49<\/strong> &#8211; liczba delegacji narodowych komitet\u00f3w olimpijskich do Skopje<\/h2>\n\n\n\n<h2 class=\"wp-block-heading\"><strong>50<\/strong> &#8211; liczba wszystkich reprezentacji uczestnicz\u0105cych wraz z Reprezentacj\u0105 Uchod\u017ac\u00f3w EOC<\/h2>\n\n\n\n<h2 class=\"wp-block-heading\"><strong>55<\/strong> &#8211; liczba os\u00f3b wsp\u00f3\u0142pracuj\u0105cych w sztabach szkoleniowych reprezentacji Polski<\/h2>\n\n\n\n<h2 class=\"wp-block-heading\"><strong>61<\/strong> &#8211; liczba polskich zawodniczek i liczba polskich zawodnik\u00f3w<\/h2>\n\n\n\n<h2 class=\"wp-block-heading\"><strong>122<\/strong> &#8211; tylu sportowc\u00f3w liczy M\u0142odzie\u017cowa Reprezentacja Polski 18. EYOF Skopje 225<\/h2>\n\n\n\n<h2 class=\"wp-block-heading\"><strong>600<\/strong> &#8211; liczba wolontariuszy pomagaj\u0105cych przy organizacji festiwalu<\/h2>\n\n\n\n<h2 class=\"wp-block-heading\"><strong>1135-1140<\/strong>\u202f- odleg\u0142o\u015b\u0107 w kilometrach z Warszawy do Skopje w linii prostej (lot samolotem)<\/h2>\n\n\n\n<h2 class=\"wp-block-heading\"><strong>1670<\/strong> &#8211; odleg\u0142o\u015b\u0107 w kilometrach z Warszawy do Skopje (przejazd autem najkr\u00f3tsz\u0105 tras\u0105)<\/h2>\n\n\n\n<h2 class=\"wp-block-heading\"><strong>2500 <\/strong>&#8211; liczba sportowc\u00f3w uczestnicz\u0105cych w 18. letnim EYOF Skopje 2025<\/h2>\n\n\n\n<h2 class=\"wp-block-heading\"><strong>4000<\/strong> &#8211; ca\u0142kowita liczba uczestnik\u00f3w 18. letniego EYOF Skopje 2025<\/h2>\n\n\n\n<h2 class=\"wp-block-heading\"><strong>474\u202f889<\/strong> &#8211; liczba mieszka\u0144c\u00f3w miasta Skopje<\/h2>\n\n\n\n<h2 class=\"wp-block-heading\"><strong>~620\u202f825<\/strong> &#8211; szacowana liczba mieszka\u0144c\u00f3w aglomeracji miejskiej Skopje na rok 2025<\/h2>\n\n\n\n<h2 class=\"wp-block-heading\"><strong>1 500 000 <\/strong>&#8211; szacowana liczba zagranicznych turyst\u00f3w, kt\u00f3ra do ko\u0144ca 2025 roku odwiedzi Skopje<\/h2>\n\n\n\n<p><\/p>\n","protected":false},"excerpt":{"rendered":"<p>Liczby EYOF 2 &#8211; w tylu krajach zostanie rozegrany EYOF Skopje 2025 (Macedonia P\u0142n., Chorwacja) 3 &#8211; w tylu miastach (Skopje, Kumanovo,<\/p>\n","protected":false},"featured_media":0,"parent":94802,"menu_order":0,"template":"","meta":{"_acf_changed":false,"ub_ctt_via":"","footnotes":""},"class_list":["post-95425","olympics_eyof","type-olympics_eyof","status-publish","hentry","infinite-scroll-item","no-featured-image-padding"],"acf":{"special_bg_img":false,"hide_breadcrumbs":[]},"_links":{"self":[{"href":"https:\/\/olimpijski.pl\/en\/wp-json\/wp\/v2\/olympics_eyof\/95425"}],"collection":[{"href":"https:\/\/olimpijski.pl\/en\/wp-json\/wp\/v2\/olympics_eyof"}],"about":[{"href":"https:\/\/olimpijski.pl\/en\/wp-json\/wp\/v2\/types\/olympics_eyof"}],"version-history":[{"count":4,"href":"https:\/\/olimpijski.pl\/en\/wp-json\/wp\/v2\/olympics_eyof\/95425\/revisions"}],"predecessor-version":[{"id":95557,"href":"https:\/\/olimpijski.pl\/en\/wp-json\/wp\/v2\/olympics_eyof\/95425\/revisions\/95557"}],"up":[{"embeddable":true,"href":"https:\/\/olimpijski.pl\/en\/wp-json\/wp\/v2\/olympics_eyof\/94802"}],"wp:attachment":[{"href":"https:\/\/olimpijski.pl\/en\/wp-json\/wp\/v2\/media?parent=95425"}],"curies":[{"name":"wp","href":"https:\/\/api.w.org\/{rel}","templated":true}]}}

<h1 class="wp-block-heading main-title">Liczby <strong>EYOF</strong></h1>



<p></p>



<h2 class="wp-block-heading"><strong>2</strong> &#8211; w tylu krajach zostanie rozegrany EYOF Skopje 2025 (Macedonia Płn., Chorwacja)</h2>



<h2 class="wp-block-heading"><strong>3</strong> &#8211; w tylu miastach (Skopje, Kumanovo, Osijek) zostanie rozegrany EYOF Skopje 2025</h2>



<h2 class="wp-block-heading"><strong>7</strong> &#8211; dni zawodów sportowych</h2>



<h2 class="wp-block-heading"><strong>13</strong> &#8211; liczba sportów w programie EYOF Skopje 2025 / liczba dyscyplin, w których wystartują Polacy</h2>



<h2 class="wp-block-heading"><strong>15</strong> &#8211; liczba dyscyplin sportowych w ramach programu EYOF Skopje 2025</h2>



<h2 class="wp-block-heading"><strong>16</strong> &#8211; liczba obiektów sportowych podczas EYOF Skopje 2025</h2>



<h2 class="wp-block-heading"><strong>18</strong> &#8211; numer letniego EYOF w Skopje</h2>



<h2 class="wp-block-heading"><strong>25</strong> &#8211; liczba krajów, które do tej pory organizowały EYOF-y</h2>



<h2 class="wp-block-heading"><strong>49</strong> &#8211; liczba delegacji narodowych komitetów olimpijskich do Skopje</h2>



<h2 class="wp-block-heading"><strong>50</strong> &#8211; liczba wszystkich reprezentacji uczestniczących wraz z Reprezentacją Uchodźców EOC</h2>



<h2 class="wp-block-heading"><strong>55</strong> &#8211; liczba osób współpracujących w sztabach szkoleniowych reprezentacji Polski</h2>



<h2 class="wp-block-heading"><strong>61</strong> &#8211; liczba polskich zawodniczek i liczba polskich zawodników</h2>



<h2 class="wp-block-heading"><strong>122</strong> &#8211; tylu sportowców liczy Młodzieżowa Reprezentacja Polski 18. EYOF Skopje 225</h2>



<h2 class="wp-block-heading"><strong>600</strong> &#8211; liczba wolontariuszy pomagających przy organizacji festiwalu</h2>



<h2 class="wp-block-heading"><strong>1135-1140</strong> - odległość w kilometrach z Warszawy do Skopje w linii prostej (lot samolotem)</h2>



<h2 class="wp-block-heading"><strong>1670</strong> &#8211; odległość w kilometrach z Warszawy do Skopje (przejazd autem najkrótszą trasą)</h2>



<h2 class="wp-block-heading"><strong>2500 </strong>&#8211; liczba sportowców uczestniczących w 18. letnim EYOF Skopje 2025</h2>



<h2 class="wp-block-heading"><strong>4000</strong> &#8211; całkowita liczba uczestników 18. letniego EYOF Skopje 2025</h2>



<h2 class="wp-block-heading"><strong>474 889</strong> &#8211; liczba mieszkańców miasta Skopje</h2>



<h2 class="wp-block-heading"><strong>~620 825</strong> &#8211; szacowana liczba mieszkańców aglomeracji miejskiej Skopje na rok 2025</h2>



<h2 class="wp-block-heading"><strong>1 500 000 </strong>&#8211; szacowana liczba zagranicznych turystów, która do końca 2025 roku odwiedzi Skopje</h2>



<p></p>

<p>Liczby EYOF 2 &#8211; w tylu krajach zostanie rozegrany EYOF Skopje 2025 (Macedonia Płn., Chorwacja) 3 &#8211; w tylu miastach (Skopje, Kumanovo,</p>
