{"id":308,"date":"1936-06-17T13:34:45","date_gmt":"1936-06-17T12:34:45","guid":{"rendered":"https:\/\/wai-q98d7hpf9hy9k.wpallimport-demo.qsandbox.me\/olympics_summer\/berlin-1936\/"},"modified":"2020-10-02T15:33:24","modified_gmt":"2020-10-02T13:33:24","slug":"berlin-1936","status":"publish","type":"olympics_summer","link":"https:\/\/olimpijski.pl\/en\/igrzyska_letnie\/berlin-1936\/","title":{"rendered":"Berlin 1936"},"content":{"rendered":"\n<h1 class=\"main-title wp-block-heading\"><strong>Igrzyska XI Olimpiady<\/strong><br>Berlin 1936<\/h1>\n\n\n\n<p><br><\/p>\n\n\n\n<div class=\"wp-block-image\"><figure class=\"alignleft size-large is-resized\"><img loading=\"lazy\" decoding=\"async\" src=\"https:\/\/olimpijski.pl\/wp-content\/uploads\/1936\/06\/berlin1936.png\" alt=\"\" class=\"wp-image-19316\" width=\"137\" height=\"137\"\/><\/figure><\/div>\n\n\n\n<ul class=\"wp-block-list\"><li>Igrzyska zosta\u0142y rozegrane w dniach <strong>1-16 sierpnia<\/strong>.<\/li><li>Wystartowa\u0142o <strong>4066<\/strong> zawodnik\u00f3w z <strong>49<\/strong> kraj\u00f3w (w tym <strong>328<\/strong> kobiet).<\/li><li>Rozdano <strong>129<\/strong> komplet\u00f3w medali.<\/li><li>Przysi\u0119g\u0119 w imieniu olimpijczyk\u00f3w z\u0142o\u017cy\u0142 ci\u0119\u017carowiec <strong>Rudolf Ismayr<\/strong>.<\/li><li>Po raz pierwszy w historii, na arenie igrzysk zapalony zosta\u0142 znicz olimpijski, a zaszczyt ten przypad\u0142 lekkoatlecie <strong>Fritzowi Schilgenowi<\/strong>, wybranemu ze wzgl\u0119du na \u0142adny styl biegania.<\/li><li>Igrzyska otworzy\u0142 kanclerz Niemiec <strong>Adolf Hitler<\/strong>.<\/li><\/ul>\n\n\n\n<h2 class=\"wp-block-heading\"><strong>Program Igrzysk <strong>\u2013<\/strong> 21 dyscyplin, 129 konkurencji<\/strong><\/h2>\n\n\n\n<p>boks (8 konkurencji), gimnastyka (9), hokej na trawie (1), je\u017adziectwo (6), kajakarstwo (9), kolarstwo (6), koszyk\u00f3wka (1), lekkoatletyka (29), pi\u0119ciob\u00f3j nowoczesny (1), pi\u0142ka no\u017cna (1), pi\u0142ka r\u0119czna (1), pi\u0142ka wodna (1), p\u0142ywanie (11), podnoszenie ci\u0119\u017car\u00f3w (5), polo (1), skoki do wody (4), strzelectwo (3), szermierka (7), wio\u015blarstwo (7), zapasy (14), \u017ceglarstwo (4).<\/p>\n\n\n\n<h2 class=\"wp-block-heading\"><strong>Gwiazda Igrzysk<\/strong><\/h2>\n\n\n\n<p><strong>James Cleveland \u201eJesse\u201d Owens<\/strong> (USA, lekkoatletyka) \u2013 4 z\u0142ote medale<\/p>\n\n\n\n<h2 class=\"wp-block-heading\"><strong>Polska Reprezentacja Olimpijska<\/strong><\/h2>\n\n\n\n<p><strong>125 os\u00f3b<\/strong> (startowa\u0142o 113 \u2013 11 kobiet i 102 m\u0119\u017cczyzn) w 14 sportach: 8 bokser\u00f3w (7 startowa\u0142o, 1 nie), 9 gimnastyczek (8 startowa\u0142o, 1 nie),8 je\u017ad\u017ac\u00f3w (6 startowa\u0142o + 2 rez.), 5 kolarzy (4 startowa\u0142o + 1 rez.), 18 lekkoatlet\u00f3w (w tym 3 zawodniczki; 17 startowa\u0142o, 1 nie), 12 koszykarzy (10 startowa\u0142o + 2 rez.), 2 kajakarzy, 5 p\u0142ywak\u00f3w (4 startowa\u0142o + 1 rez.), 18 pi\u0142karzy (17 startowa\u0142o + 1 rez.), 11 szermierzy, 6 strzelc\u00f3w, 11 wio\u015blarzy, 4 zapa\u015bnik\u00f3w (3 startowa\u0142o, 1 nie), 8 \u017ceglarzy (7 startowa\u0142o + 1 rez.).<\/p>\n\n\n\n<p>Chor\u0105\u017cym reprezentacji Polski by\u0142 lekkoatleta <strong>Klemens Biniakowski<\/strong>.<\/p>\n\n\n\n<h2 class=\"wp-block-heading\"><strong>Klasyfikacja medalowa<\/strong><\/h2>\n\n\n\n<figure class=\"wp-block-table is-style-stripes\"><table class=\"has-fixed-layout\"><tbody><tr><td><\/td><td><\/td><td class=\"has-text-align-center\" data-align=\"center\">&nbsp;<\/td><td class=\"has-text-align-center\" data-align=\"center\">&nbsp;<\/td><td class=\"has-text-align-center\" data-align=\"center\">&nbsp;<\/td><td class=\"has-text-align-center\" data-align=\"center\">&nbsp;<\/td><\/tr><tr><td>&nbsp;<\/td><td>&nbsp;<\/td><td class=\"has-text-align-center\" data-align=\"center\">&nbsp;<\/td><td class=\"has-text-align-center\" data-align=\"center\"><img loading=\"lazy\" decoding=\"async\" width=\"50\" height=\"50\" class=\"wp-image-27817\" style=\"width: 50px;\" src=\"https:\/\/olimpijski.pl\/wp-content\/uploads\/2016\/06\/2016_Rio_zloty_50x50.jpg\" alt=\"\"><\/td><td class=\"has-text-align-center\" data-align=\"center\"><img loading=\"lazy\" decoding=\"async\" width=\"50\" height=\"50\" class=\"wp-image-27819\" style=\"width: 50px;\" src=\"https:\/\/olimpijski.pl\/wp-content\/uploads\/2016\/06\/2016_Rio_sreb_50x50.jpg\" alt=\"\"><\/td><td class=\"has-text-align-center\" data-align=\"center\"><img loading=\"lazy\" decoding=\"async\" width=\"50\" height=\"50\" class=\"wp-image-27821\" style=\"width: 50px;\" src=\"https:\/\/olimpijski.pl\/wp-content\/uploads\/2016\/06\/2016_Rio_braz_50x50.jpg\" alt=\"\"><\/td><\/tr><tr><td>1.<\/td><td>Niemcy<\/td><td class=\"has-text-align-center\" data-align=\"center\">89<\/td><td class=\"has-text-align-center\" data-align=\"center\">33<\/td><td class=\"has-text-align-center\" data-align=\"center\">26<\/td><td class=\"has-text-align-center\" data-align=\"center\">30<\/td><\/tr><tr><td>2.<\/td><td>USA<\/td><td class=\"has-text-align-center\" data-align=\"center\">56<\/td><td class=\"has-text-align-center\" data-align=\"center\">24<\/td><td class=\"has-text-align-center\" data-align=\"center\">20<\/td><td class=\"has-text-align-center\" data-align=\"center\">12<\/td><\/tr><tr><td>3.<\/td><td>W\u0119gry<\/td><td class=\"has-text-align-center\" data-align=\"center\">16<\/td><td class=\"has-text-align-center\" data-align=\"center\">10<\/td><td class=\"has-text-align-center\" data-align=\"center\">1<\/td><td class=\"has-text-align-center\" data-align=\"center\">5<\/td><\/tr><tr><td>&#8230;<\/td><td>&nbsp;<\/td><td class=\"has-text-align-center\" data-align=\"center\">&nbsp;<\/td><td class=\"has-text-align-center\" data-align=\"center\">&nbsp;<\/td><td class=\"has-text-align-center\" data-align=\"center\">&nbsp;<\/td><td class=\"has-text-align-center\" data-align=\"center\">&nbsp;<\/td><\/tr><tr><td><strong>22.<\/strong><\/td><td><strong>Polska<\/strong><\/td><td class=\"has-text-align-center\" data-align=\"center\"><strong>6<\/strong><\/td><td class=\"has-text-align-center\" data-align=\"center\"><strong>0<\/strong><\/td><td class=\"has-text-align-center\" data-align=\"center\"><strong>3<\/strong><\/td><td class=\"has-text-align-center\" data-align=\"center\"><strong>3<\/strong><\/td><\/tr><\/tbody><\/table><\/figure>\n\n\n\n<h2 class=\"wp-block-heading\"><strong>Medale dla Polski (6)<\/strong><\/h2>\n\n\n<div class=\"wp-block-ub-content-toggle wp-block-ub-content-toggle-block\" id=\"ub-content-toggle-block-61bbb204-487c-421f-8244-fb42e8f2da7e\" data-mobilecollapse=\"false\" data-desktopcollapse=\"true\" data-preventcollapse=\"false\" data-showonlyone=\"false\">\n<div class=\"wp-block-ub-content-toggle-accordion\" style=\"border-color: #f1f1f1;\" id=\"ub-content-toggle-panel-block-\">\n\t\t\t<div class=\"wp-block-ub-content-toggle-accordion-title-wrap\" style=\"background-color: #f1f1f1;\" aria-controls=\"ub-content-toggle-panel-0-61bbb204-487c-421f-8244-fb42e8f2da7e\" tabindex=\"0\">\n\t\t\t<p class=\"wp-block-ub-content-toggle-accordion-title ub-content-toggle-title-61bbb204-487c-421f-8244-fb42e8f2da7e\" style=\"color: #000000; \">Srebrne<\/p>\n\t\t\t<div class=\"wp-block-ub-content-toggle-accordion-toggle-wrap right\" style=\"color: #000000;\"><span class=\"wp-block-ub-content-toggle-accordion-state-indicator wp-block-ub-chevron-down\"><\/span><\/div>\n\t\t<\/div>\n\t\t\t<div role=\"region\" aria-expanded=\"false\" class=\"wp-block-ub-content-toggle-accordion-content-wrap ub-hide\" id=\"ub-content-toggle-panel-0-61bbb204-487c-421f-8244-fb42e8f2da7e\">\n\n<p><\/p>\n\n\n\n<div class=\"wp-block-media-text is-stacked-on-mobile\" style=\"grid-template-columns:20% auto\"><figure class=\"wp-block-media-text__media\"><img loading=\"lazy\" decoding=\"async\" width=\"200\" height=\"200\" src=\"https:\/\/olimpijski.pl\/wp-content\/uploads\/1936\/06\/1936_Berlin_sreb_200.jpg\" alt=\"\" class=\"wp-image-30221\" srcset=\"https:\/\/olimpijski.pl\/wp-content\/uploads\/1936\/06\/1936_Berlin_sreb_200.jpg 200w, https:\/\/olimpijski.pl\/wp-content\/uploads\/1936\/06\/1936_Berlin_sreb_200-150x150.jpg 150w\" sizes=\"(max-width: 200px) 100vw, 200px\" \/><\/figure><div class=\"wp-block-media-text__content\">\n<p><strong>Stanis\u0142awa Walasiewicz<\/strong><br>(lekkoatletyka, bieg na 100 m)<br><br><strong>Jadwiga Wajs<\/strong><br>(lekkoatletyka, rzut dyskiem)<\/p>\n\n\n\n<p><strong>Zdzis\u0142aw Kawecki, Henryk Leliwa-Roycewicz, Seweryn Kulesza<\/strong><br>(je\u017adziectwo, WKKW)<\/p>\n<\/div><\/div>\n\n<\/div>\n\t\t<\/div>\n<\/div>\n\n<div class=\"wp-block-ub-content-toggle wp-block-ub-content-toggle-block\" id=\"ub-content-toggle-block-4c66526b-45eb-4431-93e8-e6d76c006dc6\" data-mobilecollapse=\"false\" data-desktopcollapse=\"true\" data-preventcollapse=\"false\" data-showonlyone=\"false\">\n<div class=\"wp-block-ub-content-toggle-accordion\" style=\"border-color: #f1f1f1;\" id=\"ub-content-toggle-panel-block-\">\n\t\t\t<div class=\"wp-block-ub-content-toggle-accordion-title-wrap\" style=\"background-color: #f1f1f1;\" aria-controls=\"ub-content-toggle-panel-0-4c66526b-45eb-4431-93e8-e6d76c006dc6\" tabindex=\"0\">\n\t\t\t<p class=\"wp-block-ub-content-toggle-accordion-title ub-content-toggle-title-4c66526b-45eb-4431-93e8-e6d76c006dc6\" style=\"color: #000000; \">Br\u0105zowe<\/p>\n\t\t\t<div class=\"wp-block-ub-content-toggle-accordion-toggle-wrap right\" style=\"color: #000000;\"><span class=\"wp-block-ub-content-toggle-accordion-state-indicator wp-block-ub-chevron-down\"><\/span><\/div>\n\t\t<\/div>\n\t\t\t<div role=\"region\" aria-expanded=\"false\" class=\"wp-block-ub-content-toggle-accordion-content-wrap ub-hide\" id=\"ub-content-toggle-panel-0-4c66526b-45eb-4431-93e8-e6d76c006dc6\">\n\n<p><\/p>\n\n\n\n<div class=\"wp-block-media-text is-stacked-on-mobile\" style=\"grid-template-columns:20% auto\"><figure class=\"wp-block-media-text__media\"><img loading=\"lazy\" decoding=\"async\" width=\"200\" height=\"200\" src=\"https:\/\/olimpijski.pl\/wp-content\/uploads\/1936\/06\/1936_Berlin_braz_200.jpg\" alt=\"\" class=\"wp-image-30223\" srcset=\"https:\/\/olimpijski.pl\/wp-content\/uploads\/1936\/06\/1936_Berlin_braz_200.jpg 200w, https:\/\/olimpijski.pl\/wp-content\/uploads\/1936\/06\/1936_Berlin_braz_200-150x150.jpg 150w\" sizes=\"(max-width: 200px) 100vw, 200px\" \/><\/figure><div class=\"wp-block-media-text__content\">\n<p><strong>Maria Kwa\u015bniewska<\/strong><br>(lekkoatletyka, rzut oszczepem)<\/p>\n\n\n\n<p><strong>W\u0142adys\u0142aw Kara\u015b<\/strong><br>(strzelectwo, karabin ma\u0142okalibrowy le\u017c\u0105c 50 m)<\/p>\n\n\n\n<p><strong>Jerzy Ustupski, Roger Verey<\/strong><br>(wio\u015blarstwo, dw\u00f3jka podw\u00f3jna)<\/p>\n<\/div><\/div>\n\n<\/div>\n\t\t<\/div>\n<\/div>\n\n\n<blockquote class=\"wp-block-quote is-style-default is-layout-flow wp-block-quote-is-layout-flow\"><p>Trzy medale wywalczy\u0142y lekkoatletki, po jednym je\u017ad\u017acy, strzelec i wio\u015blarze. Ponownie w gronie najlepszych znalaz\u0142y si\u0119 Stanis\u0142awa Walasiewicz zajmuj\u0105c drugie miejsce w biegu na 100 m oraz Jadwiga Wajs w rzucie dyskiem. Trzecia, w rzucie oszczepem, by\u0142a Maria Kwa\u015bniewska.<\/p><\/blockquote>\n","protected":false},"excerpt":{"rendered":"<p>Igrzyska XI OlimpiadyBerlin 1936 Igrzyska zosta\u0142y rozegrane w dniach 1-16 sierpnia. Wystartowa\u0142o 4066 zawodnik\u00f3w z 49 kraj\u00f3w (w tym 328 kobiet). Rozdano<\/p>\n","protected":false},"author":1,"featured_media":0,"parent":0,"menu_order":0,"template":"templates\/olympic_main_subpage.php","meta":{"_acf_changed":false,"ub_ctt_via":"","footnotes":""},"class_list":["post-308","olympics_summer","type-olympics_summer","status-publish","hentry","infinite-scroll-item","no-featured-image-padding"],"acf":{"game_id":"23","game_type":"1234","game_link":"berlin1936","game_news":"0","startdate":"01.08.1936 12:00 am","enddate":"16.08.1936 12:00 am","place":"Berlin","year":"1936","logo":"https:\/\/olimpijski.pl\/wp-content\/uploads\/1936\/06\/berlin1936.png","histroy_tabs":false,"special_bg_img":false,"hide_breadcrumbs":[],"competitions_olympic":false},"_links":{"self":[{"href":"https:\/\/olimpijski.pl\/en\/wp-json\/wp\/v2\/olympics_summer\/308"}],"collection":[{"href":"https:\/\/olimpijski.pl\/en\/wp-json\/wp\/v2\/olympics_summer"}],"about":[{"href":"https:\/\/olimpijski.pl\/en\/wp-json\/wp\/v2\/types\/olympics_summer"}],"author":[{"embeddable":true,"href":"https:\/\/olimpijski.pl\/en\/wp-json\/wp\/v2\/users\/1"}],"version-history":[{"count":0,"href":"https:\/\/olimpijski.pl\/en\/wp-json\/wp\/v2\/olympics_summer\/308\/revisions"}],"wp:attachment":[{"href":"https:\/\/olimpijski.pl\/en\/wp-json\/wp\/v2\/media?parent=308"}],"curies":[{"name":"wp","href":"https:\/\/api.w.org\/{rel}","templated":true}]}}

<h1 class="main-title wp-block-heading"><strong>Igrzyska XI Olimpiady</strong><br>Berlin 1936</h1>



<p><br></p>



<div class="wp-block-image"><figure class="alignleft size-large is-resized"><img loading="lazy" decoding="async" src="https://olimpijski.pl/wp-content/uploads/1936/06/berlin1936.png" alt="" class="wp-image-19316" width="137" height="137"/></figure></div>



<ul class="wp-block-list"><li>Igrzyska zostały rozegrane w dniach <strong>1-16 sierpnia</strong>.</li><li>Wystartowało <strong>4066</strong> zawodników z <strong>49</strong> krajów (w tym <strong>328</strong> kobiet).</li><li>Rozdano <strong>129</strong> kompletów medali.</li><li>Przysięgę w imieniu olimpijczyków złożył ciężarowiec <strong>Rudolf Ismayr</strong>.</li><li>Po raz pierwszy w historii, na arenie igrzysk zapalony został znicz olimpijski, a zaszczyt ten przypadł lekkoatlecie <strong>Fritzowi Schilgenowi</strong>, wybranemu ze względu na ładny styl biegania.</li><li>Igrzyska otworzył kanclerz Niemiec <strong>Adolf Hitler</strong>.</li></ul>



<h2 class="wp-block-heading"><strong>Program Igrzysk <strong>–</strong> 21 dyscyplin, 129 konkurencji</strong></h2>



<p>boks (8 konkurencji), gimnastyka (9), hokej na trawie (1), jeździectwo (6), kajakarstwo (9), kolarstwo (6), koszykówka (1), lekkoatletyka (29), pięciobój nowoczesny (1), piłka nożna (1), piłka ręczna (1), piłka wodna (1), pływanie (11), podnoszenie ciężarów (5), polo (1), skoki do wody (4), strzelectwo (3), szermierka (7), wioślarstwo (7), zapasy (14), żeglarstwo (4).</p>



<h2 class="wp-block-heading"><strong>Gwiazda Igrzysk</strong></h2>



<p><strong>James Cleveland „Jesse” Owens</strong> (USA, lekkoatletyka) – 4 złote medale</p>



<h2 class="wp-block-heading"><strong>Polska Reprezentacja Olimpijska</strong></h2>



<p><strong>125 osób</strong> (startowało 113 – 11 kobiet i 102 mężczyzn) w 14 sportach: 8 bokserów (7 startowało, 1 nie), 9 gimnastyczek (8 startowało, 1 nie),8 jeźdźców (6 startowało + 2 rez.), 5 kolarzy (4 startowało + 1 rez.), 18 lekkoatletów (w tym 3 zawodniczki; 17 startowało, 1 nie), 12 koszykarzy (10 startowało + 2 rez.), 2 kajakarzy, 5 pływaków (4 startowało + 1 rez.), 18 piłkarzy (17 startowało + 1 rez.), 11 szermierzy, 6 strzelców, 11 wioślarzy, 4 zapaśników (3 startowało, 1 nie), 8 żeglarzy (7 startowało + 1 rez.).</p>



<p>Chorążym reprezentacji Polski był lekkoatleta <strong>Klemens Biniakowski</strong>.</p>



<h2 class="wp-block-heading"><strong>Klasyfikacja medalowa</strong></h2>



<figure class="wp-block-table is-style-stripes"><table class="has-fixed-layout"><tbody><tr><td></td><td></td><td class="has-text-align-center" data-align="center">&nbsp;</td><td class="has-text-align-center" data-align="center">&nbsp;</td><td class="has-text-align-center" data-align="center">&nbsp;</td><td class="has-text-align-center" data-align="center">&nbsp;</td></tr><tr><td>&nbsp;</td><td>&nbsp;</td><td class="has-text-align-center" data-align="center">&nbsp;</td><td class="has-text-align-center" data-align="center"><img loading="lazy" decoding="async" width="50" height="50" class="wp-image-27817" style="width: 50px;" src="https://olimpijski.pl/wp-content/uploads/2016/06/2016_Rio_zloty_50x50.jpg" alt=""></td><td class="has-text-align-center" data-align="center"><img loading="lazy" decoding="async" width="50" height="50" class="wp-image-27819" style="width: 50px;" src="https://olimpijski.pl/wp-content/uploads/2016/06/2016_Rio_sreb_50x50.jpg" alt=""></td><td class="has-text-align-center" data-align="center"><img loading="lazy" decoding="async" width="50" height="50" class="wp-image-27821" style="width: 50px;" src="https://olimpijski.pl/wp-content/uploads/2016/06/2016_Rio_braz_50x50.jpg" alt=""></td></tr><tr><td>1.</td><td>Niemcy</td><td class="has-text-align-center" data-align="center">89</td><td class="has-text-align-center" data-align="center">33</td><td class="has-text-align-center" data-align="center">26</td><td class="has-text-align-center" data-align="center">30</td></tr><tr><td>2.</td><td>USA</td><td class="has-text-align-center" data-align="center">56</td><td class="has-text-align-center" data-align="center">24</td><td class="has-text-align-center" data-align="center">20</td><td class="has-text-align-center" data-align="center">12</td></tr><tr><td>3.</td><td>Węgry</td><td class="has-text-align-center" data-align="center">16</td><td class="has-text-align-center" data-align="center">10</td><td class="has-text-align-center" data-align="center">1</td><td class="has-text-align-center" data-align="center">5</td></tr><tr><td>&#8230;</td><td>&nbsp;</td><td class="has-text-align-center" data-align="center">&nbsp;</td><td class="has-text-align-center" data-align="center">&nbsp;</td><td class="has-text-align-center" data-align="center">&nbsp;</td><td class="has-text-align-center" data-align="center">&nbsp;</td></tr><tr><td><strong>22.</strong></td><td><strong>Polska</strong></td><td class="has-text-align-center" data-align="center"><strong>6</strong></td><td class="has-text-align-center" data-align="center"><strong>0</strong></td><td class="has-text-align-center" data-align="center"><strong>3</strong></td><td class="has-text-align-center" data-align="center"><strong>3</strong></td></tr></tbody></table></figure>



<h2 class="wp-block-heading"><strong>Medale dla Polski (6)</strong></h2>


<div class="wp-block-ub-content-toggle wp-block-ub-content-toggle-block" id="ub-content-toggle-block-61bbb204-487c-421f-8244-fb42e8f2da7e" data-mobilecollapse="false" data-desktopcollapse="true" data-preventcollapse="false" data-showonlyone="false">
<div class="wp-block-ub-content-toggle-accordion" style="border-color: #f1f1f1;" id="ub-content-toggle-panel-block-">
			<div class="wp-block-ub-content-toggle-accordion-title-wrap" style="background-color: #f1f1f1;" aria-controls="ub-content-toggle-panel-0-61bbb204-487c-421f-8244-fb42e8f2da7e" tabindex="0">
			<p class="wp-block-ub-content-toggle-accordion-title ub-content-toggle-title-61bbb204-487c-421f-8244-fb42e8f2da7e" style="color: #000000; ">Srebrne</p>
			<div class="wp-block-ub-content-toggle-accordion-toggle-wrap right" style="color: #000000;"><span class="wp-block-ub-content-toggle-accordion-state-indicator wp-block-ub-chevron-down"></span></div>
		</div>
			<div role="region" aria-expanded="false" class="wp-block-ub-content-toggle-accordion-content-wrap ub-hide" id="ub-content-toggle-panel-0-61bbb204-487c-421f-8244-fb42e8f2da7e">

<p></p>



<div class="wp-block-media-text is-stacked-on-mobile" style="grid-template-columns:20% auto"><figure class="wp-block-media-text__media"><img loading="lazy" decoding="async" width="200" height="200" src="https://olimpijski.pl/wp-content/uploads/1936/06/1936_Berlin_sreb_200.jpg" alt="" class="wp-image-30221" srcset="https://olimpijski.pl/wp-content/uploads/1936/06/1936_Berlin_sreb_200.jpg 200w, https://olimpijski.pl/wp-content/uploads/1936/06/1936_Berlin_sreb_200-150x150.jpg 150w" sizes="(max-width: 200px) 100vw, 200px" /></figure><div class="wp-block-media-text__content">
<p><strong>Stanisława Walasiewicz</strong><br>(lekkoatletyka, bieg na 100 m)<br><br><strong>Jadwiga Wajs</strong><br>(lekkoatletyka, rzut dyskiem)</p>



<p><strong>Zdzisław Kawecki, Henryk Leliwa-Roycewicz, Seweryn Kulesza</strong><br>(jeździectwo, WKKW)</p>
</div></div>

</div>
		</div>
</div>

<div class="wp-block-ub-content-toggle wp-block-ub-content-toggle-block" id="ub-content-toggle-block-4c66526b-45eb-4431-93e8-e6d76c006dc6" data-mobilecollapse="false" data-desktopcollapse="true" data-preventcollapse="false" data-showonlyone="false">
<div class="wp-block-ub-content-toggle-accordion" style="border-color: #f1f1f1;" id="ub-content-toggle-panel-block-">
			<div class="wp-block-ub-content-toggle-accordion-title-wrap" style="background-color: #f1f1f1;" aria-controls="ub-content-toggle-panel-0-4c66526b-45eb-4431-93e8-e6d76c006dc6" tabindex="0">
			<p class="wp-block-ub-content-toggle-accordion-title ub-content-toggle-title-4c66526b-45eb-4431-93e8-e6d76c006dc6" style="color: #000000; ">Brązowe</p>
			<div class="wp-block-ub-content-toggle-accordion-toggle-wrap right" style="color: #000000;"><span class="wp-block-ub-content-toggle-accordion-state-indicator wp-block-ub-chevron-down"></span></div>
		</div>
			<div role="region" aria-expanded="false" class="wp-block-ub-content-toggle-accordion-content-wrap ub-hide" id="ub-content-toggle-panel-0-4c66526b-45eb-4431-93e8-e6d76c006dc6">

<p></p>



<div class="wp-block-media-text is-stacked-on-mobile" style="grid-template-columns:20% auto"><figure class="wp-block-media-text__media"><img loading="lazy" decoding="async" width="200" height="200" src="https://olimpijski.pl/wp-content/uploads/1936/06/1936_Berlin_braz_200.jpg" alt="" class="wp-image-30223" srcset="https://olimpijski.pl/wp-content/uploads/1936/06/1936_Berlin_braz_200.jpg 200w, https://olimpijski.pl/wp-content/uploads/1936/06/1936_Berlin_braz_200-150x150.jpg 150w" sizes="(max-width: 200px) 100vw, 200px" /></figure><div class="wp-block-media-text__content">
<p><strong>Maria Kwaśniewska</strong><br>(lekkoatletyka, rzut oszczepem)</p>



<p><strong>Władysław Karaś</strong><br>(strzelectwo, karabin małokalibrowy leżąc 50 m)</p>



<p><strong>Jerzy Ustupski, Roger Verey</strong><br>(wioślarstwo, dwójka podwójna)</p>
</div></div>

</div>
		</div>
</div>


<blockquote class="wp-block-quote is-style-default is-layout-flow wp-block-quote-is-layout-flow"><p>Trzy medale wywalczyły lekkoatletki, po jednym jeźdźcy, strzelec i wioślarze. Ponownie w gronie najlepszych znalazły się Stanisława Walasiewicz zajmując drugie miejsce w biegu na 100 m oraz Jadwiga Wajs w rzucie dyskiem. Trzecia, w rzucie oszczepem, była Maria Kwaśniewska.</p></blockquote>

<p>Igrzyska XI OlimpiadyBerlin 1936 Igrzyska zostały rozegrane w dniach 1-16 sierpnia. Wystartowało 4066 zawodników z 49 krajów (w tym 328 kobiet). Rozdano</p>
