{"id":5896,"date":"1998-06-17T13:54:39","date_gmt":"1998-06-17T11:54:39","guid":{"rendered":"https:\/\/wai-q98d7hpf9hy9k.wpallimport-demo.qsandbox.me\/olympics_winter\/nagano-1998\/"},"modified":"2020-09-30T12:33:26","modified_gmt":"2020-09-30T10:33:26","slug":"nagano-1998","status":"publish","type":"olympics_winter","link":"https:\/\/olimpijski.pl\/en\/igrzyska_zimowe\/nagano-1998\/","title":{"rendered":"Nagano 1998"},"content":{"rendered":"\n<h1 class=\"main-title wp-block-heading\"><strong>XVIII ZIO<\/strong><br>Nagano 1998<\/h1>\n\n\n\n<p><br><\/p>\n\n\n\n<div class=\"wp-block-image is-style-default\"><figure class=\"alignleft size-large\"><img loading=\"lazy\" decoding=\"async\" width=\"128\" height=\"128\" src=\"https:\/\/olimpijski.pl\/wp-content\/uploads\/1998\/06\/nagano1998.png\" alt=\"\" class=\"wp-image-19384\"\/><\/figure><\/div>\n\n\n\n<ul class=\"wp-block-list\"><li>Igrzyska rozegrano w dniach <strong>7-22 lutego<\/strong>.<\/li><li>Wystartowa\u0142o <strong>2176<\/strong> zawodnik\u00f3w (w tym <strong>787<\/strong> kobiet) z <strong>72<\/strong> kraj\u00f3w.<\/li><li>Rozdano <strong>68<\/strong> komplet\u00f3w medali.<\/li><li>Znicz zapali\u0142a \u0142y\u017cwiarka figurowa <strong>Midori Ito<\/strong>.<\/li><li>Igrzyska otworzy\u0142 <strong>cesarz Japonii Akihito<\/strong>.<\/li><\/ul>\n\n\n\n<h2 class=\"wp-block-heading\"><strong>Program Igrzysk \u2013 12 dyscyplin, 68 konkurencji<\/strong><\/h2>\n\n\n\n<p>biathlon (6 konkurencji), bobsleje (2), curling (2), hokej na lodzie (2), \u0142y\u017cwiarstwo figurowe (4), \u0142y\u017cwiarstwo szybkie (10), \u0142y\u017cwiarstwo szybkie \u2013 short-track (6), narciarstwo alpejskie (10), narciarstwo klasyczne (15), narciarstwo dowolne (4), saneczkarstwo (3), snowboard (4).<\/p>\n\n\n\n<h2 class=\"wp-block-heading\"><strong>Gwiazdy Igrzysk<\/strong><\/h2>\n\n\n\n<p><strong>Larysa \u0141azutina<\/strong> (Rosja, biegi narciarskie) \u2013 3 z\u0142ote medale, 1 srebrny,&nbsp; br\u0105zowy<br><strong>Bjoern Daehlie<\/strong> (Norwegia, biegi narciarskie) \u2013 3 z\u0142ote medale, 1 srebrny<br><strong>Olga Dani\u0142owa<\/strong> (Rosja, biegi narciarskie) \u2013 2 z\u0142ote medale, 1 srebrny<br><strong>Hermann Maier<\/strong> (Austria, narciarstwo alpejskie) \u2013 2 z\u0142ote medale<\/p>\n\n\n\n<h2 class=\"wp-block-heading\"><strong>Polska Reprezentacja Olimpijska<\/strong><\/h2>\n\n\n\n<p><strong>41 os\u00f3b<\/strong> (startowa\u0142o 39 \u2013 15 kobiet i 24 m\u0119\u017cczyzn) w 8 sportach: 10 biathlonist\u00f3w (w tym 5 kobiet; 9 startowa\u0142o + 1 rez.), 5 bobsleist\u00f3w (4 startowa\u0142o, 1 nie), 5 \u0142y\u017cwiarzy figurowych (w tym 3 kobiety), 3 \u0142y\u017cwiarzy szybkich, 1 \u0142y\u017cwiarz szybki \u2013 short-track, 12 narciarzy (w tym 5 kobiet), 2 saneczkarzy, 3 snowboardzist\u00f3w (w tym 2 kobiety).<\/p>\n\n\n\n<p>Chor\u0105\u017cym reprezentacji Polski by\u0142 biathlonista <strong>Jan Ziemianin<\/strong>.<\/p>\n\n\n\n<h2 class=\"wp-block-heading\"><strong>Klasyfikacja medalowa<\/strong><\/h2>\n\n\n\n<figure class=\"wp-block-table is-style-stripes\"><table class=\"has-fixed-layout\"><tbody><tr><td><\/td><td><\/td><td class=\"has-text-align-center\" data-align=\"center\">&nbsp;<\/td><td class=\"has-text-align-center\" data-align=\"center\">&nbsp;<\/td><td class=\"has-text-align-center\" data-align=\"center\">&nbsp;<\/td><td class=\"has-text-align-center\" data-align=\"center\">&nbsp;<\/td><\/tr><tr><td>&nbsp;<\/td><td>&nbsp;<\/td><td class=\"has-text-align-center\" data-align=\"center\">&nbsp;<\/td><td class=\"has-text-align-center\" data-align=\"center\"><img loading=\"lazy\" decoding=\"async\" width=\"50\" height=\"50\" class=\"wp-image-26068\" style=\"width: 50px;\" src=\"https:\/\/olimpijski.pl\/wp-content\/uploads\/1948\/06\/2008_Pekin_zloty_50x50.jpg\" alt=\"\"><\/td><td class=\"has-text-align-center\" data-align=\"center\"><img loading=\"lazy\" decoding=\"async\" width=\"50\" height=\"50\" class=\"wp-image-26071\" style=\"width: 50px;\" src=\"https:\/\/olimpijski.pl\/wp-content\/uploads\/1948\/06\/2008_Pekin_sreb_50x50.jpg\" alt=\"\"><\/td><td class=\"has-text-align-center\" data-align=\"center\"><img loading=\"lazy\" decoding=\"async\" width=\"50\" height=\"50\" class=\"wp-image-26073\" style=\"width: 50px;\" src=\"https:\/\/olimpijski.pl\/wp-content\/uploads\/1948\/06\/2008_Pekin_braz_50x50.jpg\" alt=\"\"><\/td><\/tr><tr><td>1.<\/td><td>Niemcy<\/td><td class=\"has-text-align-center\" data-align=\"center\">29<\/td><td class=\"has-text-align-center\" data-align=\"center\">12<\/td><td class=\"has-text-align-center\" data-align=\"center\">9<\/td><td class=\"has-text-align-center\" data-align=\"center\">8<\/td><\/tr><tr><td>2.<\/td><td>Norwegia<\/td><td class=\"has-text-align-center\" data-align=\"center\">25<\/td><td class=\"has-text-align-center\" data-align=\"center\">10<\/td><td class=\"has-text-align-center\" data-align=\"center\">10<\/td><td class=\"has-text-align-center\" data-align=\"center\">5<\/td><\/tr><tr><td>3.<\/td><td>Rosja<\/td><td class=\"has-text-align-center\" data-align=\"center\">18<\/td><td class=\"has-text-align-center\" data-align=\"center\">9<\/td><td class=\"has-text-align-center\" data-align=\"center\">6<\/td><td class=\"has-text-align-center\" data-align=\"center\">3<\/td><\/tr><tr><td>&#8230;<\/td><td>&nbsp;<\/td><td class=\"has-text-align-center\" data-align=\"center\">&nbsp;<\/td><td class=\"has-text-align-center\" data-align=\"center\">&nbsp;<\/td><td class=\"has-text-align-center\" data-align=\"center\">&nbsp;<\/td><td class=\"has-text-align-center\" data-align=\"center\">&nbsp;<\/td><\/tr><tr><td>&nbsp;<\/td><td><strong>Polska<\/strong><\/td><td class=\"has-text-align-center\" data-align=\"center\"><strong>0<\/strong><\/td><td class=\"has-text-align-center\" data-align=\"center\"><strong>0<\/strong><\/td><td class=\"has-text-align-center\" data-align=\"center\"><strong>0<\/strong><\/td><td class=\"has-text-align-center\" data-align=\"center\"><strong>0<\/strong><\/td><\/tr><\/tbody><\/table><\/figure>\n\n\n\n<blockquote class=\"wp-block-quote is-style-default is-layout-flow wp-block-quote-is-layout-flow\"><p>Najlepiej z polskiej ekipy spisali si\u0119 zajmuj\u0105c pi\u0105te lokaty: Andrzej Bachleda-Curu\u015b III junior w kombinacji alpejskiej i biathloni\u015bci: Wies\u0142aw Ziemianin, Tomasz Sikora, Jan Ziemianin i Wojciech Kozub w sztafecie 4&#215;7,5 km.<\/p><p>W Nagano zadebiutowa\u0142 snowboard. Pojawi\u0142 si\u0119 ponownie curling w kt\u00f3rym rywalizowa\u0142y kobiety i m\u0119\u017cczy\u017ani. Do turnieju hokeja na lodzie po raz pierwszy w historii igrzysk zaproszono zawodowc\u00f3w oraz kobiety. Z\u0142oty medal zdobyli reprezentanci Czech. Naszpikowany gwiazdami NHL zesp\u00f3\u0142 Kanady z Wayne Gretzky&#8217;m na czele zaj\u0105\u0142 dopiero czwarte miejsce.<\/p><p>Podczas sesji Mi\u0119dzynarodowego Komitetu Olimpijskiego w Nagano, w jego sk\u0142ad wybrana zosta\u0142a siedmiokrotna medalistka olimpijska lekkoatletka Irena Szewi\u0144ska.<\/p><\/blockquote>\n","protected":false},"excerpt":{"rendered":"<p>XVIII ZIONagano 1998 Igrzyska rozegrano w dniach 7-22 lutego. Wystartowa\u0142o 2176 zawodnik\u00f3w (w tym 787 kobiet) z 72 kraj\u00f3w. Rozdano 68 komplet\u00f3w<\/p>\n","protected":false},"featured_media":0,"parent":0,"menu_order":0,"template":"templates\/olympic_main_subpage.php","meta":{"_acf_changed":false,"ub_ctt_via":"","footnotes":""},"class_list":["post-5896","olympics_winter","type-olympics_winter","status-publish","hentry","infinite-scroll-item","no-featured-image-padding"],"acf":{"game_id":"35","game_type":"1235","game_link":"nagano1998","game_news":"0","startdate":"07.02.1998 12:00 am","enddate":"22.02.1998 12:00 am","place":"Nagano","year":"1998","logo":"https:\/\/olimpijski.pl\/wp-content\/uploads\/1998\/06\/nagano1998.png","special_bg_img":false,"hide_breadcrumbs":[],"competitions_olympic":false,"histroy_tabs":false},"_links":{"self":[{"href":"https:\/\/olimpijski.pl\/en\/wp-json\/wp\/v2\/olympics_winter\/5896"}],"collection":[{"href":"https:\/\/olimpijski.pl\/en\/wp-json\/wp\/v2\/olympics_winter"}],"about":[{"href":"https:\/\/olimpijski.pl\/en\/wp-json\/wp\/v2\/types\/olympics_winter"}],"version-history":[{"count":0,"href":"https:\/\/olimpijski.pl\/en\/wp-json\/wp\/v2\/olympics_winter\/5896\/revisions"}],"wp:attachment":[{"href":"https:\/\/olimpijski.pl\/en\/wp-json\/wp\/v2\/media?parent=5896"}],"curies":[{"name":"wp","href":"https:\/\/api.w.org\/{rel}","templated":true}]}}

<h1 class="main-title wp-block-heading"><strong>XVIII ZIO</strong><br>Nagano 1998</h1>



<p><br></p>



<div class="wp-block-image is-style-default"><figure class="alignleft size-large"><img loading="lazy" decoding="async" width="128" height="128" src="https://olimpijski.pl/wp-content/uploads/1998/06/nagano1998.png" alt="" class="wp-image-19384"/></figure></div>



<ul class="wp-block-list"><li>Igrzyska rozegrano w dniach <strong>7-22 lutego</strong>.</li><li>Wystartowało <strong>2176</strong> zawodników (w tym <strong>787</strong> kobiet) z <strong>72</strong> krajów.</li><li>Rozdano <strong>68</strong> kompletów medali.</li><li>Znicz zapaliła łyżwiarka figurowa <strong>Midori Ito</strong>.</li><li>Igrzyska otworzył <strong>cesarz Japonii Akihito</strong>.</li></ul>



<h2 class="wp-block-heading"><strong>Program Igrzysk – 12 dyscyplin, 68 konkurencji</strong></h2>



<p>biathlon (6 konkurencji), bobsleje (2), curling (2), hokej na lodzie (2), łyżwiarstwo figurowe (4), łyżwiarstwo szybkie (10), łyżwiarstwo szybkie – short-track (6), narciarstwo alpejskie (10), narciarstwo klasyczne (15), narciarstwo dowolne (4), saneczkarstwo (3), snowboard (4).</p>



<h2 class="wp-block-heading"><strong>Gwiazdy Igrzysk</strong></h2>



<p><strong>Larysa Łazutina</strong> (Rosja, biegi narciarskie) – 3 złote medale, 1 srebrny,&nbsp; brązowy<br><strong>Bjoern Daehlie</strong> (Norwegia, biegi narciarskie) – 3 złote medale, 1 srebrny<br><strong>Olga Daniłowa</strong> (Rosja, biegi narciarskie) – 2 złote medale, 1 srebrny<br><strong>Hermann Maier</strong> (Austria, narciarstwo alpejskie) – 2 złote medale</p>



<h2 class="wp-block-heading"><strong>Polska Reprezentacja Olimpijska</strong></h2>



<p><strong>41 osób</strong> (startowało 39 – 15 kobiet i 24 mężczyzn) w 8 sportach: 10 biathlonistów (w tym 5 kobiet; 9 startowało + 1 rez.), 5 bobsleistów (4 startowało, 1 nie), 5 łyżwiarzy figurowych (w tym 3 kobiety), 3 łyżwiarzy szybkich, 1 łyżwiarz szybki – short-track, 12 narciarzy (w tym 5 kobiet), 2 saneczkarzy, 3 snowboardzistów (w tym 2 kobiety).</p>



<p>Chorążym reprezentacji Polski był biathlonista <strong>Jan Ziemianin</strong>.</p>



<h2 class="wp-block-heading"><strong>Klasyfikacja medalowa</strong></h2>



<figure class="wp-block-table is-style-stripes"><table class="has-fixed-layout"><tbody><tr><td></td><td></td><td class="has-text-align-center" data-align="center">&nbsp;</td><td class="has-text-align-center" data-align="center">&nbsp;</td><td class="has-text-align-center" data-align="center">&nbsp;</td><td class="has-text-align-center" data-align="center">&nbsp;</td></tr><tr><td>&nbsp;</td><td>&nbsp;</td><td class="has-text-align-center" data-align="center">&nbsp;</td><td class="has-text-align-center" data-align="center"><img loading="lazy" decoding="async" width="50" height="50" class="wp-image-26068" style="width: 50px;" src="https://olimpijski.pl/wp-content/uploads/1948/06/2008_Pekin_zloty_50x50.jpg" alt=""></td><td class="has-text-align-center" data-align="center"><img loading="lazy" decoding="async" width="50" height="50" class="wp-image-26071" style="width: 50px;" src="https://olimpijski.pl/wp-content/uploads/1948/06/2008_Pekin_sreb_50x50.jpg" alt=""></td><td class="has-text-align-center" data-align="center"><img loading="lazy" decoding="async" width="50" height="50" class="wp-image-26073" style="width: 50px;" src="https://olimpijski.pl/wp-content/uploads/1948/06/2008_Pekin_braz_50x50.jpg" alt=""></td></tr><tr><td>1.</td><td>Niemcy</td><td class="has-text-align-center" data-align="center">29</td><td class="has-text-align-center" data-align="center">12</td><td class="has-text-align-center" data-align="center">9</td><td class="has-text-align-center" data-align="center">8</td></tr><tr><td>2.</td><td>Norwegia</td><td class="has-text-align-center" data-align="center">25</td><td class="has-text-align-center" data-align="center">10</td><td class="has-text-align-center" data-align="center">10</td><td class="has-text-align-center" data-align="center">5</td></tr><tr><td>3.</td><td>Rosja</td><td class="has-text-align-center" data-align="center">18</td><td class="has-text-align-center" data-align="center">9</td><td class="has-text-align-center" data-align="center">6</td><td class="has-text-align-center" data-align="center">3</td></tr><tr><td>&#8230;</td><td>&nbsp;</td><td class="has-text-align-center" data-align="center">&nbsp;</td><td class="has-text-align-center" data-align="center">&nbsp;</td><td class="has-text-align-center" data-align="center">&nbsp;</td><td class="has-text-align-center" data-align="center">&nbsp;</td></tr><tr><td>&nbsp;</td><td><strong>Polska</strong></td><td class="has-text-align-center" data-align="center"><strong>0</strong></td><td class="has-text-align-center" data-align="center"><strong>0</strong></td><td class="has-text-align-center" data-align="center"><strong>0</strong></td><td class="has-text-align-center" data-align="center"><strong>0</strong></td></tr></tbody></table></figure>



<blockquote class="wp-block-quote is-style-default is-layout-flow wp-block-quote-is-layout-flow"><p>Najlepiej z polskiej ekipy spisali się zajmując piąte lokaty: Andrzej Bachleda-Curuś III junior w kombinacji alpejskiej i biathloniści: Wiesław Ziemianin, Tomasz Sikora, Jan Ziemianin i Wojciech Kozub w sztafecie 4&#215;7,5 km.</p><p>W Nagano zadebiutował snowboard. Pojawił się ponownie curling w którym rywalizowały kobiety i mężczyźni. Do turnieju hokeja na lodzie po raz pierwszy w historii igrzysk zaproszono zawodowców oraz kobiety. Złoty medal zdobyli reprezentanci Czech. Naszpikowany gwiazdami NHL zespół Kanady z Wayne Gretzky&#8217;m na czele zajął dopiero czwarte miejsce.</p><p>Podczas sesji Międzynarodowego Komitetu Olimpijskiego w Nagano, w jego skład wybrana została siedmiokrotna medalistka olimpijska lekkoatletka Irena Szewińska.</p></blockquote>

<p>XVIII ZIONagano 1998 Igrzyska rozegrano w dniach 7-22 lutego. Wystartowało 2176 zawodników (w tym 787 kobiet) z 72 krajów. Rozdano 68 kompletów</p>
