{"id":5897,"date":"1992-06-17T13:54:39","date_gmt":"1992-06-17T11:54:39","guid":{"rendered":"https:\/\/wai-q98d7hpf9hy9k.wpallimport-demo.qsandbox.me\/olympics_winter\/albertville-1992\/"},"modified":"2020-10-06T15:12:54","modified_gmt":"2020-10-06T13:12:54","slug":"albertville-1992","status":"publish","type":"olympics_winter","link":"https:\/\/olimpijski.pl\/en\/igrzyska_zimowe\/albertville-1992\/","title":{"rendered":"Albertville 1992"},"content":{"rendered":"\n<h1 class=\"main-title wp-block-heading\"><strong>XVI ZIO<\/strong><br>Albertville 1992<\/h1>\n\n\n\n<p><br><\/p>\n\n\n\n<div class=\"wp-block-image is-style-default\"><figure class=\"alignleft size-large\"><img loading=\"lazy\" decoding=\"async\" width=\"128\" height=\"128\" src=\"https:\/\/olimpijski.pl\/wp-content\/uploads\/1992\/06\/albertville1992.png\" alt=\"\" class=\"wp-image-19360\"\/><\/figure><\/div>\n\n\n\n<ul class=\"wp-block-list\"><li>Igrzyska rozegrano w dniach <strong>8-23 lutego<\/strong>.<\/li><li>Wystartowa\u0142o <strong>1801<\/strong> zawodnik\u00f3w (w tym <strong>488<\/strong> kobiet) z <strong>64<\/strong> kraj\u00f3w.<\/li><li>Rozdano <strong>57<\/strong> komplet\u00f3w medali.<\/li><li>Znicz zapali\u0142 ucze\u0144 <strong>Francois Cyril Grange<\/strong>.<\/li><li>Igrzyska otworzy\u0142 <strong>prezydent Francji Francois Mitterand<\/strong>.<\/li><\/ul>\n\n\n\n<h2 class=\"wp-block-heading\"><strong>Program Igrzysk \u2013 10 dyscyplin i 57 konkurencji<\/strong><\/h2>\n\n\n\n<p>biathlon (6 konkurencji), bobsleje (2), hokej na lodzie (1), \u0142y\u017cwiarstwo figurowe (4), \u0142y\u017cwiarstwo szybkie (10), \u0142y\u017cwiarstwo szybkie \u2013 short-track (4), narciarstwo alpejskie (10), narciarstwo klasyczne (15), narciarstwo dowolne (2), saneczkarstwo (3).<\/p>\n\n\n\n<h2 class=\"wp-block-heading\"><strong>Gwiazdy Igrzysk<\/strong><\/h2>\n\n\n\n<p><strong>Lubow Jegorowa <\/strong>(Wsp\u00f3lnota Niepodleg\u0142ych Pa\u0144stw, biegi narciarskie) \u2013 3 z\u0142ote medale, 2 srebrne<br><strong>Vegard Ulvang<\/strong> (Norwegia, biegi narciarskie) \u2013 3 z\u0142ote medale, 1 srebrny<br><strong>Bjoern Daehlie<\/strong> (Norwegia, biegi narciarskie) \u2013 3 z\u0142ote medale, 1 srebrny<\/p>\n\n\n\n<h2 class=\"wp-block-heading\"><strong>Polska Reprezentacja Olimpijska<\/strong><\/h2>\n\n\n\n<p><strong>53 osoby<\/strong> (12 kobiet i 41 m\u0119\u017cczyzn) w 6 sportach: 9 biathlonist\u00f3w (w tym 4 kobiety), 23 hokeist\u00f3w, 2 \u0142y\u017cwiarzy figurowych (w tym 1 kobieta), 4 \u0142y\u017cwiarzy szybkich (w tym 1 kobieta), 13 narciarzy (w tym 6 kobiet), 2 saneczkarzy.<\/p>\n\n\n\n<p>Chor\u0105\u017cym reprezentacji Polski by\u0142 hokeista <strong>Henryk Gruth<\/strong>.<\/p>\n\n\n\n<h2 class=\"wp-block-heading\"><strong>Klasyfikacja medalowa<\/strong><\/h2>\n\n\n\n<figure class=\"wp-block-table is-style-stripes\"><table class=\"has-fixed-layout\"><tbody><tr><td><\/td><td><\/td><td class=\"has-text-align-center\" data-align=\"center\">&nbsp;<\/td><td class=\"has-text-align-center\" data-align=\"center\">&nbsp;<\/td><td class=\"has-text-align-center\" data-align=\"center\">&nbsp;<\/td><td class=\"has-text-align-center\" data-align=\"center\">&nbsp;<\/td><\/tr><tr><td>&nbsp;<\/td><td>&nbsp;<\/td><td class=\"has-text-align-center\" data-align=\"center\">&nbsp;<\/td><td class=\"has-text-align-center\" data-align=\"center\"><img loading=\"lazy\" decoding=\"async\" width=\"50\" height=\"50\" class=\"wp-image-26068\" style=\"width: 50px;\" src=\"https:\/\/olimpijski.pl\/wp-content\/uploads\/1948\/06\/2008_Pekin_zloty_50x50.jpg\" alt=\"\"><\/td><td class=\"has-text-align-center\" data-align=\"center\"><img loading=\"lazy\" decoding=\"async\" width=\"50\" height=\"50\" class=\"wp-image-26071\" style=\"width: 50px;\" src=\"https:\/\/olimpijski.pl\/wp-content\/uploads\/1948\/06\/2008_Pekin_sreb_50x50.jpg\" alt=\"\"><\/td><td class=\"has-text-align-center\" data-align=\"center\"><img loading=\"lazy\" decoding=\"async\" width=\"50\" height=\"50\" class=\"wp-image-26073\" style=\"width: 50px;\" src=\"https:\/\/olimpijski.pl\/wp-content\/uploads\/1948\/06\/2008_Pekin_braz_50x50.jpg\" alt=\"\"><\/td><\/tr><tr><td>1.<\/td><td>Niemcy<\/td><td class=\"has-text-align-center\" data-align=\"center\">26<\/td><td class=\"has-text-align-center\" data-align=\"center\">10<\/td><td class=\"has-text-align-center\" data-align=\"center\">10<\/td><td class=\"has-text-align-center\" data-align=\"center\">6<\/td><\/tr><tr><td>2.<\/td><td>WNP*<\/td><td class=\"has-text-align-center\" data-align=\"center\">23<\/td><td class=\"has-text-align-center\" data-align=\"center\">9<\/td><td class=\"has-text-align-center\" data-align=\"center\">6<\/td><td class=\"has-text-align-center\" data-align=\"center\">8<\/td><\/tr><tr><td>3.<\/td><td>Norwegia<\/td><td class=\"has-text-align-center\" data-align=\"center\">20<\/td><td class=\"has-text-align-center\" data-align=\"center\">9<\/td><td class=\"has-text-align-center\" data-align=\"center\">6<\/td><td class=\"has-text-align-center\" data-align=\"center\">5<\/td><\/tr><tr><td>&#8230;<\/td><td>&nbsp;<\/td><td class=\"has-text-align-center\" data-align=\"center\">&nbsp;<\/td><td class=\"has-text-align-center\" data-align=\"center\">&nbsp;<\/td><td class=\"has-text-align-center\" data-align=\"center\">&nbsp;<\/td><td class=\"has-text-align-center\" data-align=\"center\">&nbsp;<\/td><\/tr><tr><td>&nbsp;<\/td><td><strong>Polska<\/strong><\/td><td class=\"has-text-align-center\" data-align=\"center\"><strong>0<\/strong><\/td><td class=\"has-text-align-center\" data-align=\"center\"><strong>0<\/strong><\/td><td class=\"has-text-align-center\" data-align=\"center\"><strong>0<\/strong><\/td><td class=\"has-text-align-center\" data-align=\"center\"><strong>0<\/strong><\/td><\/tr><\/tbody><\/table><\/figure>\n\n\n\n<blockquote class=\"wp-block-quote is-style-default is-layout-flow wp-block-quote-is-layout-flow\"><p>Najlepiej z Polak\u00f3w spisa\u0142 si\u0119 Stanis\u0142aw Ustupski plasuj\u0105c si\u0119 w kombinacji norweskiej na \u00f3smym miejscu. Dziewi\u0105ta by\u0142a sztafeta biathlonowa 4&#215;7,5 km, kt\u00f3ra wyst\u0105pi\u0142a w sk\u0142adzie: Dariusz Koz\u0142owski, Jan Ziemianin, Jan Wojtas i Krzysztof Sosna), a dziesi\u0105ta sztafeta biegowa 4&#215;5 km (Ma\u0142gorzata Rucha\u0142a, Dorota Kwa\u015bny, Bernardetta Bocek i Halina Nowak.<\/p><p><\/p><\/blockquote>\n\n\n\n<p><em>* Wsp\u00f3lnota Niepodleg\u0142ych Pa\u0144stw<\/em><\/p>\n","protected":false},"excerpt":{"rendered":"<p>XVI ZIOAlbertville 1992 Igrzyska rozegrano w dniach 8-23 lutego. Wystartowa\u0142o 1801 zawodnik\u00f3w (w tym 488 kobiet) z 64 kraj\u00f3w. Rozdano 57 komplet\u00f3w<\/p>\n","protected":false},"featured_media":0,"parent":0,"menu_order":0,"template":"templates\/olympic_main_subpage.php","meta":{"_acf_changed":false,"ub_ctt_via":"","footnotes":""},"class_list":["post-5897","olympics_winter","type-olympics_winter","status-publish","hentry","infinite-scroll-item","no-featured-image-padding"],"acf":{"game_id":"37","game_type":"1235","game_link":"albertville1992","game_news":"0","startdate":"08.02.1992 12:00 am","enddate":"23.02.1992 12:00 am","place":"Albertville","year":"1992","logo":"https:\/\/olimpijski.pl\/wp-content\/uploads\/1992\/06\/albertville1992.png","special_bg_img":false,"hide_breadcrumbs":[],"competitions_olympic":false,"histroy_tabs":false},"_links":{"self":[{"href":"https:\/\/olimpijski.pl\/en\/wp-json\/wp\/v2\/olympics_winter\/5897"}],"collection":[{"href":"https:\/\/olimpijski.pl\/en\/wp-json\/wp\/v2\/olympics_winter"}],"about":[{"href":"https:\/\/olimpijski.pl\/en\/wp-json\/wp\/v2\/types\/olympics_winter"}],"version-history":[{"count":0,"href":"https:\/\/olimpijski.pl\/en\/wp-json\/wp\/v2\/olympics_winter\/5897\/revisions"}],"wp:attachment":[{"href":"https:\/\/olimpijski.pl\/en\/wp-json\/wp\/v2\/media?parent=5897"}],"curies":[{"name":"wp","href":"https:\/\/api.w.org\/{rel}","templated":true}]}}

<h1 class="main-title wp-block-heading"><strong>XVI ZIO</strong><br>Albertville 1992</h1>



<p><br></p>



<div class="wp-block-image is-style-default"><figure class="alignleft size-large"><img loading="lazy" decoding="async" width="128" height="128" src="https://olimpijski.pl/wp-content/uploads/1992/06/albertville1992.png" alt="" class="wp-image-19360"/></figure></div>



<ul class="wp-block-list"><li>Igrzyska rozegrano w dniach <strong>8-23 lutego</strong>.</li><li>Wystartowało <strong>1801</strong> zawodników (w tym <strong>488</strong> kobiet) z <strong>64</strong> krajów.</li><li>Rozdano <strong>57</strong> kompletów medali.</li><li>Znicz zapalił uczeń <strong>Francois Cyril Grange</strong>.</li><li>Igrzyska otworzył <strong>prezydent Francji Francois Mitterand</strong>.</li></ul>



<h2 class="wp-block-heading"><strong>Program Igrzysk – 10 dyscyplin i 57 konkurencji</strong></h2>



<p>biathlon (6 konkurencji), bobsleje (2), hokej na lodzie (1), łyżwiarstwo figurowe (4), łyżwiarstwo szybkie (10), łyżwiarstwo szybkie – short-track (4), narciarstwo alpejskie (10), narciarstwo klasyczne (15), narciarstwo dowolne (2), saneczkarstwo (3).</p>



<h2 class="wp-block-heading"><strong>Gwiazdy Igrzysk</strong></h2>



<p><strong>Lubow Jegorowa </strong>(Wspólnota Niepodległych Państw, biegi narciarskie) – 3 złote medale, 2 srebrne<br><strong>Vegard Ulvang</strong> (Norwegia, biegi narciarskie) – 3 złote medale, 1 srebrny<br><strong>Bjoern Daehlie</strong> (Norwegia, biegi narciarskie) – 3 złote medale, 1 srebrny</p>



<h2 class="wp-block-heading"><strong>Polska Reprezentacja Olimpijska</strong></h2>



<p><strong>53 osoby</strong> (12 kobiet i 41 mężczyzn) w 6 sportach: 9 biathlonistów (w tym 4 kobiety), 23 hokeistów, 2 łyżwiarzy figurowych (w tym 1 kobieta), 4 łyżwiarzy szybkich (w tym 1 kobieta), 13 narciarzy (w tym 6 kobiet), 2 saneczkarzy.</p>



<p>Chorążym reprezentacji Polski był hokeista <strong>Henryk Gruth</strong>.</p>



<h2 class="wp-block-heading"><strong>Klasyfikacja medalowa</strong></h2>



<figure class="wp-block-table is-style-stripes"><table class="has-fixed-layout"><tbody><tr><td></td><td></td><td class="has-text-align-center" data-align="center">&nbsp;</td><td class="has-text-align-center" data-align="center">&nbsp;</td><td class="has-text-align-center" data-align="center">&nbsp;</td><td class="has-text-align-center" data-align="center">&nbsp;</td></tr><tr><td>&nbsp;</td><td>&nbsp;</td><td class="has-text-align-center" data-align="center">&nbsp;</td><td class="has-text-align-center" data-align="center"><img loading="lazy" decoding="async" width="50" height="50" class="wp-image-26068" style="width: 50px;" src="https://olimpijski.pl/wp-content/uploads/1948/06/2008_Pekin_zloty_50x50.jpg" alt=""></td><td class="has-text-align-center" data-align="center"><img loading="lazy" decoding="async" width="50" height="50" class="wp-image-26071" style="width: 50px;" src="https://olimpijski.pl/wp-content/uploads/1948/06/2008_Pekin_sreb_50x50.jpg" alt=""></td><td class="has-text-align-center" data-align="center"><img loading="lazy" decoding="async" width="50" height="50" class="wp-image-26073" style="width: 50px;" src="https://olimpijski.pl/wp-content/uploads/1948/06/2008_Pekin_braz_50x50.jpg" alt=""></td></tr><tr><td>1.</td><td>Niemcy</td><td class="has-text-align-center" data-align="center">26</td><td class="has-text-align-center" data-align="center">10</td><td class="has-text-align-center" data-align="center">10</td><td class="has-text-align-center" data-align="center">6</td></tr><tr><td>2.</td><td>WNP*</td><td class="has-text-align-center" data-align="center">23</td><td class="has-text-align-center" data-align="center">9</td><td class="has-text-align-center" data-align="center">6</td><td class="has-text-align-center" data-align="center">8</td></tr><tr><td>3.</td><td>Norwegia</td><td class="has-text-align-center" data-align="center">20</td><td class="has-text-align-center" data-align="center">9</td><td class="has-text-align-center" data-align="center">6</td><td class="has-text-align-center" data-align="center">5</td></tr><tr><td>&#8230;</td><td>&nbsp;</td><td class="has-text-align-center" data-align="center">&nbsp;</td><td class="has-text-align-center" data-align="center">&nbsp;</td><td class="has-text-align-center" data-align="center">&nbsp;</td><td class="has-text-align-center" data-align="center">&nbsp;</td></tr><tr><td>&nbsp;</td><td><strong>Polska</strong></td><td class="has-text-align-center" data-align="center"><strong>0</strong></td><td class="has-text-align-center" data-align="center"><strong>0</strong></td><td class="has-text-align-center" data-align="center"><strong>0</strong></td><td class="has-text-align-center" data-align="center"><strong>0</strong></td></tr></tbody></table></figure>



<blockquote class="wp-block-quote is-style-default is-layout-flow wp-block-quote-is-layout-flow"><p>Najlepiej z Polaków spisał się Stanisław Ustupski plasując się w kombinacji norweskiej na ósmym miejscu. Dziewiąta była sztafeta biathlonowa 4&#215;7,5 km, która wystąpiła w składzie: Dariusz Kozłowski, Jan Ziemianin, Jan Wojtas i Krzysztof Sosna), a dziesiąta sztafeta biegowa 4&#215;5 km (Małgorzata Ruchała, Dorota Kwaśny, Bernardetta Bocek i Halina Nowak.</p><p></p></blockquote>



<p><em>* Wspólnota Niepodległych Państw</em></p>

<p>XVI ZIOAlbertville 1992 Igrzyska rozegrano w dniach 8-23 lutego. Wystartowało 1801 zawodników (w tym 488 kobiet) z 64 krajów. Rozdano 57 kompletów</p>
