{"id":5905,"date":"1956-06-17T13:54:39","date_gmt":"1956-06-17T12:54:39","guid":{"rendered":"https:\/\/wai-q98d7hpf9hy9k.wpallimport-demo.qsandbox.me\/olympics_winter\/cortina-dampezzo-1956\/"},"modified":"2025-12-17T14:36:00","modified_gmt":"2025-12-17T13:36:00","slug":"cortina-dampezzo-1956","status":"publish","type":"olympics_winter","link":"https:\/\/olimpijski.pl\/en\/igrzyska_zimowe\/cortina-dampezzo-1956\/","title":{"rendered":"Cortina d&#8217;Ampezzo 1956"},"content":{"rendered":"\n<h1 class=\"wp-block-heading main-title\"><strong>VII ZIO<\/strong><br>Cortina d&#8217;Ampezzo 1956<\/h1>\n\n\n\n<p><br><\/p>\n\n\n<div class=\"wp-block-image is-style-default\">\n<figure class=\"alignleft size-large\"><img loading=\"lazy\" decoding=\"async\" width=\"128\" height=\"128\" src=\"https:\/\/olimpijski.pl\/wp-content\/uploads\/1956\/06\/cortina-d-ampezzo1956.png\" alt=\"\" class=\"wp-image-19366\"\/><\/figure><\/div>\n\n\n<ul class=\"wp-block-list\">\n<li>Igrzyska rozegrano w dniach <strong>26 stycznia \u2013 5 lutego<\/strong>.<\/li>\n\n\n\n<li>Wystartowa\u0142o <strong>821<\/strong> zawodnik\u00f3w (w tym <strong>134<\/strong> kobiety) z <strong>32<\/strong> kraj\u00f3w.<\/li>\n\n\n\n<li>Rozdano <strong>24<\/strong> komplety medali.<\/li>\n\n\n\n<li>Znicz olimpijski zapali\u0142 \u0142y\u017cwiarz szybki <strong>Guido Caroli<\/strong>.<\/li>\n\n\n\n<li>Igrzyska otworzy\u0142 <strong>prezydent W\u0142och Giovanni Gronchi<\/strong>.<\/li>\n<\/ul>\n\n\n\n<h2 class=\"wp-block-heading\"><strong>Program Igrzysk \u2013 6 dyscyplin i 24 konkurencje<\/strong><\/h2>\n\n\n\n<p>bobsleje (2 konkurencje), hokej na lodzie (1), \u0142y\u017cwiarstwo figurowe (3), \u0142y\u017cwiarstwo szybkie (4), narciarstwo alpejskie (6), narciarstwo klasyczne (8).<\/p>\n\n\n\n<h2 class=\"wp-block-heading\"><strong>Gwiazdy Igrzysk<\/strong><\/h2>\n\n\n\n<p><strong>Anton \u201eToni\u201d Sailer<\/strong> (Austria, narciarstwo alpejskie) \u2013 3 z\u0142ote medale<br><strong>Sixten Jernberg<\/strong> (Szwecja, biegi narciarskie) \u2013 1 z\u0142oty medal, 2 srebrne, 1 br\u0105zowy<\/p>\n\n\n\n<h2 class=\"wp-block-heading\"><strong>Polska Reprezentacja Olimpijska<\/strong><\/h2>\n\n\n\n<p><strong>52 osoby<\/strong> (startowa\u0142o 51 \u2013 7 kobiet i 44 m\u0119\u017cczyzn) w 3 sportach: 9 bobsleist\u00f3w, 17 hokeist\u00f3w, 26 narciarzy (w tym 7 kobiet; 25 startowa\u0142o + 1 rez.).<\/p>\n\n\n\n<p>Chor\u0105\u017cym reprezentacji Polski by\u0142 43-letni biegacz narciarski i lekkoatleta <strong>Tadeusz Kwapie\u0144<\/strong>.<\/p>\n\n\n\n<h2 class=\"wp-block-heading\"><strong>Klasyfikacja medalowa<\/strong><\/h2>\n\n\n\n<figure class=\"wp-block-table is-style-stripes\"><table class=\"has-fixed-layout\"><tbody><tr><td><\/td><td><\/td><td class=\"has-text-align-center\" data-align=\"center\">&nbsp;<\/td><td class=\"has-text-align-center\" data-align=\"center\">&nbsp;<\/td><td class=\"has-text-align-center\" data-align=\"center\">&nbsp;<\/td><td class=\"has-text-align-center\" data-align=\"center\">&nbsp;<\/td><\/tr><tr><td>&nbsp;<\/td><td>&nbsp;<\/td><td class=\"has-text-align-center\" data-align=\"center\">&nbsp;<\/td><td class=\"has-text-align-center\" data-align=\"center\"><img loading=\"lazy\" decoding=\"async\" width=\"50\" height=\"50\" class=\"wp-image-26068\" style=\"width: 50px;\" src=\"https:\/\/olimpijski.pl\/wp-content\/uploads\/1948\/06\/2008_Pekin_zloty_50x50.jpg\" alt=\"\"><\/td><td class=\"has-text-align-center\" data-align=\"center\"><img loading=\"lazy\" decoding=\"async\" width=\"50\" height=\"50\" class=\"wp-image-26071\" style=\"width: 50px;\" src=\"https:\/\/olimpijski.pl\/wp-content\/uploads\/1948\/06\/2008_Pekin_sreb_50x50.jpg\" alt=\"\"><\/td><td class=\"has-text-align-center\" data-align=\"center\"><img loading=\"lazy\" decoding=\"async\" width=\"50\" height=\"50\" class=\"wp-image-26073\" style=\"width: 50px;\" src=\"https:\/\/olimpijski.pl\/wp-content\/uploads\/1948\/06\/2008_Pekin_braz_50x50.jpg\" alt=\"\"><\/td><\/tr><tr><td>1.<\/td><td>ZSRR<\/td><td class=\"has-text-align-center\" data-align=\"center\">16<\/td><td class=\"has-text-align-center\" data-align=\"center\">7<\/td><td class=\"has-text-align-center\" data-align=\"center\">3<\/td><td class=\"has-text-align-center\" data-align=\"center\">6<\/td><\/tr><tr><td>2.<\/td><td>Austria<\/td><td class=\"has-text-align-center\" data-align=\"center\">11<\/td><td class=\"has-text-align-center\" data-align=\"center\">4<\/td><td class=\"has-text-align-center\" data-align=\"center\">3<\/td><td class=\"has-text-align-center\" data-align=\"center\">4<\/td><\/tr><tr><td>3.<\/td><td>Finlandia<\/td><td class=\"has-text-align-center\" data-align=\"center\">7<\/td><td class=\"has-text-align-center\" data-align=\"center\">3<\/td><td class=\"has-text-align-center\" data-align=\"center\">3<\/td><td class=\"has-text-align-center\" data-align=\"center\">1<\/td><\/tr><tr><td>&#8230;<\/td><td>&nbsp;<\/td><td class=\"has-text-align-center\" data-align=\"center\">&nbsp;<\/td><td class=\"has-text-align-center\" data-align=\"center\">&nbsp;<\/td><td class=\"has-text-align-center\" data-align=\"center\">&nbsp;<\/td><td class=\"has-text-align-center\" data-align=\"center\">&nbsp;<\/td><\/tr><tr><td>&nbsp;<\/td><td><strong>Polska<\/strong><\/td><td class=\"has-text-align-center\" data-align=\"center\"><strong>1<\/strong><\/td><td class=\"has-text-align-center\" data-align=\"center\"><strong>0<\/strong><\/td><td class=\"has-text-align-center\" data-align=\"center\"><strong>0<\/strong><\/td><td class=\"has-text-align-center\" data-align=\"center\"><strong>1<\/strong><\/td><\/tr><\/tbody><\/table><\/figure>\n\n\n\n<h2 class=\"wp-block-heading\"><strong>Medale dla Polski (1)<\/strong><\/h2>\n\n\n\n<p>Br\u0105zowy \u2013 Franciszek G\u0105sienica Gro\u0144 (kombinacja norweska)<\/p>\n\n\n\n<blockquote class=\"wp-block-quote is-style-default is-layout-flow wp-block-quote-is-layout-flow\">\n<p>Po raz pierwszy na olimpijskim \u015bniegu i lodzie pojawili si\u0119 sportowcy ZSRR i od razu wygrali klasyfikacj\u0119 medalow\u0105, a ich najwi\u0119kszym propagandowym sukcesem by\u0142o zwyci\u0119stwo w turnieju hokejowym i prze\u0142amanie hegemonii Kanadyjczyk\u00f3w.<\/p>\n\n\n\n<p>Polsce po raz pierwszy w historii start\u00f3w przypad\u0142 nieoczekiwanie medal olimpijski. By\u0142 to te\u017c pierwszy medal w kombinacji norweskiej zdobyty przez narciarza spoza Skandynawii.<\/p>\n<\/blockquote>\n","protected":false},"excerpt":{"rendered":"<p>VII ZIOCortina d&#8217;Ampezzo 1956 Program Igrzysk \u2013 6 dyscyplin i 24 konkurencje bobsleje (2 konkurencje), hokej na lodzie (1), \u0142y\u017cwiarstwo figurowe (3),<\/p>\n","protected":false},"featured_media":0,"parent":0,"menu_order":0,"template":"templates\/olympic_main_subpage.php","meta":{"_acf_changed":false,"ub_ctt_via":"","footnotes":""},"class_list":["post-5905","olympics_winter","type-olympics_winter","status-publish","hentry","infinite-scroll-item","no-featured-image-padding"],"acf":{"game_id":"46","game_type":"1235","game_link":"cortina-d-ampezzo1956","game_news":"0","startdate":"26.01.1956 12:00 am","enddate":"05.02.1956 12:00 am","place":"Cortina d'Ampezzo","year":"1956","logo":"https:\/\/olimpijski.pl\/wp-content\/uploads\/1956\/06\/cortina-d-ampezzo1956.png","special_bg_img":false,"hide_breadcrumbs":[],"competitions_olympic":false,"histroy_tabs":false,"pokaz_ustawienia_ze_starego_systemu":false,"hide_representative_checkbox":false,"no_medals_info":"<p>W tych Igrzyskach Olimpijskich Polska Reprezentacja Olimpijska nie wywalczy\u0142a medali<\/p>\n"},"_links":{"self":[{"href":"https:\/\/olimpijski.pl\/en\/wp-json\/wp\/v2\/olympics_winter\/5905"}],"collection":[{"href":"https:\/\/olimpijski.pl\/en\/wp-json\/wp\/v2\/olympics_winter"}],"about":[{"href":"https:\/\/olimpijski.pl\/en\/wp-json\/wp\/v2\/types\/olympics_winter"}],"version-history":[{"count":2,"href":"https:\/\/olimpijski.pl\/en\/wp-json\/wp\/v2\/olympics_winter\/5905\/revisions"}],"predecessor-version":[{"id":100854,"href":"https:\/\/olimpijski.pl\/en\/wp-json\/wp\/v2\/olympics_winter\/5905\/revisions\/100854"}],"wp:attachment":[{"href":"https:\/\/olimpijski.pl\/en\/wp-json\/wp\/v2\/media?parent=5905"}],"curies":[{"name":"wp","href":"https:\/\/api.w.org\/{rel}","templated":true}]}}

<h1 class="wp-block-heading main-title"><strong>VII ZIO</strong><br>Cortina d&#8217;Ampezzo 1956</h1>



<p><br></p>


<div class="wp-block-image is-style-default">
<figure class="alignleft size-large"><img loading="lazy" decoding="async" width="128" height="128" src="https://olimpijski.pl/wp-content/uploads/1956/06/cortina-d-ampezzo1956.png" alt="" class="wp-image-19366"/></figure></div>


<ul class="wp-block-list">
<li>Igrzyska rozegrano w dniach <strong>26 stycznia – 5 lutego</strong>.</li>



<li>Wystartowało <strong>821</strong> zawodników (w tym <strong>134</strong> kobiety) z <strong>32</strong> krajów.</li>



<li>Rozdano <strong>24</strong> komplety medali.</li>



<li>Znicz olimpijski zapalił łyżwiarz szybki <strong>Guido Caroli</strong>.</li>



<li>Igrzyska otworzył <strong>prezydent Włoch Giovanni Gronchi</strong>.</li>
</ul>



<h2 class="wp-block-heading"><strong>Program Igrzysk – 6 dyscyplin i 24 konkurencje</strong></h2>



<p>bobsleje (2 konkurencje), hokej na lodzie (1), łyżwiarstwo figurowe (3), łyżwiarstwo szybkie (4), narciarstwo alpejskie (6), narciarstwo klasyczne (8).</p>



<h2 class="wp-block-heading"><strong>Gwiazdy Igrzysk</strong></h2>



<p><strong>Anton „Toni” Sailer</strong> (Austria, narciarstwo alpejskie) – 3 złote medale<br><strong>Sixten Jernberg</strong> (Szwecja, biegi narciarskie) – 1 złoty medal, 2 srebrne, 1 brązowy</p>



<h2 class="wp-block-heading"><strong>Polska Reprezentacja Olimpijska</strong></h2>



<p><strong>52 osoby</strong> (startowało 51 – 7 kobiet i 44 mężczyzn) w 3 sportach: 9 bobsleistów, 17 hokeistów, 26 narciarzy (w tym 7 kobiet; 25 startowało + 1 rez.).</p>



<p>Chorążym reprezentacji Polski był 43-letni biegacz narciarski i lekkoatleta <strong>Tadeusz Kwapień</strong>.</p>



<h2 class="wp-block-heading"><strong>Klasyfikacja medalowa</strong></h2>



<figure class="wp-block-table is-style-stripes"><table class="has-fixed-layout"><tbody><tr><td></td><td></td><td class="has-text-align-center" data-align="center">&nbsp;</td><td class="has-text-align-center" data-align="center">&nbsp;</td><td class="has-text-align-center" data-align="center">&nbsp;</td><td class="has-text-align-center" data-align="center">&nbsp;</td></tr><tr><td>&nbsp;</td><td>&nbsp;</td><td class="has-text-align-center" data-align="center">&nbsp;</td><td class="has-text-align-center" data-align="center"><img loading="lazy" decoding="async" width="50" height="50" class="wp-image-26068" style="width: 50px;" src="https://olimpijski.pl/wp-content/uploads/1948/06/2008_Pekin_zloty_50x50.jpg" alt=""></td><td class="has-text-align-center" data-align="center"><img loading="lazy" decoding="async" width="50" height="50" class="wp-image-26071" style="width: 50px;" src="https://olimpijski.pl/wp-content/uploads/1948/06/2008_Pekin_sreb_50x50.jpg" alt=""></td><td class="has-text-align-center" data-align="center"><img loading="lazy" decoding="async" width="50" height="50" class="wp-image-26073" style="width: 50px;" src="https://olimpijski.pl/wp-content/uploads/1948/06/2008_Pekin_braz_50x50.jpg" alt=""></td></tr><tr><td>1.</td><td>ZSRR</td><td class="has-text-align-center" data-align="center">16</td><td class="has-text-align-center" data-align="center">7</td><td class="has-text-align-center" data-align="center">3</td><td class="has-text-align-center" data-align="center">6</td></tr><tr><td>2.</td><td>Austria</td><td class="has-text-align-center" data-align="center">11</td><td class="has-text-align-center" data-align="center">4</td><td class="has-text-align-center" data-align="center">3</td><td class="has-text-align-center" data-align="center">4</td></tr><tr><td>3.</td><td>Finlandia</td><td class="has-text-align-center" data-align="center">7</td><td class="has-text-align-center" data-align="center">3</td><td class="has-text-align-center" data-align="center">3</td><td class="has-text-align-center" data-align="center">1</td></tr><tr><td>&#8230;</td><td>&nbsp;</td><td class="has-text-align-center" data-align="center">&nbsp;</td><td class="has-text-align-center" data-align="center">&nbsp;</td><td class="has-text-align-center" data-align="center">&nbsp;</td><td class="has-text-align-center" data-align="center">&nbsp;</td></tr><tr><td>&nbsp;</td><td><strong>Polska</strong></td><td class="has-text-align-center" data-align="center"><strong>1</strong></td><td class="has-text-align-center" data-align="center"><strong>0</strong></td><td class="has-text-align-center" data-align="center"><strong>0</strong></td><td class="has-text-align-center" data-align="center"><strong>1</strong></td></tr></tbody></table></figure>



<h2 class="wp-block-heading"><strong>Medale dla Polski (1)</strong></h2>



<p>Brązowy – Franciszek Gąsienica Groń (kombinacja norweska)</p>



<blockquote class="wp-block-quote is-style-default is-layout-flow wp-block-quote-is-layout-flow">
<p>Po raz pierwszy na olimpijskim śniegu i lodzie pojawili się sportowcy ZSRR i od razu wygrali klasyfikację medalową, a ich największym propagandowym sukcesem było zwycięstwo w turnieju hokejowym i przełamanie hegemonii Kanadyjczyków.</p>



<p>Polsce po raz pierwszy w historii startów przypadł nieoczekiwanie medal olimpijski. Był to też pierwszy medal w kombinacji norweskiej zdobyty przez narciarza spoza Skandynawii.</p>
</blockquote>

<p>VII ZIOCortina d&#8217;Ampezzo 1956 Program Igrzysk – 6 dyscyplin i 24 konkurencje bobsleje (2 konkurencje), hokej na lodzie (1), łyżwiarstwo figurowe (3),</p>

<p>W tych Igrzyskach Olimpijskich Polska Reprezentacja Olimpijska nie wywalczyła medali</p>
