{"id":5909,"date":"1932-06-17T13:54:39","date_gmt":"1932-06-17T12:54:39","guid":{"rendered":"https:\/\/wai-q98d7hpf9hy9k.wpallimport-demo.qsandbox.me\/olympics_winter\/lake-placid-1932\/"},"modified":"2020-09-30T11:44:47","modified_gmt":"2020-09-30T09:44:47","slug":"lake-placid-1932","status":"publish","type":"olympics_winter","link":"https:\/\/olimpijski.pl\/en\/igrzyska_zimowe\/lake-placid-1932\/","title":{"rendered":"Lake Placid 1932"},"content":{"rendered":"\n<h1 class=\"main-title wp-block-heading\"><strong>III ZIO<\/strong><br>Lake Placid 1932<\/h1>\n\n\n\n<p><br><\/p>\n\n\n\n<div class=\"wp-block-image is-style-default\"><figure class=\"alignleft size-large\"><img loading=\"lazy\" decoding=\"async\" width=\"128\" height=\"128\" src=\"https:\/\/olimpijski.pl\/wp-content\/uploads\/1932\/06\/lake-placid1932.png\" alt=\"\" class=\"wp-image-19378\"\/><\/figure><\/div>\n\n\n\n<ul class=\"wp-block-list\"><li>Planowane w dniach <strong>4-13 lutego<\/strong> igrzyska przed\u0142u\u017cono ze wzgl\u0119du na aur\u0119 do <strong>15 lutego<\/strong>, aby doko\u0144czy\u0107 rywalizacj\u0119 bobsleist\u00f3w, kt\u00f3ra mia\u0142a odby\u0107 si\u0119 11-12 lutego. Ceremoni\u0119 medalow\u0105 zorganizowano 15 lutego.<\/li><li>Wystartowa\u0142o <strong>252<\/strong> zawodnik\u00f3w (w tym <strong>21<\/strong> kobiet) z <strong>17<\/strong> kraj\u00f3w.<\/li><li>Rozdano <strong>14<\/strong> komplet\u00f3w medali.<\/li><li>Formu\u0142\u0119 otwieraj\u0105c\u0105 igrzyska wyg\u0142osi\u0142 gubernator stanu Nowy Jork i p\u00f3\u017aniejszy prezydent USA <strong>Franklin Delano Roosevelt<\/strong>.<\/li><\/ul>\n\n\n\n<h2 class=\"wp-block-heading\"><strong>Program Igrzysk \u2013 5 dyscyplin i 14 konkurencji<\/strong><\/h2>\n\n\n\n<p>bobsleje (2 konkurencje), hokej na lodzie (1), \u0142y\u017cwiarstwo figurowe (3), \u0142y\u017cwiarstwo szybkie (4), narciarstwo (4).<\/p>\n\n\n\n<h2 class=\"wp-block-heading\"><strong>Gwiazdy Igrzysk<\/strong><\/h2>\n\n\n\n<p><strong>John Amos Shea<\/strong> (USA, \u0142y\u017cwiarstwo szybkie) \u2013 2 z\u0142ote medale<br><strong>Irving Jaffee<\/strong> (USA, \u0142y\u017cwiarstwo szybkie) \u2013 2 z\u0142ote medale<br><strong>Veli Seli Saarinen<\/strong> (Finlandia, biegi narciarskie) \u2013 1 z\u0142oty medal, 1 br\u0105zowy<\/p>\n\n\n\n<h2 class=\"wp-block-heading\"><strong>Polska Reprezentacja Olimpijska<\/strong><\/h2>\n\n\n\n<p><strong>16 m\u0119\u017cczyzn<\/strong> (startowa\u0142o 15) w 2 sportach: 11 hokeist\u00f3w (10 startowa\u0142o + 1 rez.), 5 narciarzy.<\/p>\n\n\n\n<p>Chor\u0105\u017cym reprezentacji Polski by\u0142 hokeista <strong>J\u00f3zef Stogowski<\/strong>.<\/p>\n\n\n\n<h2 class=\"wp-block-heading\"><strong>Klasyfikacja medalowa<\/strong><\/h2>\n\n\n\n<figure class=\"wp-block-table is-style-stripes\"><table class=\"has-fixed-layout\"><tbody><tr><td><\/td><td><\/td><td class=\"has-text-align-center\" data-align=\"center\">&nbsp;<\/td><td class=\"has-text-align-center\" data-align=\"center\">&nbsp;<\/td><td class=\"has-text-align-center\" data-align=\"center\">&nbsp;<\/td><td class=\"has-text-align-center\" data-align=\"center\">&nbsp;<\/td><\/tr><tr><td>&nbsp;<\/td><td>&nbsp;<\/td><td class=\"has-text-align-center\" data-align=\"center\">&nbsp;<\/td><td class=\"has-text-align-center\" data-align=\"center\"><img loading=\"lazy\" decoding=\"async\" width=\"50\" height=\"50\" class=\"wp-image-26068\" style=\"width: 50px;\" src=\"https:\/\/olimpijski.pl\/wp-content\/uploads\/1948\/06\/2008_Pekin_zloty_50x50.jpg\" alt=\"\"><\/td><td class=\"has-text-align-center\" data-align=\"center\"><img loading=\"lazy\" decoding=\"async\" width=\"50\" height=\"50\" class=\"wp-image-26071\" style=\"width: 50px;\" src=\"https:\/\/olimpijski.pl\/wp-content\/uploads\/1948\/06\/2008_Pekin_sreb_50x50.jpg\" alt=\"\"><\/td><td class=\"has-text-align-center\" data-align=\"center\"><img loading=\"lazy\" decoding=\"async\" width=\"50\" height=\"50\" class=\"wp-image-26073\" style=\"width: 50px;\" src=\"https:\/\/olimpijski.pl\/wp-content\/uploads\/1948\/06\/2008_Pekin_braz_50x50.jpg\" alt=\"\"><\/td><\/tr><tr><td>1.<\/td><td>USA<\/td><td class=\"has-text-align-center\" data-align=\"center\">12<\/td><td class=\"has-text-align-center\" data-align=\"center\">6<\/td><td class=\"has-text-align-center\" data-align=\"center\">4<\/td><td class=\"has-text-align-center\" data-align=\"center\">2<\/td><\/tr><tr><td>2.<\/td><td>Norwegia<\/td><td class=\"has-text-align-center\" data-align=\"center\">10<\/td><td class=\"has-text-align-center\" data-align=\"center\">3<\/td><td class=\"has-text-align-center\" data-align=\"center\">4<\/td><td class=\"has-text-align-center\" data-align=\"center\">3<\/td><\/tr><tr><td>3.<\/td><td>Szwecja<\/td><td class=\"has-text-align-center\" data-align=\"center\">3<\/td><td class=\"has-text-align-center\" data-align=\"center\">1<\/td><td class=\"has-text-align-center\" data-align=\"center\">2<\/td><td class=\"has-text-align-center\" data-align=\"center\">0<\/td><\/tr><tr><td>&#8230;<\/td><td>&nbsp;<\/td><td class=\"has-text-align-center\" data-align=\"center\">&nbsp;<\/td><td class=\"has-text-align-center\" data-align=\"center\">&nbsp;<\/td><td class=\"has-text-align-center\" data-align=\"center\">&nbsp;<\/td><td class=\"has-text-align-center\" data-align=\"center\">&nbsp;<\/td><\/tr><tr><td>&nbsp;<\/td><td><strong>Polska<\/strong><\/td><td class=\"has-text-align-center\" data-align=\"center\"><strong>0<\/strong><\/td><td class=\"has-text-align-center\" data-align=\"center\"><strong>0<\/strong><\/td><td class=\"has-text-align-center\" data-align=\"center\"><strong>0<\/strong><\/td><td class=\"has-text-align-center\" data-align=\"center\"><strong>0<\/strong><\/td><\/tr><\/tbody><\/table><\/figure>\n\n\n\n<blockquote class=\"wp-block-quote is-style-default is-layout-flow wp-block-quote-is-layout-flow\"><p>Najlepiej z Polak\u00f3w zaprezentowali si\u0119 hokei\u015bci (J\u00f3zef Bronis\u0142aw Stogowski, Aleksander Marek Kowalski, Kazimierz Jan Soko\u0142owski, Albert Mauer, Kazimierz \u0141adys\u0142aw Materski, W\u0142odzimierz Karol Krygier, Roman Zdzis\u0142aw Jerzy Sabi\u0144ski, Adam Kowalski, Czes\u0142aw Karol&nbsp; Marchewczyk i Witalis Ludwiczak), kt\u00f3rzy zaj\u0119li 4. miejsce.<\/p><p>Dyscyplinami pokazowymi by\u0142y: wy\u015bcigi psich zaprz\u0119g\u00f3w (ostatnia, dwunasta w konkursie Amerykanka Milton Seeley by\u0142a jedyn\u0105 kobiet\u0105 uczestnicz\u0105c\u0105 w rywalizacji) oraz wy\u015bcigi \u0142y\u017cwiarek szybkich na 500, 1000 i 1500 m. Rekordy \u015bwiata na 1000 m i 1500 m nale\u017ca\u0142y w\u00f3wczas do Polki Zofii Nehringowej (2.03,4 oraz 3,10,4), kt\u00f3re ustanowi\u0142a w roku igrzysk.<\/p><\/blockquote>\n","protected":false},"excerpt":{"rendered":"<p>III ZIOLake Placid 1932 Planowane w dniach 4-13 lutego igrzyska przed\u0142u\u017cono ze wzgl\u0119du na aur\u0119 do 15 lutego, aby doko\u0144czy\u0107 rywalizacj\u0119 bobsleist\u00f3w,<\/p>\n","protected":false},"featured_media":0,"parent":0,"menu_order":0,"template":"templates\/olympic_main_subpage.php","meta":{"_acf_changed":false,"ub_ctt_via":"","footnotes":""},"class_list":["post-5909","olympics_winter","type-olympics_winter","status-publish","hentry","infinite-scroll-item","no-featured-image-padding"],"acf":{"game_id":"50","game_type":"1235","game_link":"lake-placid1932","game_news":"0","startdate":"04.02.1932 12:00 am","enddate":"15.02.1932 12:00 am","place":"Lake Placid","year":"1932","logo":"https:\/\/olimpijski.pl\/wp-content\/uploads\/1932\/06\/lake-placid1932.png","special_bg_img":false,"hide_breadcrumbs":[],"competitions_olympic":false,"histroy_tabs":false},"_links":{"self":[{"href":"https:\/\/olimpijski.pl\/en\/wp-json\/wp\/v2\/olympics_winter\/5909"}],"collection":[{"href":"https:\/\/olimpijski.pl\/en\/wp-json\/wp\/v2\/olympics_winter"}],"about":[{"href":"https:\/\/olimpijski.pl\/en\/wp-json\/wp\/v2\/types\/olympics_winter"}],"version-history":[{"count":0,"href":"https:\/\/olimpijski.pl\/en\/wp-json\/wp\/v2\/olympics_winter\/5909\/revisions"}],"wp:attachment":[{"href":"https:\/\/olimpijski.pl\/en\/wp-json\/wp\/v2\/media?parent=5909"}],"curies":[{"name":"wp","href":"https:\/\/api.w.org\/{rel}","templated":true}]}}

<h1 class="main-title wp-block-heading"><strong>III ZIO</strong><br>Lake Placid 1932</h1>



<p><br></p>



<div class="wp-block-image is-style-default"><figure class="alignleft size-large"><img loading="lazy" decoding="async" width="128" height="128" src="https://olimpijski.pl/wp-content/uploads/1932/06/lake-placid1932.png" alt="" class="wp-image-19378"/></figure></div>



<ul class="wp-block-list"><li>Planowane w dniach <strong>4-13 lutego</strong> igrzyska przedłużono ze względu na aurę do <strong>15 lutego</strong>, aby dokończyć rywalizację bobsleistów, która miała odbyć się 11-12 lutego. Ceremonię medalową zorganizowano 15 lutego.</li><li>Wystartowało <strong>252</strong> zawodników (w tym <strong>21</strong> kobiet) z <strong>17</strong> krajów.</li><li>Rozdano <strong>14</strong> kompletów medali.</li><li>Formułę otwierającą igrzyska wygłosił gubernator stanu Nowy Jork i późniejszy prezydent USA <strong>Franklin Delano Roosevelt</strong>.</li></ul>



<h2 class="wp-block-heading"><strong>Program Igrzysk – 5 dyscyplin i 14 konkurencji</strong></h2>



<p>bobsleje (2 konkurencje), hokej na lodzie (1), łyżwiarstwo figurowe (3), łyżwiarstwo szybkie (4), narciarstwo (4).</p>



<h2 class="wp-block-heading"><strong>Gwiazdy Igrzysk</strong></h2>



<p><strong>John Amos Shea</strong> (USA, łyżwiarstwo szybkie) – 2 złote medale<br><strong>Irving Jaffee</strong> (USA, łyżwiarstwo szybkie) – 2 złote medale<br><strong>Veli Seli Saarinen</strong> (Finlandia, biegi narciarskie) – 1 złoty medal, 1 brązowy</p>



<h2 class="wp-block-heading"><strong>Polska Reprezentacja Olimpijska</strong></h2>



<p><strong>16 mężczyzn</strong> (startowało 15) w 2 sportach: 11 hokeistów (10 startowało + 1 rez.), 5 narciarzy.</p>



<p>Chorążym reprezentacji Polski był hokeista <strong>Józef Stogowski</strong>.</p>



<h2 class="wp-block-heading"><strong>Klasyfikacja medalowa</strong></h2>



<figure class="wp-block-table is-style-stripes"><table class="has-fixed-layout"><tbody><tr><td></td><td></td><td class="has-text-align-center" data-align="center">&nbsp;</td><td class="has-text-align-center" data-align="center">&nbsp;</td><td class="has-text-align-center" data-align="center">&nbsp;</td><td class="has-text-align-center" data-align="center">&nbsp;</td></tr><tr><td>&nbsp;</td><td>&nbsp;</td><td class="has-text-align-center" data-align="center">&nbsp;</td><td class="has-text-align-center" data-align="center"><img loading="lazy" decoding="async" width="50" height="50" class="wp-image-26068" style="width: 50px;" src="https://olimpijski.pl/wp-content/uploads/1948/06/2008_Pekin_zloty_50x50.jpg" alt=""></td><td class="has-text-align-center" data-align="center"><img loading="lazy" decoding="async" width="50" height="50" class="wp-image-26071" style="width: 50px;" src="https://olimpijski.pl/wp-content/uploads/1948/06/2008_Pekin_sreb_50x50.jpg" alt=""></td><td class="has-text-align-center" data-align="center"><img loading="lazy" decoding="async" width="50" height="50" class="wp-image-26073" style="width: 50px;" src="https://olimpijski.pl/wp-content/uploads/1948/06/2008_Pekin_braz_50x50.jpg" alt=""></td></tr><tr><td>1.</td><td>USA</td><td class="has-text-align-center" data-align="center">12</td><td class="has-text-align-center" data-align="center">6</td><td class="has-text-align-center" data-align="center">4</td><td class="has-text-align-center" data-align="center">2</td></tr><tr><td>2.</td><td>Norwegia</td><td class="has-text-align-center" data-align="center">10</td><td class="has-text-align-center" data-align="center">3</td><td class="has-text-align-center" data-align="center">4</td><td class="has-text-align-center" data-align="center">3</td></tr><tr><td>3.</td><td>Szwecja</td><td class="has-text-align-center" data-align="center">3</td><td class="has-text-align-center" data-align="center">1</td><td class="has-text-align-center" data-align="center">2</td><td class="has-text-align-center" data-align="center">0</td></tr><tr><td>&#8230;</td><td>&nbsp;</td><td class="has-text-align-center" data-align="center">&nbsp;</td><td class="has-text-align-center" data-align="center">&nbsp;</td><td class="has-text-align-center" data-align="center">&nbsp;</td><td class="has-text-align-center" data-align="center">&nbsp;</td></tr><tr><td>&nbsp;</td><td><strong>Polska</strong></td><td class="has-text-align-center" data-align="center"><strong>0</strong></td><td class="has-text-align-center" data-align="center"><strong>0</strong></td><td class="has-text-align-center" data-align="center"><strong>0</strong></td><td class="has-text-align-center" data-align="center"><strong>0</strong></td></tr></tbody></table></figure>



<blockquote class="wp-block-quote is-style-default is-layout-flow wp-block-quote-is-layout-flow"><p>Najlepiej z Polaków zaprezentowali się hokeiści (Józef Bronisław Stogowski, Aleksander Marek Kowalski, Kazimierz Jan Sokołowski, Albert Mauer, Kazimierz Ładysław Materski, Włodzimierz Karol Krygier, Roman Zdzisław Jerzy Sabiński, Adam Kowalski, Czesław Karol&nbsp; Marchewczyk i Witalis Ludwiczak), którzy zajęli 4. miejsce.</p><p>Dyscyplinami pokazowymi były: wyścigi psich zaprzęgów (ostatnia, dwunasta w konkursie Amerykanka Milton Seeley była jedyną kobietą uczestniczącą w rywalizacji) oraz wyścigi łyżwiarek szybkich na 500, 1000 i 1500 m. Rekordy świata na 1000 m i 1500 m należały wówczas do Polki Zofii Nehringowej (2.03,4 oraz 3,10,4), które ustanowiła w roku igrzysk.</p></blockquote>

<p>III ZIOLake Placid 1932 Planowane w dniach 4-13 lutego igrzyska przedłużono ze względu na aurę do 15 lutego, aby dokończyć rywalizację bobsleistów,</p>
