{"id":14819,"date":"2020-06-24T16:50:21","date_gmt":"2020-06-24T14:50:21","guid":{"rendered":"http:\/\/pkol.local\/person\/jan-zdzislaw-popowicz\/"},"modified":"2021-01-05T11:42:23","modified_gmt":"2021-01-05T10:42:23","slug":"jan-zdzislaw-popowicz","status":"publish","type":"person","link":"https:\/\/olimpijski.pl\/en\/olimpijczycy\/jan-zdzislaw-popowicz\/","title":{"rendered":"Jan Popowicz"},"content":{"rendered":"\n<p><br><br><strong>technik budowlany, \u0142ucznik z\u00a0Rzeszowa, olimpijczyk z\u00a0Montrealu (1976).<br><\/strong><br>Urodzony 5 stycznia 1948 w\u00a0Rzeszowie, syn Zdzis\u0142awa (rzemie\u015blnika) i\u00a0Stefanii, absolwent miejscowego Technikum Budowlanego (1968).<\/p>\n\n\n\n<p>\u0141ucznik (170 cm \/ 73 kg) Resovii, wychowanek trener\u00f3w: Antoniego Gromskiego i&nbsp;Katarzyny Wi\u015bniowskiej. Rekordzista &#8211; uczestnik mistrzostw Polski senior\u00f3w w&nbsp;ci\u0105gu 25 lat (1967-1991) i&nbsp;2-krotny z\u0142oty medalista w&nbsp;wieloboju ind. (1977, 1979). Finalista M\u015a w&nbsp;szwajcarskim Interlaken (1975), gdzie wraz z&nbsp;dru\u017cyn\u0105 zaj\u0105\u0142 w&nbsp;wieloboju 4. miejsce.<\/p>\n\n\n\n<p>Zas\u0142u\u017cony Mistrz Sportu odznaczony m.in. br\u0105zowym Medalem za Wybitne Osi\u0105gni\u0119cia Sportowe i&nbsp;Br\u0105zowym Krzy\u017cem Zas\u0142ugi. S\u0119dzia i&nbsp;dzia\u0142acz sportowy.<\/p>\n\n\n\n<p><strong>*1976 Montreal: \u0142ucznictwo, 4-b\u00f3j ind<\/strong>. &#8211; 17. miejsce na\u00a037 start. z\u00a0wynikiem 2355 pkt., dystans 90 m: 229 i\u00a0251, 70 m: 294 i\u00a0297, 50 m: 298 i\u00a0311, 30 m: 333 i\u00a0342 (zw. D. Pace USA &#8211; 2571 pkt., dystans 90 m: 297 i\u00a0295, 70 m: 304 i\u00a0330, 50 m: 313 i\u00a0331, 30 m: 350 i\u00a0351).<\/p>\n\n\n\n<p><em>Bibl.: G\u0142uszek, Leksykon 1999, s. 303; Pawlak, Olimpijczycy, s. 208; Kronika Sportu, s. 941; Porada, Igrzyska, s. 901; Zawi\u015bli\u0144ski, 50 lat sportu \u0142uczniczego, s. 264, 267, 278; Wywiad \u015brodowiskowy.<\/em><\/p>\n","protected":false},"excerpt":{"rendered":"<p>technik budowlany, \u0142ucznik z\u00a0Rzeszowa, olimpijczyk z\u00a0Montrealu (1976). &#8230; <a class=\"read-more\" href=\"https:\/\/olimpijski.pl\/en\/olimpijczycy\/jan-zdzislaw-popowicz\/\">Czytaj dalej<\/a><\/p>\n","protected":false},"featured_media":37669,"menu_order":60,"template":"","meta":{"_acf_changed":false,"ub_ctt_via":"","footnotes":""},"class_list":["post-14819","person","type-person","status-publish","has-post-thumbnail","hentry","infinite-scroll-item","no-featured-image-padding","resize-featured-image"],"acf":{"olimpic_information":false,"picture":{"ID":37669,"id":37669,"title":"Jan_Popowicz","filename":"Jan_Popowicz.jpg","filesize":34733,"url":"https:\/\/olimpijski.pl\/wp-content\/uploads\/2020\/06\/Jan_Popowicz.jpg","link":"https:\/\/olimpijski.pl\/en\/olimpijczycy\/jan-zdzislaw-popowicz\/jan_popowicz\/#main","alt":"","author":"15","description":"","caption":"","name":"jan_popowicz","status":"inherit","uploaded_to":14819,"date":"2021-01-05 10:34:46","modified":"2021-01-05 10:34:46","menu_order":0,"mime_type":"image\/jpeg","type":"image","subtype":"jpeg","icon":"https:\/\/olimpijski.pl\/wp-includes\/images\/media\/default.png","width":430,"height":537,"sizes":{"thumbnail":"https:\/\/olimpijski.pl\/wp-content\/uploads\/2020\/06\/Jan_Popowicz-150x150.jpg","thumbnail-width":150,"thumbnail-height":150,"medium":"https:\/\/olimpijski.pl\/wp-content\/uploads\/2020\/06\/Jan_Popowicz-240x300.jpg","medium-width":240,"medium-height":300,"medium_large":"https:\/\/olimpijski.pl\/wp-content\/uploads\/2020\/06\/Jan_Popowicz.jpg","medium_large-width":430,"medium_large-height":537,"large":"https:\/\/olimpijski.pl\/wp-content\/uploads\/2020\/06\/Jan_Popowicz.jpg","large-width":430,"large-height":537,"1536x1536":"https:\/\/olimpijski.pl\/wp-content\/uploads\/2020\/06\/Jan_Popowicz.jpg","1536x1536-width":430,"1536x1536-height":537,"2048x2048":"https:\/\/olimpijski.pl\/wp-content\/uploads\/2020\/06\/Jan_Popowicz.jpg","2048x2048-width":430,"2048x2048-height":537,"ultp_layout_landscape_large":"https:\/\/olimpijski.pl\/wp-content\/uploads\/2020\/06\/Jan_Popowicz.jpg","ultp_layout_landscape_large-width":430,"ultp_layout_landscape_large-height":537,"ultp_layout_landscape":"https:\/\/olimpijski.pl\/wp-content\/uploads\/2020\/06\/Jan_Popowicz.jpg","ultp_layout_landscape-width":430,"ultp_layout_landscape-height":537,"ultp_layout_portrait":"https:\/\/olimpijski.pl\/wp-content\/uploads\/2020\/06\/Jan_Popowicz.jpg","ultp_layout_portrait-width":430,"ultp_layout_portrait-height":537,"ultp_layout_square":"https:\/\/olimpijski.pl\/wp-content\/uploads\/2020\/06\/Jan_Popowicz.jpg","ultp_layout_square-width":430,"ultp_layout_square-height":537}},"firstname":"Jan","lastname":"Popowicz","birthdate_date":"05\/01\/1948","birthdate":"5 stycznia 1948","deathdate_date":"","deathdate":"","placeofbirth":"Rzesz\u00f3w","club":"Resovia Rzesz\u00f3w","coach":"Antoni Gromski, Katarzyna Wi\u015bniowska","metrics":"170 cm \/ 73 kg","seolink":"popowicz-jan-zdzislaw","tmp_old_id":"13305","tmp_old_fid":"294","tmp_old_parent_id":"15544","createdate":"05\/01\/2015","tmp_old_title":"Popowicz  Jan  Zdzis\u0142aw","tmp_old_lead":"","tmp_old_body":"<p class=\"title-m-02\">POPOWICZ  JAN  ZDZIS\u0141AW<\/p><table  border=\"0\" align=\"LEFT\" cellpadding=\"0\" cellspacing=\"0\"> <tr> <td class=\"photo-td-01\"><table  border=\"0\" cellspacing=\"0\" cellpadding=\"0\"> <tr>  <td><img src=\"files\/old\/i\/olimpijczycy\/Popowicz_Jan_m.jpg\" alt=\"POPOWICZ JAN ZDZIS\u0141AW\" border=\"0\" width=\"50\" height=\"50\"><\/td> <\/tr> <\/table><\/td><\/tr><\/table><p><strong>technik budowlany, \u0142ucznik z Rzeszowa, olimpijczyk z Montrealu (1976).<br\/><\/strong><br\/>Urodzony 5 stycznia 1948 w Rzeszowie, syn Zdzis\u0142awa (rzemie\u015blnika) i Stefanii Brewczy\u0144skiej, absolwent miejscowego Technikum Budowlanego (1968), \u0142ucznik (170 cm, 73 kg) Resovii, wychowanek trener\u00f3w: Antoniego Gromskiego i Katarzyny Wi\u015bniowskiej. Rekordzista - uczestnik mistrzostw Polski senior\u00f3w w ci\u0105gu 25 lat (1967-1991) i 2-krotny z\u0142oty medalista w wieloboju ind. (1977, 1979). Finalista M\u015a w szwajcarskim Interlaken (1975), gdzie wraz z dru\u017cyn\u0105 zaj\u0105\u0142 w wieloboju 4 m. Zas\u0142u\u017cony Mistrz Sportu odznaczony m.in. br\u0105zowym Medalem za Wybitne Osi\u0105gni\u0119cia Sportowe i Br\u0105zowym Krzy\u017cem Zas\u0142ugi. S\u0119dzia i dzia\u0142acz sportowy. \u017bonaty (Halina), ma c\u00f3rk\u0119 Justyn\u0119 (1974).<br\/><br\/>Bibl.: G\u0142uszek, Leksykon 1999, s. 303; Pawlak, Olimpijczycy, s. 208; Kronika Sportu, s. 941; Porada, Igrzyska, s. 901; Zawi\u015bli\u0144ski, 50 lat sportu \u0142uczniczego, s. 264, 267, 278; Wywiad \u015brodowiskowy.<br\/><strong>*1976 Montreal: 4-b\u00f3j ind<\/strong>. - 17 m. na 37 start. z wynikiem 2355 pkt., dystans 90 m: 229 i 251, 70 m: 294 i 297, 50 m: 298 i 311, 30 m: 333 i 342 (zw. D. Pace USA - 2571 pkt., dystans 90 m: 297 i 295, 70 m: 304 i 330, 50 m: 313 i 331, 30 m: 350 i 351).<\/p><!-- history --><table width=\"85%\" style=\"text-align:right\" border=\"0\" cellspacing=\"0\" cellpadding=\"0\">  <tr>    <td align=\"right\" class=\"box3-title\"><a href=\"javascript:history.back()\">\u00ab powr\u00f3t do listy<\/a><\/td>  <\/tr><\/table>","tmp_old_body_img":false,"tmp_old_lead_img":false,"picture_medalists":false,"important":"","person_achivments":""},"_links":{"self":[{"href":"https:\/\/olimpijski.pl\/en\/wp-json\/wp\/v2\/person\/14819"}],"collection":[{"href":"https:\/\/olimpijski.pl\/en\/wp-json\/wp\/v2\/person"}],"about":[{"href":"https:\/\/olimpijski.pl\/en\/wp-json\/wp\/v2\/types\/person"}],"version-history":[{"count":4,"href":"https:\/\/olimpijski.pl\/en\/wp-json\/wp\/v2\/person\/14819\/revisions"}],"predecessor-version":[{"id":37674,"href":"https:\/\/olimpijski.pl\/en\/wp-json\/wp\/v2\/person\/14819\/revisions\/37674"}],"wp:featuredmedia":[{"embeddable":true,"href":"https:\/\/olimpijski.pl\/en\/wp-json\/wp\/v2\/media\/37669"}],"wp:attachment":[{"href":"https:\/\/olimpijski.pl\/en\/wp-json\/wp\/v2\/media?parent=14819"}],"curies":[{"name":"wp","href":"https:\/\/api.w.org\/{rel}","templated":true}]}}

<p><br><br><strong>technik budowlany, łucznik z Rzeszowa, olimpijczyk z Montrealu (1976).<br></strong><br>Urodzony 5 stycznia 1948 w Rzeszowie, syn Zdzisława (rzemieślnika) i Stefanii, absolwent miejscowego Technikum Budowlanego (1968).</p>



<p>Łucznik (170 cm / 73 kg) Resovii, wychowanek trenerów: Antoniego Gromskiego i&nbsp;Katarzyny Wiśniowskiej. Rekordzista &#8211; uczestnik mistrzostw Polski seniorów w&nbsp;ciągu 25 lat (1967-1991) i&nbsp;2-krotny złoty medalista w&nbsp;wieloboju ind. (1977, 1979). Finalista MŚ w&nbsp;szwajcarskim Interlaken (1975), gdzie wraz z&nbsp;drużyną zajął w&nbsp;wieloboju 4. miejsce.</p>



<p>Zasłużony Mistrz Sportu odznaczony m.in. brązowym Medalem za Wybitne Osiągnięcia Sportowe i&nbsp;Brązowym Krzyżem Zasługi. Sędzia i&nbsp;działacz sportowy.</p>



<p><strong>*1976 Montreal: łucznictwo, 4-bój ind</strong>. &#8211; 17. miejsce na 37 start. z wynikiem 2355 pkt., dystans 90 m: 229 i 251, 70 m: 294 i 297, 50 m: 298 i 311, 30 m: 333 i 342 (zw. D. Pace USA &#8211; 2571 pkt., dystans 90 m: 297 i 295, 70 m: 304 i 330, 50 m: 313 i 331, 30 m: 350 i 351).</p>



<p><em>Bibl.: Głuszek, Leksykon 1999, s. 303; Pawlak, Olimpijczycy, s. 208; Kronika Sportu, s. 941; Porada, Igrzyska, s. 901; Zawiśliński, 50 lat sportu łuczniczego, s. 264, 267, 278; Wywiad środowiskowy.</em></p>

<p>technik budowlany, łucznik z Rzeszowa, olimpijczyk z Montrealu (1976). &#8230; <a class="read-more" href="https://olimpijski.pl/en/olimpijczycy/jan-zdzislaw-popowicz/">Czytaj dalej</a></p>

Rzeszów

Resovia Rzeszów

Antoni Gromski, Katarzyna Wiśniowska

Popowicz  Jan  Zdzisław

<p class="title-m-02">POPOWICZ  JAN  ZDZISŁAW</p><table  border="0" align="LEFT" cellpadding="0" cellspacing="0"> <tr> <td class="photo-td-01"><table  border="0" cellspacing="0" cellpadding="0"> <tr>  <td><img src="files/old/i/olimpijczycy/Popowicz_Jan_m.jpg" alt="POPOWICZ JAN ZDZISŁAW" border="0" width="50" height="50"></td> </tr> </table></td></tr></table><p><strong>technik budowlany, łucznik z Rzeszowa, olimpijczyk z Montrealu (1976).<br/></strong><br/>Urodzony 5 stycznia 1948 w Rzeszowie, syn Zdzisława (rzemieślnika) i Stefanii Brewczyńskiej, absolwent miejscowego Technikum Budowlanego (1968), łucznik (170 cm, 73 kg) Resovii, wychowanek trenerów: Antoniego Gromskiego i Katarzyny Wiśniowskiej. Rekordzista - uczestnik mistrzostw Polski seniorów w ciągu 25 lat (1967-1991) i 2-krotny złoty medalista w wieloboju ind. (1977, 1979). Finalista MŚ w szwajcarskim Interlaken (1975), gdzie wraz z drużyną zajął w wieloboju 4 m. Zasłużony Mistrz Sportu odznaczony m.in. brązowym Medalem za Wybitne Osiągnięcia Sportowe i Brązowym Krzyżem Zasługi. Sędzia i działacz sportowy. Żonaty (Halina), ma córkę Justynę (1974).<br/><br/>Bibl.: Głuszek, Leksykon 1999, s. 303; Pawlak, Olimpijczycy, s. 208; Kronika Sportu, s. 941; Porada, Igrzyska, s. 901; Zawiśliński, 50 lat sportu łuczniczego, s. 264, 267, 278; Wywiad środowiskowy.<br/><strong>*1976 Montreal: 4-bój ind</strong>. - 17 m. na 37 start. z wynikiem 2355 pkt., dystans 90 m: 229 i 251, 70 m: 294 i 297, 50 m: 298 i 311, 30 m: 333 i 342 (zw. D. Pace USA - 2571 pkt., dystans 90 m: 297 i 295, 70 m: 304 i 330, 50 m: 313 i 331, 30 m: 350 i 351).</p><!-- history --><table width="85%" style="text-align:right" border="0" cellspacing="0" cellpadding="0">  <tr>    <td align="right" class="box3-title"><a href="javascript:history.back()">« powrót do listy</a></td>  </tr></table>
